{"id":54,"date":"2014-10-09T19:24:01","date_gmt":"2014-10-09T17:24:01","guid":{"rendered":"http:\/\/localhost\/wordpress\/?page_id=54"},"modified":"2026-03-02T09:48:51","modified_gmt":"2026-03-02T07:48:51","slug":"bizim-haqqimizda","status":"publish","type":"page","link":"https:\/\/xdf.gdu.edu.az\/?page_id=54","title":{"rendered":"Fak\u00fclt\u0259 haqq\u0131nda"},"content":{"rendered":"\n<p><strong>G\u0259nc\u0259 D\u00f6vl\u0259t Universitetinin&nbsp; Filologiya fak\u00fclt\u0259si&nbsp;<\/strong><strong>&nbsp; &nbsp; &nbsp;<\/strong><\/p>\n\n\n\n<p><strong>Fak\u00fclt\u0259nin tarix\u00e7\u0259si<\/strong><\/p>\n\n\n\n<p>Filologiya fak\u00fclt\u0259si f\u0259aliyy\u0259ti d\u00f6vr\u00fcnd\u0259 m\u0259nal\u0131 v\u0259 \u015f\u0259r\u0259fli bir yol ke\u00e7mi\u015fdir. Fak\u00fclt\u0259 1939-cu ild\u0259n f\u0259aliyy\u0259t g\u00f6st\u0259rir. Yarand\u0131\u011f\u0131 vaxtdan indiy\u0259 kimi fak\u00fclt\u0259d\u0259 on min\u0259 yax\u0131n y\u00fcks\u0259k haz\u0131rl\u0131ql\u0131 pedaqoji v\u0259 elmi kadr haz\u0131rlanm\u0131\u015fd\u0131r. M\u0259zunlardan min\u0259 yax\u0131n\u0131 elmi d\u0259r\u0259c\u0259 alm\u0131\u015f, 70-d\u0259n \u00e7oxu is\u0259 Az\u0259rbaycan Yaz\u0131\u00e7\u0131lar v\u0259 Jurnalisti\u0259r&nbsp; Birliyinin \u00fczv\u00fc olmu\u015f haz\u0131rda da vard\u0131r. Fak\u00fclt\u0259nin ilk dekan\u0131 professor Muxtar H\u00fcseynzad\u0259 olmu\u015fdur. 1940\/41-ci t\u0259dris ilind\u0259 fak\u00fclt\u0259nin ilk burax\u0131l\u0131\u015f\u0131 olmu\u015f v\u0259 55 n\u0259f\u0259r diplom alm\u0131\u015fd\u0131r.<\/p>\n\n\n\n<p>Fak\u00fclt\u0259nin f\u0259aliyy\u0259ti d\u00f6vr\u00fcnd\u0259 Az\u0259rbaycan\u0131n g\u00f6rk\u0259mli aliml\u0259ri \u2013 \u018fli Sultanl\u0131, M\u0259mm\u0259da\u011fa \u015eir\u0259liyev, Muxtar H\u00fcseynzad\u0259, M\u0259mm\u0259d C\u0259f\u0259r C\u0259f\u0259rov, S\u0259lim C\u0259f\u0259rov, Kamran M\u0259mm\u0259dov, M\u0259mm\u0259d C\u0259f\u0259rzad\u0259 , Ba\u011f\u0131r Ba\u011f\u0131rov, \u015e\u0259fiq\u0259 Yusifli, &nbsp;Sad\u0131q \u015e\u00fck\u00fcrov, S\u0259dnik Pa\u015fa Pirsultanl\u0131, \u015fair-pedoqoq &nbsp;\u018fl\u0259kb\u0259r Ziyatay, \u018fhm\u0259d C\u0259mil, filosof-alim Firudin K\u00f6\u00e7\u0259rli, psixoloq-alim M\u0259h\u0259bb\u0259t N\u0259c\u0259fov v\u0259 ba\u015fqalar\u0131 burada d\u0259rs demi\u015fl\u0259r. \u015eair-dramaturq, \u0259m\u0259kdar inc\u0259s\u0259n\u0259t xadimi, professor N\u0259riman H\u0259s\u0259nzad\u0259, yaz\u0131\u00e7\u0131-dramaturq, dosent Altay M\u0259mm\u0259dov, professor H\u0259s\u0259n Bal\u0131yev, professor M\u00fcseyib M\u0259mm\u0259dov, \u015fair-jurnalist M\u0259mm\u0259d Alim, S\u0259rvaz H\u00fcseynov, \u018fjd\u0259r Ol, Bahad\u0131r F\u0259rman, Sahib Axundlu, H\u00fcseyn Hat\u0259mi v\u0259 ba\u015fqalar\u0131 bu fak\u00fclt\u0259nin m\u0259zunlar\u0131d\u0131r.<\/p>\n\n\n\n<p><strong>Fak\u00fclt\u0259nin strukturu<\/strong><\/p>\n\n\n\n<p>1939-u ild\u0259 fak\u00fclt\u0259nin n\u0259zdind\u0259 iki ixtisas kafedras\u0131 yarad\u0131lm\u0131\u015fd\u0131r:<\/p>\n\n\n\n<ol class=\"wp-block-list\">\n<li>\u00dcmumi \u0259d\u0259biyyat<\/li>\n\n\n\n<li>Az\u0259rbaycan dili<\/li>\n<\/ol>\n\n\n\n<p>Haz\u0131rda fak\u00fclt\u0259nin n\u0259zdind\u0259 a\u015fa\u011f\u0131dak\u0131 ixtisas kafedralar\u0131 f\u0259aliyy\u0259t g\u00f6st\u0259rir:<\/p>\n\n\n\n<ul class=\"wp-block-list\">\n<li><strong><em>Az\u0259rbaycan dili kafedras\u0131.<\/em><\/strong>\u00a0Kafedra m\u00fcdiri prof. Telman Ziyatxan o\u011flu Quliyevdir. Kafedrada 43 n\u0259f\u0259r \u0259m\u0259kda\u015f f\u0259aliyy\u0259t g\u00f6st\u0259rir. Onlardan\u00a032\u00a0n\u0259f\u0259ri professor-m\u00fc\u0259llim, 11 n\u0259f\u0259ri t\u0259dris-k\u00f6m\u0259k\u00e7i hey\u0259tidir. Professor-m\u00fc\u0259llim hey\u0259tind\u0259n 2 n\u0259f\u0259ri elml\u0259r doktoru, professor, 1 n\u0259f\u0259ri elml\u0259r doktoru, dosent, 1 n\u0259f\u0259ri f\u0259xri professor,\u00a010 n\u0259f\u0259ri filologiya \u00fczr\u0259 f\u0259ls\u0259f\u0259 doktoru, dosent, 3 n\u0259f\u0259ri\u00a0filologiya \u00fczr\u0259 f\u0259ls\u0259f\u0259 doktoru, ba\u015f m\u00fc\u0259llim, 12 n\u0259f\u0259ri ba\u015f m\u00fc\u0259llim, 3 n\u0259f\u0259ri m\u00fc\u0259llimdir.<\/li>\n\n\n\n<li><strong><em>\u00a0Az\u0259rbaycan v\u0259 d\u00fcnya \u0259d\u0259biyyat\u0131 kafedras\u0131.<\/em><\/strong>\u00a0\u00a0Kafedra m\u00fcdiri filologiya \u00fczr\u0259 f\u0259ls\u0259f\u0259 doktoru, dosent\u00a0 \u00a0 S\u0259ba Namazovad\u0131r. Kafedrada \u00a025 n\u0259f\u0259r \u0259m\u0259kda\u015f f\u0259aliyy\u0259t g\u00f6st\u0259rir. Onlardan 18 n\u0259f\u0259ri\u00a0 professor-\u00a0 \u00a0 \u00a0m\u00fc\u0259llim, 7 n\u0259f\u0259ri t\u0259dris-k\u00f6m\u0259k\u00e7i hey\u0259tidir. Professor-m\u00fc\u0259llim hey\u0259tind\u0259n 1 n\u0259f\u0259ri filologiya elml\u0259r doktoru, professor, \u0259m\u0259kdar elm xadimi, 1 n\u0259f\u0259ri filologiya elml\u0259r doktoru, professor, 4 n\u0259f\u0259ri filologiya \u00fczr\u0259 f\u0259ls\u0259f\u0259 doktoru, dosent, 2 n\u0259f\u0259ri filologiya \u00fczr\u0259 f\u0259ls\u0259f\u0259 doktoru, dosent (attestats\u0131z),\u00a0 ba\u015f m\u00fc\u0259llim, 8 n\u0259f\u0259ri ba\u015f m\u00fc\u0259llim, 2 n\u0259f\u0259ri m\u00fc\u0259llimdir.<\/li>\n<\/ul>\n\n\n\n<p><strong>Fak\u00fclt\u0259d\u0259 t\u0259hsil prosesi<\/strong><\/p>\n\n\n\n<p>Fak\u00fclt\u0259d\u0259 t\u0259hsil bakalavr v\u0259 magistratura s\u0259viyy\u0259sind\u0259 apar\u0131l\u0131r. D\u0259rsl\u0259r univeritetin&nbsp; V t\u0259dris binas\u0131nda (G\u0259nc\u0259 \u015f\u0259h\u0259ri, Cavadb\u0259y R\u0259fib\u0259yli&nbsp; k\u00fc\u00e7\u0259si, 57 \u00fcnvanda) ke\u00e7ilir.<\/p>\n\n\n\n<p>Fak\u00fclt\u0259nin bakalavr &nbsp;pill\u0259sind\u0259 2 ixtisas \u00fczr\u0259 kadr haz\u0131rlan\u0131r.<\/p>\n\n\n\n<ol class=\"wp-block-list\">\n<li>Az\u0259rbaycan dili v\u0259 \u0259d\u0259biyyat\u0131 m\u00fc\u0259llimliyi<\/li>\n\n\n\n<li>Filologiya (Az\u0259rbaycan dili v\u0259 \u0259d\u0259biyyat\u0131)<\/li>\n<\/ol>\n\n\n\n<p>Az\u0259rbaycan dili v\u0259 \u0259d\u0259biyyat m\u00fc\u0259llimiyi ixtisas\u0131nda &nbsp;370, &nbsp;Filologiya (Az\u0259rbaycan dili v\u0259 \u0259d\u0259biyyat\u0131) ixtisas\u0131nda 104&nbsp;n\u0259f\u0259r t\u0259l\u0259b\u0259 t\u0259hsil al\u0131r. 2008\/2009-cu t\u0259dris ilind\u0259n eitbar\u0259n&nbsp; fak\u00fclt\u0259d\u0259 &nbsp;Boloniya t\u0259hsil prosesinin kredit sistemi t\u0259tbiq olunmu\u015fdur.<\/p>\n\n\n\n<p><strong>Elmi t\u0259dqiqat i\u015fl\u0259ri<\/strong><\/p>\n\n\n\n<p>Fak\u00fclt\u0259nin aliml\u0259ri Az\u0259rbaycan dili v\u0259 \u0259d\u0259biyyata dair bir \u00e7ox elmi-t\u0259dqiqat i\u015fl\u0259ri aparm\u0131\u015f, bu sah\u0259y\u0259 aid d\u0259y\u0259rli monoqrafiyalar, d\u0259rslikl\u0259r, d\u0259rs v\u0259saitl\u0259ri, elmi-metodiki g\u00f6stri\u015f, metodiki t\u00f6vsiyy\u0259l\u0259r n\u0259\u015fr etdirmi\u015f, &nbsp;&nbsp;m\u0259qal\u0259l\u0259r yazm\u0131\u015f, elmi konfraslarda i\u015ftirak etmi\u015fl\u0259r. &nbsp;Haz\u0131rda onlar a\u015fa\u011f\u0131adak\u0131 n\u0259z\u0259ri probleml\u0259r \u00fcz\u0259rind\u0259&nbsp; t\u0259dqiqat i\u015fl\u0259ri apar\u0131rlar:<\/p>\n\n\n\n<ol class=\"wp-block-list\">\n<li><strong>Az\u0259rbaycan dili kafedras\u0131:<\/strong><\/li>\n<\/ol>\n\n\n\n<ul class=\"wp-block-list\">\n<li>M\u00fcasir qloballa\u015fma m\u0259rh\u0259l\u0259sind\u0259 ana dilinin informasiya funksiyas\u0131.<\/li>\n\n\n\n<li>M\u00fcasir qloballa\u015fma m\u0259rh\u0259l\u0259sind\u0259 ana dilinin t\u0259drisi probleml\u0259ri.<\/li>\n<\/ul>\n\n\n\n<p>2.<strong>Az\u0259rbaycan v\u0259 d\u00fcnya \u0259d\u0259biyyat\u0131 kafedras\u0131:<\/strong><\/p>\n\n\n\n<ul class=\"wp-block-list\">\n<li>Orta \u0259srl\u0259r Az\u0259rbaycan \u015feirind\u0259 janrlar, b\u0259dii vasit\u0259l\u0259r v\u0259 qafiy\u0259<\/li>\n\n\n\n<li>Mirz\u0259 \u015e\u0259fi Vazehin yarad\u0131c\u0131l\u0131\u011f\u0131<\/li>\n\n\n\n<li>1960- 80 \u2013ci ill\u0259r dramaturgiyas\u0131<\/li>\n\n\n\n<li>\u018fd\u0259bi obraz v\u0259 tarixi reall\u0131q<\/li>\n\n\n\n<li>M\u00fcasir Az\u0259rbaycan \u0259d\u0259biyyat\u0131<\/li>\n\n\n\n<li>Folklorda mifoloji t\u0259s\u0259vv\u00fcrl\u0259rin t\u0259dqiqi<\/li>\n\n\n\n<li>Mir C\u0259lal Pa\u015fayevin yarad\u0131c\u0131l\u0131\u011f\u0131nda hekay\u0259 janr\u0131<\/li>\n\n\n\n<li>\u201cMolla N\u0259sr\u0259ddin\u201d jurnal\u0131n\u0131n Az\u0259rbaycan \u0259d\u0259bi \u2013 ictimai fikir tarixind\u0259 m\u00f6vqeyi<\/li>\n\n\n\n<li>Maarif\u00e7ilik \u0259d\u0259biyyat\u0131<\/li>\n\n\n\n<li>B. Vahabzad\u0259nin poemalar\u0131nda m\u00f6vzu v\u0259 janr x\u00fcsusiyy\u0259tl\u0259ri<\/li>\n\n\n\n<li>M\u00fcasir \u0259d\u0259bi t\u0259nqidimiz<\/li>\n\n\n\n<li>Az\u0259rbaycan u\u015faq n\u0259srinin inki\u015faf x\u00fcsusiyy\u0259tl\u0259rinin ara\u015fdirilmas\u0131<\/li>\n\n\n\n<li>\u015eifahi xalq \u0259d\u0259biyyat\u0131nda a\u015f\u0131q yarad\u0131c\u0131l\u0131\u011f\u0131<\/li>\n\n\n\n<li>M.M. Axundovun b\u0259dii yarad\u0131c\u0131l\u0131q x\u00fcsusiyy\u0259tl\u0259ri<\/li>\n\n\n\n<li>C.Cabbarl\u0131n\u0131n m\u0259tbuat orqanlar\u0131nda f\u0259aliyy\u0259ti<\/li>\n\n\n\n<li>X\u00a0X \u0259srd\u0259 \u0259d\u0259bi proses<\/li>\n\n\n\n<li>\u015eifahi xalq \u0259d\u0259biyyat\u0131nda m\u0259h\u0259bb\u0259t dastanlar\u0131<\/li>\n<\/ul>\n\n\n\n<p><strong>Fak\u00fclt\u0259d\u0259 ke\u00e7iril\u0259n t\u0259dbirl\u0259r<\/strong><\/p>\n\n\n\n<p>Fak\u00fclt\u0259 r\u0259hb\u0259rliyi daim professor-m\u00fc\u0259llim v\u0259&nbsp; t\u0259l\u0259b\u0259 kollektivinin asud\u0259 vaxt\u0131n\u0131n s\u0259m\u0259r\u0259li t\u0259\u015fkili, t\u0259l\u0259b\u0259-g\u0259ncl\u0259rin h\u0259rt\u0259r\u0259fli inki\u015faf\u0131 \u00fc\u00e7\u00fcn r\u0259ngar\u0259ng t\u0259dbirl\u0259r \u2013 yubileyl\u0259r, g\u00f6r\u00fc\u015fl\u0259r, yarad\u0131c\u0131l\u0131q gec\u0259l\u0259ri, &nbsp;\u201cd\u0259yirmi masa\u201darxas\u0131nda m\u00fcxt\u0259lif &nbsp;m\u00f6vzulu diskusiyalar v\u0259 debatlar ke\u00e7irir. Fak\u00fclt\u0259d\u0259 Nizami G\u0259nc\u0259vi, M\u0259hs\u0259ti G\u0259nc\u0259vi, M\u0259h\u0259mm\u0259d F\u00fczuli, \u0130mad\u0259ddin N\u0259simi, &nbsp;Mirz\u0259 \u015e\u0259fi Vazeh, C\u0259lil M\u0259mm\u0259dquluzad\u0259, &nbsp;Mirz\u0259 \u018fl\u0259kb\u0259r Sabir, &nbsp;N\u0259riman N\u0259rimanov, \u018fhm\u0259d Cavad, H\u00fcseyn Cavid, C\u0259f\u0259r Cabbarl\u0131, S\u0259m\u0259d Vur\u011fun, R\u0259sul Rza, S\u00fcleyman R\u00fcst\u0259m, Mikay\u0131l M\u00fc\u015ffiq, Mir C\u0259lal v\u0259 ba\u015fqalar\u0131n\u0131n yubileyl\u0259ri, prof. Qulu X\u0259lilovun, \u015fairl\u0259rd\u0259n N\u0259bi X\u0259zrinin, H\u00fcseyn Arifin, Cabir Novruzun, Fikr\u0259t Qocan\u0131n v\u0259 ba\u015fqa \u015fair v\u0259 yaz\u0131\u00e7\u0131lar\u0131n yarad\u0131c\u0131l\u0131q gec\u0259l\u0259ri v\u0259 g\u00f6r\u00fc\u015fl\u0259ri ke\u00e7irilmi\u015fdir. Xalq \u015fairl\u0259ri N\u0259riman H\u0259s\u0259nzad\u0259, Z\u0259limxan Yaqub, Sabir R\u00fcst\u0259mxanl\u0131, yaz\u0131\u00e7\u0131 v\u0259 publisist Q\u0259rib Mehdi, &nbsp;\u015fairl\u0259rd\u0259n Zahid X\u0259lil, \u018fli Ba\u015fl\u0131belli, Q\u0259\u015f\u0259m N\u0259c\u0259fzad\u0259, M\u0259mm\u0259d Alim, Sahib Axundlu, Bahadur F\u0259rman, X\u0259zang\u00fcl, Al\u0259mz\u0259r \u018flizad\u0259, \u0130nqilab \u0130sax v\u0259 ba\u015fqalar\u0131 il\u0259 t\u0259\u015fkil olunan &nbsp;g\u00f6r\u00fc\u015fl\u0259r m\u00fc\u0259llim v\u0259 t\u0259l\u0259b\u0259l\u0259rd\u0259 xo\u015f t\u0259\u0259ss\u00fcratlar yaratm\u0131\u015fd\u0131r.<\/p>\n\n\n<p style=\"text-align: center;\"><em><strong>Xarici dill<\/strong><strong>\u0259r fak\u00fclt\u0259si haqq\u0131nda m\u0259lumat<\/strong><\/em><\/p>\n<p>\u00a0\u00a0\u00a0\u00a0\u00a0\u00a0\u00a0\u00a0 G\u0259nc\u0259 D\u00f6vl\u0259t Universitetinin 8 fak\u00fclt\u0259sind\u0259n biri olan Xarici dill\u0259r fak\u00fclt\u0259si 1998-ci ild\u0259 Tarix-filologiya fak\u00fclt\u0259sinin t\u0259rkibind\u0259 Xarici dill\u0259r \u015f\u00f6b\u0259si 44 t\u0259l\u0259b\u0259 il\u0259 f\u0259aliyy\u0259t\u0259 ba\u015flam\u0131\u015fd\u0131r.Bunlardan 22n\u0259f\u0259ri \u0130ngilis dili ixtisas\u0131nda, 22 n\u0259f\u0259ri is\u0259 Rus dili ixtisas\u0131nda t\u0259hsil alm\u0131\u015flar. 1999-cu ild\u0259 \u015f\u00f6b\u0259y\u0259 Frans\u0131z dili ixtisas\u0131 il\u0259 f\u0259aliyy\u0259t\u0259 \u0259lav\u0259 olunmu\u015fdur.Bu ixtisas 20 t\u0259l\u0259b\u0259 il\u0259 f\u0259aliyy\u0259t\u0259 ba\u015flam\u0131\u015fd\u0131r.<\/p>\n<p>2002-ci ild\u0259 \u015f\u00f6b\u0259d\u0259 t\u0259l\u0259b\u0259l\u0259rin say\u0131 465 n\u0259f\u0259r oldu\u011funa g\u00f6r\u0259 yeni Xarici dill\u0259r fak\u00fclt\u0259si yarad\u0131lm\u0131\u015fd\u0131r.2005-ci ild\u0259 fak\u00fclt\u0259d\u0259 Alman dili ixtisas\u0131 a\u00e7\u0131lm\u0131\u015fd\u0131r.Bu ixtisas 15 t\u0259l\u0259b\u0259 il\u0259 t\u0259dris\u0259 ba\u015flam\u0131\u015fd\u0131r.2011-ci ild\u0259 fak\u00fclt\u0259nin ixtisaslar\u0131na T\u0259rc\u00fcm\u0259 ixtisas\u0131 \u0259lav\u0259 olundu. Birinci ili bu ixtisasa 15 t\u0259l\u0259b\u0259 daxil oldu.Bel\u0259likl\u0259, hal-haz\u0131rda\u00a0 Xarici dill\u0259r fak\u00fclt\u0259sind\u0259 5 ixtisasda m\u00fct\u0259x\u0259ssisl\u0259r haz\u0131rlan\u0131r.<\/p>\n<p>Hal-haz\u0131rda fak\u00fclt\u0259d\u0259 be\u015f ixtisas \u00fczr\u0259 616 t\u0259l\u0259b\u0259 t\u0259hsil al\u0131r.<\/p>\n<p>Fak\u00fclt\u0259nin strukturunda 6 kafedra g\u00f6st\u0259rir.<\/p>\n<ol>\n<li>Leksika v\u0259 \u00f6lk\u0259\u015f\u00fcnasl\u0131q- Kafedra m\u00fcdiri dos. Sevda Kaz\u0131mova<\/li>\n<li>Frans\u0131z dili-Kafedra m\u00fcdiri f.f.d dos. (attestats\u0131z) M\u0259h\u0259rr\u0259m Orucov<\/li>\n<li>Qrammatika v\u0259 ingilis dilinin t\u0259drisi-Kafedra m\u00fcdiri dos Abdullayeva Elnar\u0259<\/li>\n<li>Rus dili-Kafedra m\u00fcdiri dos.K\u0259mal\u0259 \u018fhm\u0259dova<\/li>\n<li>Alman dili-Kafedra m\u00fcdiri dos. Elvin Ataki\u015fiyev<\/li>\n<li>Praktik xarici dill\u0259r-Kafedra m\u00fcdiri dos.Zahir\u0259 \u018fliyeva<\/li>\n<\/ol>\n<p>Bu kafedralarda 16 n\u0259f\u0259r f\u0259ls\u0259f\u0259 doktoru, 53 n\u0259f\u0259r b\/m, 14 n\u0259f\u0259r m\u00fc\u0259llim c\u0259mi 89 n\u0259f\u0259r v\u0259 32 n\u0259f\u0259r t\u0259dris-k\u00f6m\u0259k\u00e7i heyy\u0259ti i\u015fl\u0259yir.<\/p>\n<p>Hal-haz\u0131rda fak\u00fclt\u0259nin m\u00fc\u0259lliml\u0259rind\u0259n 22 n\u0259f\u0259ri doktoranturada t\u0259hsil al\u0131r.<\/p>\n<p>Fak\u00fclt\u0259nin dekanl\u0131\u011f\u0131nda dekan-dos.\u018fjd\u0259r \u018fsg\u0259rov, T\u0259dris i\u015fl\u0259ri \u00fczr\u0259\u00a0 dekan m\u00fcavini ba\u015f m\u00fc\u0259llim\u00a0 M\u0259leyk\u0259 Aslanova, Humanitar m\u0259s\u0259l\u0259l\u0259r \u00fczr\u0259 dekan m\u00fcavini\u00a0 p.f.d. Babayeva Arzu ,\u00a0 1 m\u00fch\u0259ndis proqram\u00e7\u0131-Reyhan \u015e\u0259msizad\u0259, 1 operator-F\u0259rid\u0259 Abbasova\u00a0 i\u015fl\u0259yir.<\/p>\n<p>\u0130ctimai \u0259saslarla fak\u00fclt\u0259d\u0259 H\u0259mkarlar t\u0259\u015fkilat\u0131n\u0131n s\u0259dri dos. \u018fliyeva Sevda, T\u0259l\u0259b\u0259 H\u0259mkarlar T\u0259\u015fkilat\u0131n\u0131n s\u0259dri , T\u0259l\u0259b\u0259 G\u0259ncl\u0259r T\u0259\u015fkilat\u0131n\u0131n s\u0259dri ???, TEC-nin s\u0259dri M\u0259simov Emin f\u0259aliyy\u0259t g\u00f6st\u0259rir.<\/p>\n<p>Fak\u00fclt\u0259d\u0259 Elmi \u015euras\u0131n\u0131n \u00fczv\u00fc 21 n\u0259f\u0259rd\u0259n ibar\u0259tdir.<\/p>\n<p>Fak\u00fclt\u0259l\u0259r \u00fczr\u0259 &#8220;Fak\u00fclt\u0259 Metodik Qrup&#8221;lar\u0131n t\u0259rkibi a\u015fa\u011f\u0131dak\u0131 qaydada t\u0259sdiq edilib:<\/p>\n<ol>\n<li>dos \u018fsg\u0259rov \u018fjd\u0259r &#8211; fak\u00fclt\u0259 dekan\u0131<\/li>\n<li>b\/m \u00a0Aslanova M\u0259leyk\u0259 &#8211; T\u0259dris i\u015fl\u0259ri \u00fczr\u0259 dekan m\u00fcavini<\/li>\n<li>p.f.d Babayeva Arzu -Humanitar m\u0259s\u0259l\u0259l\u0259r \u00fczr\u0259 dekan m\u00fcavini<\/li>\n<li>dos. Kaz\u0131mova Sevda &#8211; Leksika v\u0259 \u00f6lk\u0259\u015f\u00fcnasl\u0131q<\/li>\n<li>dos. Abdullayeva Elnar\u0259 &#8211; Qrammatika v\u0259 ingilis dilinin t\u0259drisi kafedras\u0131n\u0131n m\u00fcdir<\/li>\n<li>dos. \u018fliyeva Zahir\u0259 &#8211; Praktik Xarici dill\u0259r kafedras\u0131n\u0131n m\u00fcdiri<\/li>\n<li>dos.\u018fhm\u0259dova K\u0259mal\u0259 &#8211; Rus dili kaf.m\u00fcd.<\/li>\n<li>\u00a0dos (att-s\u0131z) Orucov M\u0259h\u0259rr\u0259m &#8211; Frans\u0131z dili kaf m\u00fcd<\/li>\n<li>dos. Ataki\u015fiyev Elvin &#8211; Alman dili kaf m\u00fcd<\/li>\n<\/ol>\n<p><strong>\u00a0<\/strong><\/p>\n<p><strong>\u00a0<\/strong><\/p>\n<p><strong>\u00a0<\/strong><\/p>","protected":false},"excerpt":{"rendered":"<p>G\u0259nc\u0259 D\u00f6vl\u0259t Universitetinin&nbsp; Filologiya fak\u00fclt\u0259si&nbsp;&nbsp; &nbsp; &nbsp; Fak\u00fclt\u0259nin tarix\u00e7\u0259si Filologiya fak\u00fclt\u0259si f\u0259aliyy\u0259ti d\u00f6vr\u00fcnd\u0259 m\u0259nal\u0131 v\u0259 \u015f\u0259r\u0259fli bir yol ke\u00e7mi\u015fdir. Fak\u00fclt\u0259 1939-cu ild\u0259n f\u0259aliyy\u0259t g\u00f6st\u0259rir. Yarand\u0131\u011f\u0131 vaxtdan indiy\u0259 kimi fak\u00fclt\u0259d\u0259 on min\u0259 yax\u0131n y\u00fcks\u0259k haz\u0131rl\u0131ql\u0131 pedaqoji v\u0259 elmi kadr haz\u0131rlanm\u0131\u015fd\u0131r. M\u0259zunlardan min\u0259 yax\u0131n\u0131 elmi d\u0259r\u0259c\u0259 alm\u0131\u015f, 70-d\u0259n \u00e7oxu is\u0259 Az\u0259rbaycan Yaz\u0131\u00e7\u0131lar v\u0259 Jurnalisti\u0259r&nbsp; Birliyinin \u00fczv\u00fc olmu\u015f [&hellip;]<\/p>\n","protected":false},"author":1,"featured_media":0,"parent":0,"menu_order":0,"comment_status":"open","ping_status":"open","template":"","meta":{"footnotes":""},"categories":[],"tags":[],"class_list":["post-54","page","type-page","status-publish","hentry"],"_links":{"self":[{"href":"https:\/\/xdf.gdu.edu.az\/index.php?rest_route=\/wp\/v2\/pages\/54","targetHints":{"allow":["GET"]}}],"collection":[{"href":"https:\/\/xdf.gdu.edu.az\/index.php?rest_route=\/wp\/v2\/pages"}],"about":[{"href":"https:\/\/xdf.gdu.edu.az\/index.php?rest_route=\/wp\/v2\/types\/page"}],"author":[{"embeddable":true,"href":"https:\/\/xdf.gdu.edu.az\/index.php?rest_route=\/wp\/v2\/users\/1"}],"replies":[{"embeddable":true,"href":"https:\/\/xdf.gdu.edu.az\/index.php?rest_route=%2Fwp%2Fv2%2Fcomments&post=54"}],"version-history":[{"count":11,"href":"https:\/\/xdf.gdu.edu.az\/index.php?rest_route=\/wp\/v2\/pages\/54\/revisions"}],"predecessor-version":[{"id":18541,"href":"https:\/\/xdf.gdu.edu.az\/index.php?rest_route=\/wp\/v2\/pages\/54\/revisions\/18541"}],"wp:attachment":[{"href":"https:\/\/xdf.gdu.edu.az\/index.php?rest_route=%2Fwp%2Fv2%2Fmedia&parent=54"}],"wp:term":[{"taxonomy":"category","embeddable":true,"href":"https:\/\/xdf.gdu.edu.az\/index.php?rest_route=%2Fwp%2Fv2%2Fcategories&post=54"},{"taxonomy":"post_tag","embeddable":true,"href":"https:\/\/xdf.gdu.edu.az\/index.php?rest_route=%2Fwp%2Fv2%2Ftags&post=54"}],"curies":[{"name":"wp","href":"https:\/\/api.w.org\/{rel}","templated":true}]}}