{"id":15675,"date":"2024-12-27T09:24:19","date_gmt":"2024-12-27T07:24:19","guid":{"rendered":"https:\/\/xdf.gdu.edu.az\/?page_id=15675"},"modified":"2024-12-27T09:24:19","modified_gmt":"2024-12-27T07:24:19","slug":"h%c9%99s%c9%99nova-turkan-ilqar-qizi-2","status":"publish","type":"page","link":"https:\/\/xdf.gdu.edu.az\/?page_id=15675","title":{"rendered":"H\u0259s\u0259nova T\u00fcrkan \u0130lqar q\u0131z\u0131"},"content":{"rendered":"<div class=\"wp-block-image\">\n<figure class=\"alignright size-full is-resized\"><img loading=\"lazy\" decoding=\"async\" width=\"298\" height=\"448\" src=\"http:\/\/xdf.gdu.edu.az\/wp-content\/uploads\/2024\/12\/Turkan-H\u0259s\u0259nova.jpg\" alt=\"\" class=\"wp-image-15676\" style=\"width:161px;height:auto\"\/><\/figure>\n<\/div>\n\n\n<p>Filologiya \u00fczr\u0259 f\u0259ls\u0259 doktoru <strong>H\u0259s\u0259nova T\u00fcrkan \u0130lqar q\u0131z\u0131<\/strong><\/p>\n\n\n\n<p>G\u0259nc\u0259 D\u00f6vl\u0259t Universitetinin \u201cPraktik Xarici Dill\u0259r\u201d kafedras\u0131n\u0131n m\u00fc\u0259llimi, Filologiya \u00fczr\u0259 f\u0259ls\u0259f\u0259 doktoru.<\/p>\n\n\n\n<p><strong>QISA B\u0130BL\u0130OQRAF\u0130K M\u018fLUMAT<\/strong><\/p>\n\n\n\n<p>22 yanvar 1991-ci ild\u0259 G\u0259nc\u0259 \u015f\u0259h\u0259rind\u0259 anadan olmu\u015fdur.<\/p>\n\n\n\n<p>1997-2008-ci ill\u0259rd\u0259 G\u0259nc\u0259 \u015f\u0259h\u0259r \u015e.\u0130.X\u0259tai ad\u0131na 13 sayl\u0131 orta m\u0259kt\u0259bd\u0259 t\u0259hsil alm\u0131\u015fd\u0131r.<\/p>\n\n\n\n<p><strong>T\u018fHS\u0130L\u0130, ELM\u0130 D\u018fR\u018fC\u018fS\u0130 V\u018f ELM\u0130 ADI<\/strong><\/p>\n\n\n\n<p>2008-2012-ci ill\u0259rd\u0259 G\u0259nc\u0259 D\u00f6vl\u0259t Universitetinin&nbsp; Xarici Dill\u0259r Fak\u00fclt\u0259sind\u0259 \u201c\u0130ngilis dili\u201d ixtisas\u0131 \u00fczr\u0259 bakalavr t\u0259hsili alm\u0131\u015fd\u0131r.<\/p>\n\n\n\n<p>2012-2015-ci ill\u0259rd\u0259 Az\u0259rbaycan Dill\u0259r Universitetinin Filologiya fak\u00fclt\u0259sind\u0259 \u201c\u0130ngilis dili-Dil\u015f\u00fcnasl\u0131q\u201d ixtisas\u0131 \u00fczr\u0259 magistr t\u0259hsili alm\u0131\u015fd\u0131r.<\/p>\n\n\n\n<p>2016-2019- cu ill\u0259rd\u0259 G\u0259nc\u0259 D\u00f6vl\u0259t Universitetinin \u201c M\u00fcqayis\u0259li-tarixi v\u0259 m\u00fcqayis\u0259li-tipoloji dil\u00e7ilik\u201d ixtisas\u0131 \u00fczr\u0259 \u0259yani doktorant\u0131 olmu\u015fdur.<\/p>\n\n\n\n<p>2023-c\u00fc il 08 dekabrda Bak\u0131 Slavyan Universitetinin n\u0259zdind\u0259ki ED2.13 Dissertasiya \u015euras\u0131n\u0131n iclas\u0131nda dissertasiya i\u015fini u\u011furla m\u00fcdafi\u0259 etmi\u015f v\u0259 2024-c\u00fc ild\u0259 filologiya \u00fczr\u0259 f\u0259ls\u0259f\u0259 doktoru elmi d\u0259r\u0259c\u0259si alm\u0131\u015fd\u0131r.<\/p>\n\n\n\n<p><strong>\u018fM\u018fK F\u018fAL\u0130YY\u018fT\u0130<\/strong><\/p>\n\n\n\n<p>2016-2019-cu ill\u0259rd\u0259 GDU-da \u0259yani doktorant<\/p>\n\n\n\n<p>2017-2022-ci ill\u0259rd\u0259 BDU&nbsp; \u201cHumanitar fak\u00fclt\u0259l\u0259r \u00fczr\u0259 ingilis dilinin t\u0259drisi\u201d kafedras\u0131nda saathesab\u0131 m\u00fc\u0259llim<\/p>\n\n\n\n<p>2024-c\u00fc ild\u0259n GDU Praktik Xarici Dill\u0259r kafedras\u0131n\u0131n m\u00fc\u0259llimi<\/p>\n\n\n\n<p><strong>T\u018fDQ\u0130QAT SAH\u018fS\u0130<\/strong><\/p>\n\n\n\n<p>\u201c Az\u0259rbaycan v\u0259 ingilis frazeoloji l\u00fc\u011f\u0259tl\u0259rind\u0259 \u0259hat\u0259 prinsipi\u201d<\/p>\n\n\n\n<p><strong>ELM\u0130 \u018fS\u018fRL\u018fR\u0130<\/strong><\/p>\n\n\n\n<p>1. Akademik \u00fcslubun fonetik x\u00fcsusiyy\u0259tl\u0259ri, \/\/ ADU, Dil v\u0259 \u0259d\u0259biyyat, &#8211; 2014.\u2116 2,-s.154-160<\/p>\n\n\n\n<p>2. \u015eifahi nitqin ritmik sintaktik qurulu\u015fu, \/\/ ADU, Dil v\u0259 \u0259d\u0259biyyat, &#8211; 2014.\u2116 4,-s.170-173<\/p>\n\n\n\n<p>3. &nbsp;Fonetik vasit\u0259l\u0259rin t\u0259tqiqi metodlar\u0131, \/\/ Filologiya m\u0259s\u0259l\u0259l\u0259ri, -2015. \u2116 8,-s.128-132<\/p>\n\n\n\n<p>4. &nbsp;Modality and language, \/\/ GDU, Elmi X\u0259b\u0259rl\u0259r, -2015. \u2116 3,-s.174-177<\/p>\n\n\n\n<p>5. Religious idioms and expressions, \/\/ BAU, Sivilizasiya, -2015. \u2116 7,-s.107-111<\/p>\n\n\n\n<p>6. Az\u0259rbaycan v\u0259 ingilis dil\u00e7iliyind\u0259 l\u00fc\u011f\u0259t t\u0259rtibinin q\u0131sa m\u00fcqayis\u0259li x\u00fclas\u0259si&nbsp; \/\/ GDU, Elmi x\u0259b\u0259rl\u0259r,&nbsp; \u2013&nbsp; 2017. \u2116 2, \u2013 s. 140-145<\/p>\n\n\n\n<p>7. Az\u0259rbaycan v\u0259 ingilis dill\u0259rind\u0259 t\u0259rc\u00fcm\u0259 \/\/ Filologiya m\u0259s\u0259l\u0259l\u0259ri,&nbsp; \u2013&nbsp; 2017. \u2116 5,&nbsp; \u2013&nbsp; s. 271-276<\/p>\n\n\n\n<p>8. Frazeoloji ifad\u0259l\u0259rin l\u00fc\u011f\u0259tl\u0259rd\u0259 verilm\u0259si prinsipl\u0259ri&nbsp; \/\/ BDU, Dil v\u0259 \u0259d\u0259biyyat,&nbsp; \u2013&nbsp; 2018. \u21161(105), \u2013 s. 148-151<\/p>\n\n\n\n<p>9. \u0130ngilis dil\u00e7iliyind\u0259 frazeologiyan\u0131n t\u0259\u015f\u0259kk\u00fcl\u00fcn\u0259 dair \/\/ Filologiya m\u0259s\u0259l\u0259l\u0259ri,&nbsp; \u2013&nbsp; 2018. \u2116 6, \u2013&nbsp; s. 190-195<\/p>\n\n\n\n<p>10. \u041c\u0435\u0441\u0442\u043e \u0438 \u0440\u043e\u043b\u044c \u043f\u043e\u0441\u043b\u043e\u0432\u0438\u0446 \u0438 \u043f\u043e\u0433\u043e\u0432\u043e\u0440\u043e\u043a \u0432\u043e \u0444\u0440\u0430\u0437\u0435\u043e\u043b\u043e\u0433\u0438\u0438 \/\/ \u041a\u0430\u0437\u0430\u043d\u0441\u043a\u0430\u044f \u043d\u0430\u0443\u043a\u0430,&nbsp; \u2013&nbsp; 2018. \u2116 7,&nbsp; \u2013&nbsp; c. 55-57<\/p>\n\n\n\n<p>11. Az\u0259rbaycan dil\u00e7iliyind\u0259 frazeologiyan\u0131n t\u0259\u015f\u0259kk\u00fcl\u00fc \/\/ T\u0259dqiql\u0259r,&nbsp; &nbsp;\u2013&nbsp; 2018. \u2116 2,&nbsp; \u2013&nbsp; s. 122-128<\/p>\n\n\n\n<p><strong>BEYN\u018fLXALQ V\u018f RESPUBL\u0130KA S\u0130MFOZ\u0130UM V\u018f KONFRANSLARDA \u0130\u015eT\u0130RAKI<\/strong><\/p>\n\n\n\n<p>1. \u0130ngilis v\u0259 Az\u0259rbaycan frazeoloji l\u00fc\u011f\u0259tl\u0259rind\u0259 ifad\u0259l\u0259rin yerl\u0259\u015fdiril\u00adm\u0259sind\u0259 m\u0259na a\u00e7\u0131qlanmas\u0131 \/\/ G\u0259nc aliml\u0259rin I Beyn\u0259lxalq elmi konfrans\u0131. \u2013&nbsp; G\u0259nc\u0259: GDU, \u2013&nbsp; 2016, \u2013 s. 70-72<\/p>\n\n\n\n<p>2. Frazeoloji l\u00fc\u011f\u0259tl\u0259rd\u0259 ekvivalent v\u0259 ekvivalentsiz frazeologizml\u0259r \/\/ \u201cM\u00fcasir dil\u00e7iliyin aktual probleml\u0259ri\u201d. Beyn\u0259lxalq elmi konfrans\u0131n materiallar\u0131. \u2013 Sumqay\u0131t: SDU, \u2013 2016, &nbsp;\u2013 s. 53-54<\/p>\n\n\n\n<p>3. Dil\u00e7ilikd\u0259 l\u00fc\u011f\u0259t\u00e7iliyin tarixin\u0259 dair \/\/ Doktorantlar\u0131n v\u0259 G\u0259nc t\u0259dqiqat\u00e7\u0131lar\u0131n XXI Respublika Elmi Konfrans\u0131n\u0131n materiallar\u0131. \u2013&nbsp;&nbsp; Bak\u0131:&nbsp;&nbsp; \u2013&nbsp; 2017. \u2013s. 125-127<\/p>\n\n\n\n<p>4. Frazeologiya dil\u00e7iliyin bir sah\u0259si kimi&nbsp; \/\/ G\u0259nc aliml\u0259rin II Beyn\u0259lxalq elmi konfrans\u0131. \u2013&nbsp; G\u0259nc\u0259: GDU, \u2013&nbsp;&nbsp; 2017, \u2013 s. 289-291<\/p>\n\n\n\n<p>5. \u041e \u0434\u0432\u0443\u044f\u0437\u044b\u0447\u043d\u044b\u0445 \u0444\u0440\u0430\u0437\u0435\u043e\u043b\u043e\u0433\u0438\u0447\u0435\u0441\u043a\u0438\u0445 \u0441\u043b\u043e\u0432\u0430\u0440\u044f\u0445 \/\/ Advances in science and technology, \u0421\u0431\u043e\u0440\u043d\u0438\u043a \u0441\u0442\u0430\u0442\u0435\u0439 \u0425\u0425\u0425VII \u043c\u0435\u0436\u0434\u0443\u043d\u0430\u0440\u043e\u0434\u043d\u0430\u044f \u043d\u0430\u0443\u0447\u043d\u043e-\u043f\u0440\u0430\u043a\u0442\u0438\u0447\u0435\u0441\u043a\u0430\u044f \u043a\u043e\u043d\u0444\u0435\u0440\u0435\u043d\u0446\u0438\u044f,&nbsp; \u2013 2021. \u2013 \u0441. 221\u2013224<\/p>\n\n\n\n<p><\/p>\n\n\n\n<p class=\"has-small-font-size\"><\/p>\n","protected":false},"excerpt":{"rendered":"<p>Filologiya \u00fczr\u0259 f\u0259ls\u0259 doktoru H\u0259s\u0259nova T\u00fcrkan \u0130lqar q\u0131z\u0131 G\u0259nc\u0259 D\u00f6vl\u0259t Universitetinin \u201cPraktik Xarici Dill\u0259r\u201d kafedras\u0131n\u0131n m\u00fc\u0259llimi, Filologiya \u00fczr\u0259 f\u0259ls\u0259f\u0259 doktoru. QISA B\u0130BL\u0130OQRAF\u0130K M\u018fLUMAT 22 yanvar 1991-ci ild\u0259 G\u0259nc\u0259 \u015f\u0259h\u0259rind\u0259 anadan olmu\u015fdur. 1997-2008-ci ill\u0259rd\u0259 G\u0259nc\u0259 \u015f\u0259h\u0259r \u015e.\u0130.X\u0259tai ad\u0131na 13 sayl\u0131 orta m\u0259kt\u0259bd\u0259 t\u0259hsil alm\u0131\u015fd\u0131r. T\u018fHS\u0130L\u0130, ELM\u0130 D\u018fR\u018fC\u018fS\u0130 V\u018f ELM\u0130 ADI 2008-2012-ci ill\u0259rd\u0259 G\u0259nc\u0259 D\u00f6vl\u0259t Universitetinin&nbsp; Xarici [&hellip;]<\/p>\n","protected":false},"author":4,"featured_media":0,"parent":0,"menu_order":0,"comment_status":"closed","ping_status":"closed","template":"","meta":{"footnotes":""},"categories":[],"tags":[],"class_list":["post-15675","page","type-page","status-publish","hentry"],"_links":{"self":[{"href":"https:\/\/xdf.gdu.edu.az\/index.php?rest_route=\/wp\/v2\/pages\/15675","targetHints":{"allow":["GET"]}}],"collection":[{"href":"https:\/\/xdf.gdu.edu.az\/index.php?rest_route=\/wp\/v2\/pages"}],"about":[{"href":"https:\/\/xdf.gdu.edu.az\/index.php?rest_route=\/wp\/v2\/types\/page"}],"author":[{"embeddable":true,"href":"https:\/\/xdf.gdu.edu.az\/index.php?rest_route=\/wp\/v2\/users\/4"}],"replies":[{"embeddable":true,"href":"https:\/\/xdf.gdu.edu.az\/index.php?rest_route=%2Fwp%2Fv2%2Fcomments&post=15675"}],"version-history":[{"count":1,"href":"https:\/\/xdf.gdu.edu.az\/index.php?rest_route=\/wp\/v2\/pages\/15675\/revisions"}],"predecessor-version":[{"id":15677,"href":"https:\/\/xdf.gdu.edu.az\/index.php?rest_route=\/wp\/v2\/pages\/15675\/revisions\/15677"}],"wp:attachment":[{"href":"https:\/\/xdf.gdu.edu.az\/index.php?rest_route=%2Fwp%2Fv2%2Fmedia&parent=15675"}],"wp:term":[{"taxonomy":"category","embeddable":true,"href":"https:\/\/xdf.gdu.edu.az\/index.php?rest_route=%2Fwp%2Fv2%2Fcategories&post=15675"},{"taxonomy":"post_tag","embeddable":true,"href":"https:\/\/xdf.gdu.edu.az\/index.php?rest_route=%2Fwp%2Fv2%2Ftags&post=15675"}],"curies":[{"name":"wp","href":"https:\/\/api.w.org\/{rel}","templated":true}]}}

Həsənova Türkan İlqar qızı

<div class="wp-block-image">
<figure class="alignright size-full is-resized"><img loading="lazy" decoding="async" width="298" height="448" src="http://xdf.gdu.edu.az/wp-content/uploads/2024/12/Turkan-Həsənova.jpg" alt="" class="wp-image-15676" style="width:161px;height:auto"/></figure>
</div>


<p>Filologiya üzrə fəlsə doktoru <strong>Həsənova Türkan İlqar qızı</strong></p>



<p>Gəncə Dövlət Universitetinin “Praktik Xarici Dillər” kafedrasının müəllimi, Filologiya üzrə fəlsəfə doktoru.</p>



<p><strong>QISA BİBLİOQRAFİK MƏLUMAT</strong></p>



<p>22 yanvar 1991-ci ildə Gəncə şəhərində anadan olmuşdur.</p>



<p>1997-2008-ci illərdə Gəncə şəhər Ş.İ.Xətai adına 13 saylı orta məktəbdə təhsil almışdır.</p>



<p><strong>TƏHSİLİ, ELMİ DƏRƏCƏSİ VƏ ELMİ ADI</strong></p>



<p>2008-2012-ci illərdə Gəncə Dövlət Universitetinin&nbsp; Xarici Dillər Fakültəsində “İngilis dili” ixtisası üzrə bakalavr təhsili almışdır.</p>



<p>2012-2015-ci illərdə Azərbaycan Dillər Universitetinin Filologiya fakültəsində “İngilis dili-Dilşünaslıq” ixtisası üzrə magistr təhsili almışdır.</p>



<p>2016-2019- cu illərdə Gəncə Dövlət Universitetinin “ Müqayisəli-tarixi və müqayisəli-tipoloji dilçilik” ixtisası üzrə əyani doktorantı olmuşdur.</p>



<p>2023-cü il 08 dekabrda Bakı Slavyan Universitetinin nəzdindəki ED2.13 Dissertasiya Şurasının iclasında dissertasiya işini uğurla müdafiə etmiş və 2024-cü ildə filologiya üzrə fəlsəfə doktoru elmi dərəcəsi almışdır.</p>



<p><strong>ƏMƏK FƏALİYYƏTİ</strong></p>



<p>2016-2019-cu illərdə GDU-da əyani doktorant</p>



<p>2017-2022-ci illərdə BDU&nbsp; “Humanitar fakültələr üzrə ingilis dilinin tədrisi” kafedrasında saathesabı müəllim</p>



<p>2024-cü ildən GDU Praktik Xarici Dillər kafedrasının müəllimi</p>



<p><strong>TƏDQİQAT SAHƏSİ</strong></p>



<p>“ Azərbaycan və ingilis frazeoloji lüğətlərində əhatə prinsipi”</p>



<p><strong>ELMİ ƏSƏRLƏRİ</strong></p>



<p>1. Akademik üslubun fonetik xüsusiyyətləri, // ADU, Dil və ədəbiyyat, &#8211; 2014.№ 2,-s.154-160</p>



<p>2. Şifahi nitqin ritmik sintaktik quruluşu, // ADU, Dil və ədəbiyyat, &#8211; 2014.№ 4,-s.170-173</p>



<p>3. &nbsp;Fonetik vasitələrin tətqiqi metodları, // Filologiya məsələləri, -2015. № 8,-s.128-132</p>



<p>4. &nbsp;Modality and language, // GDU, Elmi Xəbərlər, -2015. № 3,-s.174-177</p>



<p>5. Religious idioms and expressions, // BAU, Sivilizasiya, -2015. № 7,-s.107-111</p>



<p>6. Azərbaycan və ingilis dilçiliyində lüğət tərtibinin qısa müqayisəli xülasəsi&nbsp; // GDU, Elmi xəbərlər,&nbsp; –&nbsp; 2017. № 2, – s. 140-145</p>



<p>7. Azərbaycan və ingilis dillərində tərcümə // Filologiya məsələləri,&nbsp; –&nbsp; 2017. № 5,&nbsp; –&nbsp; s. 271-276</p>



<p>8. Frazeoloji ifadələrin lüğətlərdə verilməsi prinsipləri&nbsp; // BDU, Dil və ədəbiyyat,&nbsp; –&nbsp; 2018. №1(105), – s. 148-151</p>



<p>9. İngilis dilçiliyində frazeologiyanın təşəkkülünə dair // Filologiya məsələləri,&nbsp; –&nbsp; 2018. № 6, –&nbsp; s. 190-195</p>



<p>10. Место и роль пословиц и поговорок во фразеологии // Казанская наука,&nbsp; –&nbsp; 2018. № 7,&nbsp; –&nbsp; c. 55-57</p>



<p>11. Azərbaycan dilçiliyində frazeologiyanın təşəkkülü // Tədqiqlər,&nbsp; &nbsp;–&nbsp; 2018. № 2,&nbsp; –&nbsp; s. 122-128</p>



<p><strong>BEYNƏLXALQ VƏ RESPUBLİKA SİMFOZİUM VƏ KONFRANSLARDA İŞTİRAKI</strong></p>



<p>1. İngilis və Azərbaycan frazeoloji lüğətlərində ifadələrin yerləşdiril­məsində məna açıqlanması // Gənc alimlərin I Beynəlxalq elmi konfransı. –&nbsp; Gəncə: GDU, –&nbsp; 2016, – s. 70-72</p>



<p>2. Frazeoloji lüğətlərdə ekvivalent və ekvivalentsiz frazeologizmlər // “Müasir dilçiliyin aktual problemləri”. Beynəlxalq elmi konfransın materialları. – Sumqayıt: SDU, – 2016, &nbsp;– s. 53-54</p>



<p>3. Dilçilikdə lüğətçiliyin tarixinə dair // Doktorantların və Gənc tədqiqatçıların XXI Respublika Elmi Konfransının materialları. –&nbsp;&nbsp; Bakı:&nbsp;&nbsp; –&nbsp; 2017. –s. 125-127</p>



<p>4. Frazeologiya dilçiliyin bir sahəsi kimi&nbsp; // Gənc alimlərin II Beynəlxalq elmi konfransı. –&nbsp; Gəncə: GDU, –&nbsp;&nbsp; 2017, – s. 289-291</p>



<p>5. О двуязычных фразеологических словарях // Advances in science and technology, Сборник статей ХХХVII международная научно-практическая конференция,&nbsp; – 2021. – с. 221–224</p>



<p></p>



<p class="has-small-font-size"></p>

<p>Filologiya üzrə fəlsə doktoru Həsənova Türkan İlqar qızı Gəncə Dövlət Universitetinin “Praktik Xarici Dillər” kafedrasının müəllimi, Filologiya üzrə fəlsəfə doktoru. QISA BİBLİOQRAFİK MƏLUMAT 22 yanvar 1991-ci ildə Gəncə şəhərində anadan olmuşdur. 1997-2008-ci illərdə Gəncə şəhər Ş.İ.Xətai adına 13 saylı orta məktəbdə təhsil almışdır. TƏHSİLİ, ELMİ DƏRƏCƏSİ VƏ ELMİ ADI 2008-2012-ci illərdə Gəncə Dövlət Universitetinin&nbsp; Xarici [&hellip;]</p>
