{"id":140,"date":"2015-12-02T23:06:52","date_gmt":"2015-12-02T21:06:52","guid":{"rendered":"http:\/\/bkf.gdu.edu.az\/?page_id=140"},"modified":"2026-04-15T14:01:09","modified_gmt":"2026-04-15T12:01:09","slug":"tutorlar","status":"publish","type":"page","link":"https:\/\/xdf.gdu.edu.az\/?page_id=140","title":{"rendered":"Tyutorlar"},"content":{"rendered":"<p><!--EndFragment--><\/p>\n\n\n<p><\/p>\n\n\n<div class=\"wp-block-image\">\n<figure class=\"aligncenter is-resized\"><img loading=\"lazy\" decoding=\"async\" width=\"354\" height=\"472\" src=\"http:\/\/xdf.gdu.edu.az\/wp-content\/uploads\/2023\/12\/34.jpg\" alt=\"\" class=\"wp-image-13466\" style=\"width:198px;height:auto\"\/><\/figure>\n<\/div>\n\n\n<p class=\"has-text-align-center\">Tyutor:-Bayramova Ayt\u0259n Kaz\u0131m q\u0131z\u0131<\/p>\n\n\n\n<p>Telefon: +994 077-319-57-37<\/p>\n\n\n\n<p><strong>Email:<\/strong>&nbsp;kazim2019b@gmail.com<\/p>\n\n\n\n<ul class=\"wp-block-list\">\n<li>01.11.2002-ci ild\u0259 G\u0259nc\u0259 \u015f\u0259h\u0259rind\u0259 anadan olmu\u015fdur<\/li>\n\n\n\n<li>2008-2019 -cu ill\u0259rd\u0259 G\u0259nc\u0259 \u015f\u0259h\u0259ri 2 sayl\u0131 tam orta m\u0259kt\u0259bi bitirib<\/li>\n\n\n\n<li>2019-2023-cu ill\u0259rd\u0259 G\u0259nc\u0259 D\u00f6vl\u0259t Universitetinin Xarici dil m\u00fc\u0259llimliyi (Rus dili) ixtisas\u0131 \u00fczr\u0259 t\u0259hsil alm\u0131\u015f v\u0259\u00a0 h\u0259min\u00a0 Universiteti bitirmi\u015fdir.<\/li>\n\n\n\n<li>2023-c\u00fc ild\u0259n&nbsp; G\u0259nc\u0259 D\u00f6vl\u0259t Universitetinin \u00abRus dili\u00bb kafedras\u0131n\u0131n&nbsp; laborant\u0131.<\/li>\n<\/ul>\n\n\n\n<p><strong>Dil bilgisi:<\/strong> Rus, \u0130ngilis,\u00a0T\u00fcrk dili.<\/p>\n\n\n\n<p><strong>Part\u0131yal\u0131l\u0131\u011f\u0131:&nbsp;<\/strong>YAP<\/p>\n\n\n<p><!--EndFragment--><\/p>\n\n\n<p><\/p>\n\n\n<div class=\"wp-block-image\">\n<figure class=\"aligncenter size-full is-resized\"><img loading=\"lazy\" decoding=\"async\" width=\"900\" height=\"1200\" src=\"http:\/\/xdf.gdu.edu.az\/wp-content\/uploads\/2025\/04\/3l-1.jpg\" alt=\"\" class=\"wp-image-16251\" style=\"width:201px;height:auto\" srcset=\"https:\/\/xdf.gdu.edu.az\/wp-content\/uploads\/2025\/04\/3l-1.jpg 900w, https:\/\/xdf.gdu.edu.az\/wp-content\/uploads\/2025\/04\/3l-1-768x1024.jpg 768w\" sizes=\"auto, (max-width: 900px) 100vw, 900px\" \/><\/figure>\n<\/div>\n\n\n<p class=\"has-text-align-center\">Musayeva Nazil\u0259 <\/p>\n\n\n\n<p>Telefon:0557242020<\/p>\n\n\n\n<p><a href=\"mailto:Email.Nazil.musayeva@mail.ru\">Email.Nazil.musayeva@mail.ru<\/a><\/p>\n\n\n\n<p>30.09.1999 \u2013cu il G\u0259nc\u0259 \u015f\u0259h\u0259rind\u0259<\/p>\n\n\n\n<p>2017-ci ild\u0259 A\u015f\u0131q \u018fl\u0259sg\u0259r ad\u0131na 36 sayl\u0131 tam orta m\u0259kt\u0259bi bitirmi\u015f\u0259m.<\/p>\n\n\n\n<p>2017-2021-ci ill\u0259rd\u0259&nbsp; G\u0259nc\u0259 D\u00f6vl\u0259t Universitetinin Xarici dill\u0259r fak\u00fclt\u0259sinin T\u0259rc\u00fcm\u0259 (ingilis dili) ixtisas\u0131nda t\u0259hsil al\u0131b.<\/p>\n\n\n\n<p>Dil bilgisi : \u0130ngilis dili , T\u00fcrk dili.<\/p>\n\n\n\n<p>Partilyal\u0131l\u0131\u011f\u0131 : YAP<\/p>\n\n\n<div class=\"wp-block-image\">\n<figure class=\"aligncenter size-full is-resized\"><img loading=\"lazy\" decoding=\"async\" width=\"336\" height=\"448\" src=\"https:\/\/xdf.gdu.edu.az\/wp-content\/uploads\/2025\/10\/3459f1fa-ac7a-44e4-8ffe-fcff55aa881c.jpg\" alt=\"\" class=\"wp-image-17644\" style=\"width:207px;height:auto\"\/><\/figure>\n<\/div>\n\n\n<p class=\"has-text-align-center\">Abdullayeva Solmaz Ceyhun q\u0131z\u0131<\/p>\n\n\n\n<p>hesenlisolmaz7@gmail.com<br>G\u0259nc\u0259 \u015f\u0259h\u0259rind\u0259 anadan olub<br>2001-2012 ild\u0259 4 n\u00f6mr\u0259li m\u0259kt\u0259bd\u0259 t\u0259hsil al\u0131b<br>2012-2016 ild\u0259 Az\u0259rbaycan Dill\u0259r Universitetind\u0259 t\u0259hsil al\u0131b<br>2017-2019 \u0130ld\u0259 Nax\u00e7\u0131van M\u00fc\u0259lliml\u0259r \u0130nistutund\u0259 Magistr t\u0259hsili al\u0131b<br>2020-2022 ci il tarixind\u0259 G\u0259nc\u0259 D\u00f6vl\u0259t Universitetind\u0259 \u0130nnovasiya Departamentind\u0259 t\u0259rc\u00fcm\u0259\u00e7i v\u0259zifasind\u0259 i\u015fl\u0259yib.<br>2022-2025 il tarixind\u0259 G\u0259nc\u0259 D\u00f6vl\u0259t Universitetinin Xarici Dill\u0259r fak\u00fclt\u0259sind\u0259 tyutor vasif\u0259sind\u0259 i\u015fl\u0259yir.<br>Az\u0259rbaycan,Rus,\u0130ngilis,T\u00fcrk dill\u0259rini bilir<br>YAP \u00fczv\u00fcd\u00fcr<\/p>\n\n\n<div class=\"wp-block-image\">\n<figure class=\"aligncenter size-full\"><img loading=\"lazy\" decoding=\"async\" width=\"157\" height=\"197\" src=\"https:\/\/xdf.gdu.edu.az\/wp-content\/uploads\/2025\/10\/64.jpg\" alt=\"\" class=\"wp-image-17654\"\/><\/figure>\n<\/div>\n\n\n<p class=\"has-text-align-center\">ISMAYILOVA \u018fNT\u0130Q\u018f CAMAL\u018fDD\u0130N QIZI<\/p>\n\n\n\n<p>Telefon 099-700-91-95<br>antiqa9696@mail.ru<br>21.04.1996 G\u0259nc\u0259 \u015f\u0259h\u0259rind\u0259<br>2013-ci ild\u0259 G\u0259nc\u0259 \u015f\u0259h 28 sayl\u0131 tam orta m\u0259kt\u0259bi bitirmi\u015f\u0259m<br>2013\/2017 G\u0259nc\u0259 D\u00f6vl\u0259t Universitetinin Xarici Dill\u0259r Fakult\u0259sinin( Alman dili)ixtisasinda t\u0259hsil alm\u0131\u015fam<br>2019\/2021 G\u0259nc\u0259 D\u00f6vl\u0259t Universitetinin Xarici dilin tedrisi metodikasi ve metodologiyasin(alman dili)ixtisasinda t\u0259hsil alm\u0131sam<br>Dil bilgisi:\u0130ngilis dili Rus dili T\u00fcrk dili<\/p>\n\n\n<div class=\"wp-block-image\">\n<figure class=\"aligncenter size-full is-resized\"><img loading=\"lazy\" decoding=\"async\" width=\"336\" height=\"448\" src=\"http:\/\/xdf.gdu.edu.az\/wp-content\/uploads\/2026\/01\/16aabf4e-6dc4-4de7-8483-9745bd7cf0bd.jpg\" alt=\"\" class=\"wp-image-18311\" style=\"width:275px;height:auto\"\/><\/figure>\n<\/div>\n\n\n<p class=\"has-text-align-center\">M\u0259h\u0259rr\u0259mova T\u0259hmin\u0259 Sad\u0259ddin q\u0131z\u0131.<\/p>\n\n\n\n<p>11.01.86 c\u0131 ild\u0259 G\u0259nc\u0259 \u015f\u0259h\u0259rind\u0259 anadan olmu\u015fam.<\/p>\n\n\n\n<p>2003cu ild\u0259 28 sayl\u0131 tam orta m\u0259kt\u0259bi bitirmi\u015f\u0259m.<\/p>\n\n\n\n<p>2003-2007ci illerde G\u0259nc\u0259 D\u00f6vl\u0259t Universitetinin Filologiya <\/p>\n\n\n\n<p>Xarici dil \u0130ngilis dili ixtisas\u0131nda t\u0259hsil alm\u0131\u015fam. <\/p>\n\n\n\n<p>Dil bilgisi &#8211; \u0130ngilis dili,T\u00fcrk dili.<\/p>\n\n\n\n<p>Partitas\u0131 &#8211; YAP<\/p>\n\n\n<div class=\"wp-block-image\">\n<figure class=\"aligncenter size-full is-resized\"><img loading=\"lazy\" decoding=\"async\" width=\"336\" height=\"448\" src=\"https:\/\/xdf.gdu.edu.az\/wp-content\/uploads\/2026\/01\/aa79c275-3541-4e79-9373-2127f8d64387.jpg\" alt=\"\" class=\"wp-image-18313\" style=\"width:237px;height:auto\"\/><\/figure>\n<\/div>\n\n\n<p class=\"has-text-align-center\">Mahmudova G\u00fclnar\u0259 K\u0259nan q\u0131z\u0131<\/p>\n\n\n\n<p class=\"has-text-align-left\"><br>09.08.1999 -cu il Goranboy rayon Goranl\u0131 k\u0259ndind\u0259 do\u011fulmu\u015fam.<br>2016 c\u0131 ild\u0259 Goranboy rayon Goranl\u0131 k\u0259nd tam orta m\u0259kt\u0259bini bitirmi\u015f\u0259m.<br>2016-2020-cu ill\u0259rd\u0259 G\u0259nc\u0259 Dovl\u0259t Universiteti Xarici dill\u0259r fakult\u0259sinin Frans\u0131z dili m\u00fc\u0259llimliyini ixtisas\u0131n\u0131 bitirmi\u015f\u0259m.<br>2021-2023-c\u00fc ill\u0259rd\u0259 is\u0259 h\u0259min ixtisas\u0131n magistr pill\u0259sini bitirmi\u015f\u0259m .<\/p>\n\n\n\n<p class=\"has-text-align-left\">Dil bilgisi: Frans\u0131z dili ,T\u00fcrk dili<br>Partiya: YAP<\/p>\n\n\n\n<h1 class=\"wp-block-heading\"><\/h1>\n\n\n<div class=\"wp-block-image\">\n<figure class=\"aligncenter\"><img decoding=\"async\" src=\"https:\/\/filologiya.gdu.edu.az\/wp-content\/uploads\/2025\/10\/9624302f-1e29-4a0e-9953-2df9a5e09573.jpg\" alt=\"\" class=\"wp-image-9496\"\/><\/figure>\n<\/div>\n\n\n<p><strong>G\u00fclar\u0259 Heyd\u0259rli M\u0259har\u0259t q\u0131z\u0131<\/strong><\/p>\n\n\n\n<p>15.02.1999-cu ild\u0259 \u015e\u0259mkir rayonunda anadan olmusam. 2006-c\u0131 ild\u0259 F\u0259rman Salmanov ad\u0131na orta m\u0259kt\u0259b\u0259 daxil olmu\u015fam. 2017-ci ild\u0259 h\u0259min m\u0259kt\u0259bi bitirmi\u015f\u0259m. 2017-ci ild\u0259 G\u0259nc\u0259 D\u00f6vl\u0259t Universitetinin Az\u0259rbaycan dili v\u0259 \u018fd\u0259biyyat m\u00fc\u0259llimliyi ixtisas\u0131na daxil olmu\u015fam. 2021-ci ild\u0259 h\u0259min universiteti bitirmi\u015f\u0259m. 2021-ci ild\u0259 Bak\u0131 Slavyan Univesitetinin Az\u0259rbaycan dili v\u0259 \u0259d\u0259biyyat\u0131n t\u0259drisi metodikas\u0131, metodologiyas\u0131 ixtisas\u0131n\u0131n magistr pill\u0259sin\u0259 daxil olmu\u015fam. 2023-cu ild\u0259 bitirmi\u015f\u0259m. 2025-ci il oktyabr\u0131n 3 d\u0259n Filologiya fak\u00fclt\u0259sind\u0259 akademik m\u0259sl\u0259h\u0259t\u00e7i olaraq i\u015f\u0259 ba\u015flam\u0131\u015fam<\/p>\n\n\n<div class=\"wp-block-image\">\n<figure class=\"aligncenter is-resized\"><img decoding=\"async\" src=\"http:\/\/filologiya.gdu.edu.az\/wp-content\/uploads\/2024\/04\/IMG-20240403-WA0012-2.jpg\" alt=\"\" class=\"wp-image-6897\" style=\"width:251px;height:auto\"\/><\/figure>\n<\/div>\n\n\n<p><strong>V\u0259lizad\u0259 \u015e\u00f6l\u0259 Sahib q\u0131z\u0131<\/strong><\/p>\n\n\n\n<p>&nbsp;1989-ci ild\u0259 G\u0259nc\u0259 \u015f\u0259h\u0259rind\u0259 anadan olub. 1995-ci ild\u0259 M.M\u00fc\u015ffiq ad\u0131na 14 sayl\u0131 tam orta m\u0259kt\u0259bin 1-ci sinfin\u0259 daxil olub. 2006-c\u0131 ild\u0259 h\u0259min m\u0259kt\u0259bi bitirib. 2007-ci ild\u0259 G\u0259nc\u0259 D\u00f6vl\u0259t Universitetinin \u201cFilologiya\u201d fak\u00fclt\u0259sinin \u201cAz\u0259rbaycan dili v\u0259 \u0259d\u0259biyyat\u0131 m\u00fc\u0259llimliyi\u201d ixtisas\u0131na &nbsp;daxil olub. 2011-ci ild\u0259 h\u0259min universiteti bitirib. Universiteti v\u0259 magistaturan\u0131 bitirdikd\u0259n sonra ba\u015f laborant v\u0259zif\u0259sind\u0259 \u00e7al\u0131\u015f\u0131b. 2020-ci ild\u0259n tyutor v\u0259zif\u0259sind\u0259 \u00e7al\u0131\u015f\u0131r.<\/p>\n\n\n\n<p>Ail\u0259lidir.<\/p>\n\n\n\n<h2 class=\"wp-block-heading\"><strong>Metodist<\/strong><\/h2>\n\n\n\n<figure class=\"wp-block-image\"><img decoding=\"async\" src=\"https:\/\/filologiya.gdu.edu.az\/wp-content\/uploads\/2025\/04\/IMG-20250410-WA0032.jpg\" alt=\"\" class=\"wp-image-8830\"\/><\/figure>\n\n\n\n<p><strong>Nuriyeva Ramella \u018fsg\u0259r q\u0131z\u0131<\/strong><\/p>\n\n\n\n<p>Nuriyeva Ramella \u018fsg\u0259r q\u0131z\u0131 1970-ci ild\u0259 G\u0259d\u0259b\u0259y r. Spasovka k\u0259ndind\u0259 anadan olub. 1977-ci ild\u0259 G\u0259d\u0259b\u0259y r. Novoqorelovka k\u0259nd orta m\u0259kt\u0259binin 1-ci sinfin\u0259 daxil olub v\u0259 1987-ci ild\u0259 h\u0259min m\u0259kt\u0259bi bitirib. H\u0259min ild\u0259n Novoqorelovka &nbsp;k\u0259nd orta m\u0259kt\u0259bind\u0259&nbsp; PBDR-\u0131 kimi f\u0259aliyy\u0259t g\u00f6st\u0259rmi\u015fdir.&nbsp;1989-cu ild\u0259 H.Z\u0259rdabi ad\u0131na G\u0259nc\u0259 D\u00f6vl\u0259t Pedaqoji \u0130nstitutuna daxil olub v\u0259 \u00fcmumi texniki f\u0259nl\u0259r v\u0259 \u0259m\u0259k ixtisas\u0131 \u00fczr\u0259 tam kursu bitirib. D\u00f6vl\u0259t \u0130mtahan Komissiyas\u0131n\u0131n 18 iyul 1994-c\u00fc il tarixi q\u0259rar\u0131 il\u0259 UTF v\u0259 \u0259m\u0259k t\u0259limi m\u00fc\u0259llimi ixtisas\u0131 verilmi\u015fdir. 01.09\u015f1992-ci ild\u0259 G\u0259d\u0259b\u0259y r. Soyuqbulaq k\u0259nd orta m\u0259kt\u0259bind\u0259 ixtisas\u0131 \u00fczr\u0259 m\u00fc\u0259llim i\u015fl\u0259yib. 02.11.2006-c\u0131 ild\u0259n G\u0259nc\u0259 D\u00f6vl\u0259t Universitetind\u0259 metodist v\u0259zif\u0259sind\u0259 \u00e7al\u0131\u015f\u0131ram.&nbsp; Hal haz\u0131rda da Filologiya fak\u00fclt\u0259sind\u0259 metodist v\u0259zif\u0259sind\u0259 \u00e7al\u0131\u015f\u0131r.<\/p>\n\n\n\n<p>&nbsp;&nbsp;&nbsp; Ail\u0259lidir, iki \u00f6vlad\u0131 var.<\/p>\n","protected":false},"excerpt":{"rendered":"<p>Tyutor:-Bayramova Ayt\u0259n Kaz\u0131m q\u0131z\u0131 Telefon: +994 077-319-57-37 Email:&nbsp;kazim2019b@gmail.com Dil bilgisi: Rus, \u0130ngilis,\u00a0T\u00fcrk dili. Part\u0131yal\u0131l\u0131\u011f\u0131:&nbsp;YAP Musayeva Nazil\u0259 Telefon:0557242020 Email.Nazil.musayeva@mail.ru 30.09.1999 \u2013cu il G\u0259nc\u0259 \u015f\u0259h\u0259rind\u0259 2017-ci ild\u0259 A\u015f\u0131q \u018fl\u0259sg\u0259r ad\u0131na 36 sayl\u0131 tam orta m\u0259kt\u0259bi bitirmi\u015f\u0259m. 2017-2021-ci ill\u0259rd\u0259&nbsp; G\u0259nc\u0259 D\u00f6vl\u0259t Universitetinin Xarici dill\u0259r fak\u00fclt\u0259sinin T\u0259rc\u00fcm\u0259 (ingilis dili) ixtisas\u0131nda t\u0259hsil al\u0131b. Dil bilgisi : \u0130ngilis dili , T\u00fcrk [&hellip;]<\/p>\n","protected":false},"author":1,"featured_media":0,"parent":0,"menu_order":0,"comment_status":"closed","ping_status":"closed","template":"","meta":{"footnotes":""},"categories":[16],"tags":[],"class_list":["post-140","page","type-page","status-publish","hentry","category-dekanliq"],"_links":{"self":[{"href":"https:\/\/xdf.gdu.edu.az\/index.php?rest_route=\/wp\/v2\/pages\/140","targetHints":{"allow":["GET"]}}],"collection":[{"href":"https:\/\/xdf.gdu.edu.az\/index.php?rest_route=\/wp\/v2\/pages"}],"about":[{"href":"https:\/\/xdf.gdu.edu.az\/index.php?rest_route=\/wp\/v2\/types\/page"}],"author":[{"embeddable":true,"href":"https:\/\/xdf.gdu.edu.az\/index.php?rest_route=\/wp\/v2\/users\/1"}],"replies":[{"embeddable":true,"href":"https:\/\/xdf.gdu.edu.az\/index.php?rest_route=%2Fwp%2Fv2%2Fcomments&post=140"}],"version-history":[{"count":72,"href":"https:\/\/xdf.gdu.edu.az\/index.php?rest_route=\/wp\/v2\/pages\/140\/revisions"}],"predecessor-version":[{"id":18926,"href":"https:\/\/xdf.gdu.edu.az\/index.php?rest_route=\/wp\/v2\/pages\/140\/revisions\/18926"}],"wp:attachment":[{"href":"https:\/\/xdf.gdu.edu.az\/index.php?rest_route=%2Fwp%2Fv2%2Fmedia&parent=140"}],"wp:term":[{"taxonomy":"category","embeddable":true,"href":"https:\/\/xdf.gdu.edu.az\/index.php?rest_route=%2Fwp%2Fv2%2Fcategories&post=140"},{"taxonomy":"post_tag","embeddable":true,"href":"https:\/\/xdf.gdu.edu.az\/index.php?rest_route=%2Fwp%2Fv2%2Ftags&post=140"}],"curies":[{"name":"wp","href":"https:\/\/api.w.org\/{rel}","templated":true}]}}