{"id":909,"date":"2016-04-18T12:25:51","date_gmt":"2016-04-18T10:25:51","guid":{"rendered":"http:\/\/xd.gdu.edu.az\/?page_id=909"},"modified":"2023-05-15T09:21:16","modified_gmt":"2023-05-15T07:21:16","slug":"isayeva-k%c9%99mal%c9%99-ramiz-qizi","status":"publish","type":"page","link":"http:\/\/xdf.gdu.edu.az\/?page_id=909","title":{"rendered":"isayeva K\u0259mal\u0259 Ramiz q\u0131z\u0131"},"content":{"rendered":"\n<div class=\"wp-block-image\"><figure class=\"aligncenter size-large is-resized\"><img loading=\"lazy\" decoding=\"async\" src=\"http:\/\/xdf.gdu.edu.az\/wp-content\/uploads\/2023\/05\/b.m.\u0130sayeva-K\u0259mal\u0259-Ramiz-q\u0131z\u0131.jpg\" alt=\"\" class=\"wp-image-11755\" width=\"200\" height=\"280\" srcset=\"http:\/\/xdf.gdu.edu.az\/wp-content\/uploads\/2023\/05\/b.m.\u0130sayeva-K\u0259mal\u0259-Ramiz-q\u0131z\u0131.jpg 1160w, http:\/\/xdf.gdu.edu.az\/wp-content\/uploads\/2023\/05\/b.m.\u0130sayeva-K\u0259mal\u0259-Ramiz-q\u0131z\u0131-768x1075.jpg 768w, http:\/\/xdf.gdu.edu.az\/wp-content\/uploads\/2023\/05\/b.m.\u0130sayeva-K\u0259mal\u0259-Ramiz-q\u0131z\u0131-1097x1536.jpg 1097w\" sizes=\"auto, (max-width: 200px) 100vw, 200px\" \/><\/figure><\/div>\n\n\n<p>\u00a0<\/p>\n<p>\u00a0<\/p>\n\n\n<p><strong>Leksika v\u0259 \u00f6lk\u0259\u015f\u00fcnasl\u0131q kafedras\u0131n\u0131n ba\u015f m\u00fc\u0259llimi\n\u0130sayeva K\u0259mal\u0259 Ramiz q\u0131z\u0131<\/strong><\/p>\n\n\n\n<p><strong>QISA\nB\u0130OQRAF\u0130K M\u018fLUMAT&nbsp;<\/strong><\/p>\n\n\n\n<ul class=\"wp-block-list\"><li>4\nyanvar 1982-ci ild\u0259 G\u0259nc\u0259\n\u015f\u0259h\u0259rind\u0259 ziyal\u0131\nail\u0259sind\u0259 anadan olub. Ail\u0259lidir, 2 \u00f6vlad\u0131 var. <\/li><li><strong>T\u018fHS\u0130L\u0130, ELM\u0130 D\u018fR\u018fC\u018fS\u0130 V\u018f ELM\u0130 ADLARI<\/strong><\/li><li>1998-ci\nild\u0259 G\u0259nc\u0259 \u015f\u0259h\u0259ri, 11 sayl\u0131 orta m\u0259kt\u0259bi\nbitirib.<\/li><li>2002-ci\nild\u0259 G\u0259nc\u0259 D\u00f6vl\u0259t Universitetinin Xarici dill\u0259r fak\u00fclt\u0259sinin Filologiya (\u0130ngilis dil)i ixtisas\u0131 \u00fczr\u0259 bakalavr\npill\u0259sini f\u0259rql\u0259nm\u0259 il\u0259 bitirib.<\/li><li>2004-c\u00fc\nild\u0259 G\u0259nc\u0259 D\u00f6vl\u0259t Universitetinin Magistaturas\u0131n\u0131n \u201cDil\u015f\u00fcnasl\u0131q\u201d \u0130ngilis dili ixtisas\u0131n\u0131 f\u0259rql\u0259nm\u0259 il\u0259 bitirib.<\/li><li>2016-2020-c\u00fc ill\u0259rd\u0259 G\u0259nc\u0259 D\u00f6vl\u0259t Universitetind\u0259 5706.01 \u201cAz\u0259rbaycan\ndili\u201d\nixtisas\u0131 \u00fczr\u0259 aspiranturan\u0131 bitirib.<\/li><\/ul>\n\n\n\n<p><strong>\u018fM\u018fK\nF\u018fAL\u0130YY\u018fT\u0130<\/strong><\/p>\n\n\n\n<ul class=\"wp-block-list\"><li>2004-2005-ci ill\u0259rd\u0259 G\u0259nc\u0259 D\u00f6vl\u0259t Universiteti, \u0130ngilis dili v\u0259 onun t\u0259drisi metodikas\u0131 kafedras\u0131nda staj\u00e7\u0131 m\u00fc\u0259llim.<\/li><li>2005-ci ild\u0259 GDU\n\u2013da m\u00fc\u0259llim<\/li><li>2009-c\u00fc ild\u0259n b\u0259ri G\u0259nc\u0259 D\u00f6vl\u0259t Universitetind\u0259 ba\u015f m\u00fc\u0259llim<\/li><\/ul>\n\n\n\n<p><strong>T\u018fLT\u0130FL\u018fR\u0130<\/strong><\/p>\n\n\n\n<p>G\u0259nc\u0259 D\u00f6vl\u0259t Universitetinin 03.03.2022-ci il\ntarixli 2\/28 sayl\u0131 \u0259mr\u0259 \u0259sas\u0259n 8 Mart Beyn\u0259lxalq Qad\u0131nlar G\u00fcn\u00fc m\u00fcnasib\u0259til\u0259\n\u201cF\u0259xri F\u0259rman\u201dla t\u0259ltif edilmi\u015fdir.<\/p>\n\n\n\n<p><strong>BEYN\u018fLXALQ SEM\u0130NAR, S\u0130MPOZ\u0130UM V\u018f KONFRANSLARDA\n\u0130\u015eT\u0130RAKI<\/strong><\/p>\n\n\n\n<ul class=\"wp-block-list\"><li>Consistent norm of\nfront-vowels in the composition of the word, tezis&nbsp;&nbsp;&nbsp;&nbsp; 3-rd International Symposium on Humanities and social sciences\nin Europe: achievements and perspectives, Berlin 25,2019&nbsp;&nbsp;&nbsp;&nbsp;&nbsp;&nbsp; 25 yanvar, 2019, Google scholar, CYBERLENINCA, E\nLibrary.ru&nbsp; <\/li><\/ul>\n\n\n\n<p><strong>SE\u00c7\u0130LM\u0130\u015e\n\u018fS\u018fRL\u018fR\u0130<\/strong><strong><\/strong><\/p>\n\n\n\n<ul class=\"wp-block-list\"><li>S\u00f6z t\u0259rkibind\u0259 samitl\u0259rin\nard\u0131c\u0131ll\u0131q normas\u0131, m\u0259qal\u0259, GDU, Elmi X\u0259b\u0259rl\u0259r, Fundamental, humanitar v\u0259\nt\u0259bi\u0259t elml\u0259ri seriyas\u0131.&nbsp; G\u0259n\u00acc\u0259 &nbsp;&nbsp;&nbsp;&nbsp; 2018<\/li><li>\u041f\u0440\u043e\u0442\u0438\u0432\u043e\u0440\u0435\u0447\u0438\u0432\u044b\u0435 \u043d\u043e\u0440\u043c\u044b\n\u043f\u043e\u0440\u044f\u0434\u043a\u0430 \u0433\u043b\u0430\u0441\u043d\u044b\u0445 \u0437\u0432\u0443\u043a\u043e\u0432 \u0432 \u0441\u043e\u0441\u0442\u0430\u0432\u0435 \u0441\u043b\u043e\u0432\u0430 \u0410\u0437\u0435\u0440\u0431\u0430\u0439\u0434\u0436\u0430\u043d\u0441\u043a\u043e-\u0433\u043e \u044f\u0437\u044b\u043a\u0430, \u0438 \u043f\u0443\u0442\u0438 \u0438\u0445 \u043d\u043e\u0440\u043c\u0430\u043b\u0438\u0437\u0430\u0446\u0438\u0438,\nm\u0259qal\u0259, \u0415\u0432\u0440\u043e\u043f\u0435\u0439\u0441\u043a\u0438\u0439 \u0436\u0443\u0440\u043d\u0430\u043b \u0433\u0443\u043c\u0430\u043d\u0438\u0442\u0430\u0440\u043d\u044b\u0445 \u0438 \u043e\u0431\u0449\u0435\u0441\u0442\u0432\u0435\u043d\u043d\u044b\u0445 \u043d\u0430\u0443\u043a, The European\nJournal of Humanities and social Sciences. Premier Publishing s.r.o&nbsp;&nbsp;&nbsp;&nbsp; 2018<\/li><li>Dil\u00f6n\u00fc saitl\u0259rin s\u00f6zl\u0259rd\u0259\nistifad\u0259 qaydalar\u0131&nbsp;&nbsp;&nbsp;&nbsp;&nbsp; m\u0259qal\u0259&nbsp;&nbsp;&nbsp;&nbsp;&nbsp; Nax\u00e7\u0131van Universiteti. \u00ab\u0415\u043b\u043c\u0438 \u044f\u0441\u044f\u0440\u043b\u044f\u0440\u00bb\n(iqtisadiyyat, filologiya, tarix, pedaqogika, v\u0259 psixologiya, co\u011frafiya,\nriyaziyyat). &nbsp;&nbsp;&nbsp; 2020,&nbsp;&nbsp;&nbsp;&nbsp;&nbsp;&nbsp; \u21161(16)<\/li><li>S\u00f6z t\u0259rkibind\u0259 dilortas\u0131 E\nsaitinin ard\u0131c\u0131ll\u0131q normas\u0131, m\u0259qal\u0259, AMEA, Nax\u00e7\u0131van b\u00f6lm\u0259si, Inc\u0259s\u0259n\u0259t dil v\u0259\n\u0259d\u0259biyyat institutu.\u00abElmi \u0259s\u0259rl\u0259r\u00bb 2020, \u21162<\/li><li>Dilarxas\u0131 damaq saitl\u0259rinin\nard\u0131c\u0131ll\u0131\u011f\u0131, tezis, GD,. G\u0259nc t\u0259dqiqat\u00e7\u0131lar\u0131n II respublika elmi-praktik\nkonfrans\u0131. Konfrans materiallar\u0131. 26-27\noktyabr2017. <\/li><li>Consistent norm of\nfront-vowels in the composition of the word&nbsp;&nbsp;&nbsp;&nbsp;&nbsp; tezis&nbsp; 3-rd International Symposium on Humanities and\nsocial sciences in Europe: achievements and perspectives.Berlin &nbsp;&nbsp;&nbsp; 25 yanvar, 2019&nbsp;&nbsp;&nbsp;&nbsp;&nbsp;&nbsp;&nbsp; <\/li><li>S\u00f6z t\u0259rkibind\u0259 sait\ns\u0131ras\u0131n\u0131n ziddiyy\u0259t v\u0259 normala\u015fmas\u0131&nbsp;&nbsp;&nbsp; tezis&nbsp; Az\u0259rbaycan Universiteti, G\u0259nc t\u0259dqiqat\u00e7\u0131lar\u0131n\n2-ci respublika elmi-praktik konfrans\u0131n\u0131n materiallar\u0131. Bak\u0131.&nbsp; 15 mart 2019&nbsp;&nbsp;&nbsp; <\/li><li>\u201cE\u201dSaitinin s\u00f6zd\u0259 t\u0259rkib\nyaratmaq funksiyas\u0131&nbsp;&nbsp; tezis&nbsp; Elmi i\u015f beyn\u0259lxalq elmi jurnal, IX beyn\u0259lxalq\nelmi ara\u015fd\u0131rmalar konfrans\u0131n\u0131n materiallar\u0131 &nbsp;&nbsp;&nbsp;&nbsp; 4\niyun 2022&nbsp;&nbsp;&nbsp; <\/li><li>Monosyllabic the word at\nthe end of consonants elaboration norm&nbsp;&nbsp;&nbsp; tezis&nbsp;&nbsp;&nbsp; SCI-CONF.COM.UA, Science and Innovation of\nModern World, London 23-25, 2023<\/li><\/ul>\n\n\n\n<p><strong>PART\u0130YALILI\u011eI<\/strong><\/p>\n\n\n\n<ul class=\"wp-block-list\"><li>2004-c\u00fc ild\u0259n YAP-\u0131n \u00fczv\u00fcd\u00fcr.<\/li><\/ul>\n\n\n\n<p><strong>D\u0130L B\u0130LG\u0130S\u0130<\/strong><\/p>\n\n\n\n<p>\u0130ngilis,\nrus dill\u0259ri<\/p>\n","protected":false},"excerpt":{"rendered":"<p>\u00a0 \u00a0 Leksika v\u0259 \u00f6lk\u0259\u015f\u00fcnasl\u0131q kafedras\u0131n\u0131n ba\u015f m\u00fc\u0259llimi \u0130sayeva K\u0259mal\u0259 Ramiz q\u0131z\u0131 QISA B\u0130OQRAF\u0130K M\u018fLUMAT&nbsp; 4 yanvar 1982-ci ild\u0259 G\u0259nc\u0259 \u015f\u0259h\u0259rind\u0259 ziyal\u0131 ail\u0259sind\u0259 anadan olub. Ail\u0259lidir, 2 \u00f6vlad\u0131 var. T\u018fHS\u0130L\u0130, ELM\u0130 D\u018fR\u018fC\u018fS\u0130 V\u018f ELM\u0130 ADLARI 1998-ci ild\u0259 G\u0259nc\u0259 \u015f\u0259h\u0259ri, 11 sayl\u0131 orta m\u0259kt\u0259bi bitirib. 2002-ci ild\u0259 G\u0259nc\u0259 D\u00f6vl\u0259t Universitetinin Xarici dill\u0259r fak\u00fclt\u0259sinin Filologiya (\u0130ngilis dil)i [&hellip;]<\/p>\n","protected":false},"author":4,"featured_media":0,"parent":0,"menu_order":0,"comment_status":"closed","ping_status":"closed","template":"","meta":{"footnotes":""},"categories":[],"tags":[],"class_list":["post-909","page","type-page","status-publish","hentry"],"_links":{"self":[{"href":"http:\/\/xdf.gdu.edu.az\/index.php?rest_route=\/wp\/v2\/pages\/909","targetHints":{"allow":["GET"]}}],"collection":[{"href":"http:\/\/xdf.gdu.edu.az\/index.php?rest_route=\/wp\/v2\/pages"}],"about":[{"href":"http:\/\/xdf.gdu.edu.az\/index.php?rest_route=\/wp\/v2\/types\/page"}],"author":[{"embeddable":true,"href":"http:\/\/xdf.gdu.edu.az\/index.php?rest_route=\/wp\/v2\/users\/4"}],"replies":[{"embeddable":true,"href":"http:\/\/xdf.gdu.edu.az\/index.php?rest_route=%2Fwp%2Fv2%2Fcomments&post=909"}],"version-history":[{"count":5,"href":"http:\/\/xdf.gdu.edu.az\/index.php?rest_route=\/wp\/v2\/pages\/909\/revisions"}],"predecessor-version":[{"id":11757,"href":"http:\/\/xdf.gdu.edu.az\/index.php?rest_route=\/wp\/v2\/pages\/909\/revisions\/11757"}],"wp:attachment":[{"href":"http:\/\/xdf.gdu.edu.az\/index.php?rest_route=%2Fwp%2Fv2%2Fmedia&parent=909"}],"wp:term":[{"taxonomy":"category","embeddable":true,"href":"http:\/\/xdf.gdu.edu.az\/index.php?rest_route=%2Fwp%2Fv2%2Fcategories&post=909"},{"taxonomy":"post_tag","embeddable":true,"href":"http:\/\/xdf.gdu.edu.az\/index.php?rest_route=%2Fwp%2Fv2%2Ftags&post=909"}],"curies":[{"name":"wp","href":"https:\/\/api.w.org\/{rel}","templated":true}]}}

isayeva Kəmalə Ramiz qızı

<div class="wp-block-image"><figure class="aligncenter size-large is-resized"><img loading="lazy" decoding="async" src="http://xdf.gdu.edu.az/wp-content/uploads/2023/05/b.m.İsayeva-Kəmalə-Ramiz-qızı.jpg" alt="" class="wp-image-11755" width="200" height="280" srcset="http://xdf.gdu.edu.az/wp-content/uploads/2023/05/b.m.İsayeva-Kəmalə-Ramiz-qızı.jpg 1160w, http://xdf.gdu.edu.az/wp-content/uploads/2023/05/b.m.İsayeva-Kəmalə-Ramiz-qızı-768x1075.jpg 768w, http://xdf.gdu.edu.az/wp-content/uploads/2023/05/b.m.İsayeva-Kəmalə-Ramiz-qızı-1097x1536.jpg 1097w" sizes="auto, (max-width: 200px) 100vw, 200px" /></figure></div>


<p> </p>
<p> </p>


<p><strong>Leksika və ölkəşünaslıq kafedrasının baş müəllimi
İsayeva Kəmalə Ramiz qızı</strong></p>



<p><strong>QISA
BİOQRAFİK MƏLUMAT&nbsp;</strong></p>



<ul class="wp-block-list"><li>4
yanvar 1982-ci ildə Gəncə
şəhərində ziyalı
ailəsində anadan olub. Ailəlidir, 2 övladı var. </li><li><strong>TƏHSİLİ, ELMİ DƏRƏCƏSİ VƏ ELMİ ADLARI</strong></li><li>1998-ci
ildə Gəncə şəhəri, 11 saylı orta məktəbi
bitirib.</li><li>2002-ci
ildə Gəncə Dövlət Universitetinin Xarici dillər fakültəsinin Filologiya (İngilis dil)i ixtisası üzrə bakalavr
pilləsini fərqlənmə ilə bitirib.</li><li>2004-cü
ildə Gəncə Dövlət Universitetinin Magistaturasının “Dilşünaslıq” İngilis dili ixtisasını fərqlənmə ilə bitirib.</li><li>2016-2020-cü illərdə Gəncə Dövlət Universitetində 5706.01 “Azərbaycan
dili”
ixtisası üzrə aspiranturanı bitirib.</li></ul>



<p><strong>ƏMƏK
FƏALİYYƏTİ</strong></p>



<ul class="wp-block-list"><li>2004-2005-ci illərdə Gəncə Dövlət Universiteti, İngilis dili və onun tədrisi metodikası kafedrasında stajçı müəllim.</li><li>2005-ci ildə GDU
–da müəllim</li><li>2009-cü ildən bəri Gəncə Dövlət Universitetində baş müəllim</li></ul>



<p><strong>TƏLTİFLƏRİ</strong></p>



<p>Gəncə Dövlət Universitetinin 03.03.2022-ci il
tarixli 2/28 saylı əmrə əsasən 8 Mart Beynəlxalq Qadınlar Günü münasibətilə
“Fəxri Fərman”la təltif edilmişdir.</p>



<p><strong>BEYNƏLXALQ SEMİNAR, SİMPOZİUM VƏ KONFRANSLARDA
İŞTİRAKI</strong></p>



<ul class="wp-block-list"><li>Consistent norm of
front-vowels in the composition of the word, tezis&nbsp;&nbsp;&nbsp;&nbsp; 3-rd International Symposium on Humanities and social sciences
in Europe: achievements and perspectives, Berlin 25,2019&nbsp;&nbsp;&nbsp;&nbsp;&nbsp;&nbsp; 25 yanvar, 2019, Google scholar, CYBERLENINCA, E
Library.ru&nbsp; </li></ul>



<p><strong>SEÇİLMİŞ
ƏSƏRLƏRİ</strong><strong></strong></p>



<ul class="wp-block-list"><li>Söz tərkibində samitlərin
ardıcıllıq norması, məqalə, GDU, Elmi Xəbərlər, Fundamental, humanitar və
təbiət elmləri seriyası.&nbsp; Gən¬cə &nbsp;&nbsp;&nbsp;&nbsp; 2018</li><li>Противоречивые нормы
порядка гласных звуков в составе слова Азербайджанско-го языка, и пути их нормализации,
məqalə, Европейский журнал гуманитарных и общественных наук, The European
Journal of Humanities and social Sciences. Premier Publishing s.r.o&nbsp;&nbsp;&nbsp;&nbsp; 2018</li><li>Dilönü saitlərin sözlərdə
istifadə qaydaları&nbsp;&nbsp;&nbsp;&nbsp;&nbsp; məqalə&nbsp;&nbsp;&nbsp;&nbsp;&nbsp; Naxçıvan Universiteti. «Елми ясярляр»
(iqtisadiyyat, filologiya, tarix, pedaqogika, və psixologiya, coğrafiya,
riyaziyyat). &nbsp;&nbsp;&nbsp; 2020,&nbsp;&nbsp;&nbsp;&nbsp;&nbsp;&nbsp; №1(16)</li><li>Söz tərkibində dilortası E
saitinin ardıcıllıq norması, məqalə, AMEA, Naxçıvan bölməsi, Incəsənət dil və
ədəbiyyat institutu.«Elmi əsərlər» 2020, №2</li><li>Dilarxası damaq saitlərinin
ardıcıllığı, tezis, GD,. Gənc tədqiqatçıların II respublika elmi-praktik
konfransı. Konfrans materialları. 26-27
oktyabr2017. </li><li>Consistent norm of
front-vowels in the composition of the word&nbsp;&nbsp;&nbsp;&nbsp;&nbsp; tezis&nbsp; 3-rd International Symposium on Humanities and
social sciences in Europe: achievements and perspectives.Berlin &nbsp;&nbsp;&nbsp; 25 yanvar, 2019&nbsp;&nbsp;&nbsp;&nbsp;&nbsp;&nbsp;&nbsp; </li><li>Söz tərkibində sait
sırasının ziddiyyət və normalaşması&nbsp;&nbsp;&nbsp; tezis&nbsp; Azərbaycan Universiteti, Gənc tədqiqatçıların
2-ci respublika elmi-praktik konfransının materialları. Bakı.&nbsp; 15 mart 2019&nbsp;&nbsp;&nbsp; </li><li>“E”Saitinin sözdə tərkib
yaratmaq funksiyası&nbsp;&nbsp; tezis&nbsp; Elmi iş beynəlxalq elmi jurnal, IX beynəlxalq
elmi araşdırmalar konfransının materialları &nbsp;&nbsp;&nbsp;&nbsp; 4
iyun 2022&nbsp;&nbsp;&nbsp; </li><li>Monosyllabic the word at
the end of consonants elaboration norm&nbsp;&nbsp;&nbsp; tezis&nbsp;&nbsp;&nbsp; SCI-CONF.COM.UA, Science and Innovation of
Modern World, London 23-25, 2023</li></ul>



<p><strong>PARTİYALILIĞI</strong></p>



<ul class="wp-block-list"><li>2004-cü ildən YAP-ın üzvüdür.</li></ul>



<p><strong>DİL BİLGİSİ</strong></p>



<p>İngilis,
rus dilləri</p>

<p>    Leksika və ölkəşünaslıq kafedrasının baş müəllimi İsayeva Kəmalə Ramiz qızı QISA BİOQRAFİK MƏLUMAT&nbsp; 4 yanvar 1982-ci ildə Gəncə şəhərində ziyalı ailəsində anadan olub. Ailəlidir, 2 övladı var. TƏHSİLİ, ELMİ DƏRƏCƏSİ VƏ ELMİ ADLARI 1998-ci ildə Gəncə şəhəri, 11 saylı orta məktəbi bitirib. 2002-ci ildə Gəncə Dövlət Universitetinin Xarici dillər fakültəsinin Filologiya (İngilis dil)i [&hellip;]</p>
