{"id":888,"date":"2016-04-18T11:54:24","date_gmt":"2016-04-18T09:54:24","guid":{"rendered":"http:\/\/xd.gdu.edu.az\/?page_id=888"},"modified":"2023-05-26T08:59:35","modified_gmt":"2023-05-26T06:59:35","slug":"ibrahimova-nigar-f%c9%99rman-qizi-bas-mu%c9%99llim","status":"publish","type":"page","link":"http:\/\/xdf.gdu.edu.az\/?page_id=888","title":{"rendered":"\u0130brahimova Nigar F\u0259rman q\u0131z\u0131 ba\u015f m\u00fc\u0259llim."},"content":{"rendered":"\n<div class=\"wp-block-image\"><figure class=\"aligncenter size-large is-resized\"><img loading=\"lazy\" decoding=\"async\" src=\"http:\/\/xdf.gdu.edu.az\/wp-content\/uploads\/2023\/05\/IMG_2165-1.jpg\" alt=\"\" class=\"wp-image-12290\" width=\"243\" height=\"339\" srcset=\"http:\/\/xdf.gdu.edu.az\/wp-content\/uploads\/2023\/05\/IMG_2165-1.jpg 1089w, http:\/\/xdf.gdu.edu.az\/wp-content\/uploads\/2023\/05\/IMG_2165-1-768x1075.jpg 768w\" sizes=\"auto, (max-width: 243px) 100vw, 243px\" \/><\/figure><\/div>\n\n\n\n<p><strong>Xarici dill\u0259r fak\u00fclt\u0259sinin Alman dili kafedras\u0131n\u0131n\nba\u015f m\u00fc\u0259llimi <\/strong><\/p>\n\n\n\n<p><strong>\u0130brahimova Nigar F\u0259rman q\u0131z\u0131<\/strong><strong><\/strong><\/p>\n\n\n\n<p><strong>&nbsp;&nbsp;&nbsp;&nbsp;&nbsp;&nbsp;&nbsp;&nbsp;&nbsp;&nbsp;&nbsp;&nbsp;&nbsp;&nbsp;&nbsp; Telefon: <\/strong>050-347-93-73<\/p>\n\n\n\n<p><strong>&nbsp;&nbsp;&nbsp;&nbsp;&nbsp;&nbsp;&nbsp;&nbsp;&nbsp;&nbsp;&nbsp;&nbsp;&nbsp;&nbsp;&nbsp; E-mail: <\/strong><a href=\"mailto:ragin9373@mail.ru\">ragin9373@mail.ru<\/a><\/p>\n\n\n\n<p><strong>&nbsp;&nbsp;&nbsp;&nbsp;&nbsp;&nbsp;&nbsp;&nbsp;&nbsp;&nbsp;&nbsp;&nbsp;&nbsp;&nbsp; <\/strong><strong>QISA B\u0130OQRAF\u0130K M\u018fLUMAT<\/strong><\/p>\n\n\n\n<ul class=\"wp-block-list\"><li>29.06.1978 c\u0131 &#8211; ild\u0259 G\u0259nc\u0259 \u015f\u0259h\u0259rind\u0259 anadan olub.<\/li><li>1985-1995 ci ild\u0259 G\u0259nc\u0259 \u015f\u0259h\u0259ri Nadir H\u00fcseynov ad\u0131na 38\nsayl\u0131 m\u0259kt\u0259bini bitirib. Ail\u0259lidir 1 \u00f6vlad\u0131 var. 2008 ci -ild\u0259nYAP-\u0131n \u00fczv\u00fcd\u00fcr.<\/li><\/ul>\n\n\n\n<p><strong>T\u018fHS\u0130L\u0130, ELM\u0130 D\u018fR\u018fC\u018fS\u0130 V\u018f ELM\u0130 ADI<\/strong><\/p>\n\n\n\n<ul class=\"wp-block-list\"><li>1995-1999-cu\nill\u0259rd\u0259 Bak\u0131 \u015f\u0259h\u0259rind\u0259 Az\u0259rbaycan Dill\u0259r Universitetinin &nbsp;<\/li><\/ul>\n\n\n\n<p>Roman-german\nfilologiyas\u0131&nbsp; fak\u00fclt\u0259sinin Alman dili\nb\u00f6lm\u0259sinin bakalavr &nbsp;pill\u0259sini bitirib.\nAlman dili v\u0259 \u0259d\u0259biyyat m\u00fc\u0259llimi filoloq d\u0259r\u0259c\u0259si alm\u0131\u015fd\u0131r. <\/p>\n\n\n\n<ul class=\"wp-block-list\"><li>2003\/2005-ci\nild\u0259 G\u0259nc\u0259 D\u00f6vl\u0259t Universitetinin M\u00fcqayis\u0259li tarixi dil\u00e7ilik ixtisas\u0131n\u0131n\nmagistr pill\u0259sini bitirib.<\/li><\/ul>\n\n\n\n<p><strong>\u018fM\u018fK F\u018fAL\u0130YY\u018fT\u0130<\/strong><strong><\/strong><\/p>\n\n\n\n<ul class=\"wp-block-list\"><li>2002\/2005-ci ill\u0259rd\u0259 G\u0259nc\u0259&nbsp; \u015f\u0259h\u0259rind\u0259\nAz\u0259rbaycan M\u00fc\u0259lliml\u0259r \u0130nstitunda laborant,&nbsp; &nbsp;&nbsp;2005- ci ild\u0259n is\u0259 G\u0259nc\u0259 D\u00f6vl\u0259t\nUniversitetinin Alman dili kafedras\u0131nda&nbsp;m\u00fc\u0259llim, &nbsp;&nbsp;&nbsp;&nbsp;&nbsp;&nbsp;&nbsp;&nbsp;2010-cu ild\u0259n is\u0259 ba\u015f&nbsp; m\u00fc\u0259llim\nv\u0259zif\u0259sind\u0259 i\u015fl\u0259yir.<\/li><\/ul>\n\n\n\n<p><strong>BEYN\u018fLXALQ SEM\u0130NAR V\u018f KONFRANSLARDA &nbsp;\u0130\u015eT\u0130RAKI<\/strong><\/p>\n\n\n\n<ol class=\"wp-block-list\"><li>PEDAGOGICAL\nPROBLEMS OF PREPARATION OF CHILDREN FOR SCHOOL EDUCATION IN THE EARLY STAGES OF\nFORMATION AND DEVELOPMENT OF PRESCHOOL EDUCATION IN AZERBAIJAN&nbsp; The XII International Scientific Symposium \u201cEast and\nWest: Inteqration of Cultures\u201d\/ Eskishehir\/ Turkey 30 march 2021<\/li><li>M\u0259kt\u0259b\u0259haz\u0131rl\u0131q\nqruplar\u0131nda metodoloji i\u015fin t\u0259\u015fkili Usbik. Uluslararas\u0131 sosyal\nbilimler kongresi. Kayseri-Turkey26-28 mart 2021<\/li><\/ol>\n\n\n\n<p><strong>&nbsp;<\/strong><strong>SE\u00c7\u0130LM\u0130\u015e\n\u018fS\u018fRL\u018fR\u0130<\/strong><\/p>\n\n\n\n<ol class=\"wp-block-list\"><li>J. W. Goethe. Der beste Anh\u00e4nger der Ideen des Sturm\nund der Drang. Az\u0259rbaycan Milli Elml\u0259r Akademiyas\u0131. <\/li><li>Die\nbesten Vertreter des 1941-1945 Jahren.\nm\u0259qal\u0259 &nbsp;GDU. Elmi x\u0259b\u0259rl\u0259r.\nFundamental, humanitar v\u0259 t\u0259bi\u0259t elnl\u0259ri seriyas\u0131. G\u0259nc\u0259 2018<\/li><li>Die\ndeutsche exilliteratur vor dem Krieg. m\u0259qal\u0259\nG\u0259nc\u0259 D\u00f6vl\u0259t Universiteti. Elmi x\u0259b\u0259rl\u0259r. Fundamental, humanitar v\u0259 t\u0259bi\u0259t\nelml\u0259ri seriya\u0131. G\u0259nc\u0259. 2018<\/li><li>Die\nHauptideen in Schillers Dramaturgie m\u0259qal\u0259\nGDU.Elmi x\u0259b\u0259rl\u0259r. Fundamental, humanitar v\u0259 t\u0259bi\u0259t elml\u0259ri seriyas\u0131. G\u0259nc\u0259\n2019<\/li><li>&nbsp;\u00dcmumi dil\u00e7ilik (Alman dili) (bakalavr\nhaz\u0131rl\u0131\u011f\u0131 \u00fc\u00e7\u00fcn) \u00fczr\u0259 f\u0259nn proqram\u0131 Proqram G\u0259nc\u0259 D\u00f6vl\u0259t Universiteti 2019<\/li><li>In\nSchillers Dramen Frauengestalte m\u0259qal\u0259 Bak\u0131 D\u00f6vl\u0259t Universitetinin dil v\u0259 \u0259d\u0259biyyat\nbeyn\u0259lxalq elmi jurnal\u0131. 2021<\/li><li>J.W.\nGoethe-der beste Anh\u00e4nger der Ideen des Sturm und der Drang. m\u0259qal\u0259 Bak\u0131 Milli\nElml\u0259r akademiyas\u0131 Filologiya m\u0259s\u0259l\u0259l\u0259ri jurnal\u0131. 2022<\/li><li>Sprachtheorie\nund Grammatik bei den Stoikern. M\u0259qal\u0259 Az\u0259rbaycan&nbsp; Milli Elml\u0259r Akademiyas\u0131, Filologiya m\u0259s\u0259l\u0259l\u0259ri\njurnal\u0131. 2023<\/li><li>&nbsp;Die Veranstaltung der Intensivierungstunden\nM\u0259qal\u0259&nbsp; Az\u0259rbaycan Milli Elml\u0259r\nAkademiyas\u0131, Filologiya m\u0259s\u0259l\u0259l\u0259ri jurnal\u0131. 2023<\/li><li>Einigungstendenzen des Fr\u00fchneuhochdeutschen mit\nanderen Sprachen. M\u0259qal\u0259 Bak\u0131 D\u00f6vl\u0259t Universitetinin dil v\u0259 \u0259d\u0259biyyat beyn\u0259lxalq\nelmi jurnal\u0131. 2023<\/li><li>Y.V.H\u00f6tenin yarad\u0131c\u0131l\u0131\u011f\u0131nda \u0130slam dini. M\u0259qal\u0259 G\u0259nc\u0259\nD\u00f6vl\u0259t Universiteti.Elmi x\u0259b\u0259rl\u0259r.Fundamental, humanitar v\u0259 t\u0259bi\u0259t elml\u0259ri\nseriyas\u0131 2023<\/li><li>\u0130ngilis dilind\u0259 ceyrundun (cerund) funksiyalar\u0131. M\u0259qal\u0259 G\u0259nc\u0259 D\u00f6vl\u0259t Universiteti.Elmi x\u0259b\u0259rl\u0259r.Fundamental, humanitar v\u0259 t\u0259bi\u0259t\nelml\u0259ri seriyas\u0131 2023<\/li><li>Xarici dil bacar\u0131qlar\u0131 4 (Alman dili, bakalavr\nhaz\u0131rl\u0131\u011f\u0131 \u00fc\u00e7\u00fcn) \u00fczr\u0259 f\u0259nn proqram\u0131. G\u0259nc\u0259 D\u00f6vl\u0259t Universiteti 2023<\/li><li>Xarici dil bacar\u0131qlar\u0131 2 (Alman dili, bakalavr\nhaz\u0131rl\u0131\u011f\u0131 \u00fc\u00e7\u00fcn) \u00fczr\u0259 f\u0259nn proqram\u0131. G\u0259nc\u0259 D\u00f6vl\u0259t Universiteti 2023<\/li><\/ol>\n\n\n\n<p><strong>Dil bilgisi:<\/strong><\/p>\n\n\n\n<p>Alman dili, rus\ndili.<\/p>\n","protected":false},"excerpt":{"rendered":"<p>Xarici dill\u0259r fak\u00fclt\u0259sinin Alman dili kafedras\u0131n\u0131n ba\u015f m\u00fc\u0259llimi \u0130brahimova Nigar F\u0259rman q\u0131z\u0131 &nbsp;&nbsp;&nbsp;&nbsp;&nbsp;&nbsp;&nbsp;&nbsp;&nbsp;&nbsp;&nbsp;&nbsp;&nbsp;&nbsp;&nbsp; Telefon: 050-347-93-73 &nbsp;&nbsp;&nbsp;&nbsp;&nbsp;&nbsp;&nbsp;&nbsp;&nbsp;&nbsp;&nbsp;&nbsp;&nbsp;&nbsp;&nbsp; E-mail: ragin9373@mail.ru &nbsp;&nbsp;&nbsp;&nbsp;&nbsp;&nbsp;&nbsp;&nbsp;&nbsp;&nbsp;&nbsp;&nbsp;&nbsp;&nbsp; QISA B\u0130OQRAF\u0130K M\u018fLUMAT 29.06.1978 c\u0131 &#8211; ild\u0259 G\u0259nc\u0259 \u015f\u0259h\u0259rind\u0259 anadan olub. 1985-1995 ci ild\u0259 G\u0259nc\u0259 \u015f\u0259h\u0259ri Nadir H\u00fcseynov ad\u0131na 38 sayl\u0131 m\u0259kt\u0259bini bitirib. Ail\u0259lidir 1 \u00f6vlad\u0131 var. 2008 ci -ild\u0259nYAP-\u0131n \u00fczv\u00fcd\u00fcr. T\u018fHS\u0130L\u0130, ELM\u0130 D\u018fR\u018fC\u018fS\u0130 V\u018f ELM\u0130 [&hellip;]<\/p>\n","protected":false},"author":4,"featured_media":0,"parent":0,"menu_order":0,"comment_status":"closed","ping_status":"closed","template":"","meta":{"footnotes":""},"categories":[],"tags":[],"class_list":["post-888","page","type-page","status-publish","hentry"],"_links":{"self":[{"href":"http:\/\/xdf.gdu.edu.az\/index.php?rest_route=\/wp\/v2\/pages\/888","targetHints":{"allow":["GET"]}}],"collection":[{"href":"http:\/\/xdf.gdu.edu.az\/index.php?rest_route=\/wp\/v2\/pages"}],"about":[{"href":"http:\/\/xdf.gdu.edu.az\/index.php?rest_route=\/wp\/v2\/types\/page"}],"author":[{"embeddable":true,"href":"http:\/\/xdf.gdu.edu.az\/index.php?rest_route=\/wp\/v2\/users\/4"}],"replies":[{"embeddable":true,"href":"http:\/\/xdf.gdu.edu.az\/index.php?rest_route=%2Fwp%2Fv2%2Fcomments&post=888"}],"version-history":[{"count":5,"href":"http:\/\/xdf.gdu.edu.az\/index.php?rest_route=\/wp\/v2\/pages\/888\/revisions"}],"predecessor-version":[{"id":12313,"href":"http:\/\/xdf.gdu.edu.az\/index.php?rest_route=\/wp\/v2\/pages\/888\/revisions\/12313"}],"wp:attachment":[{"href":"http:\/\/xdf.gdu.edu.az\/index.php?rest_route=%2Fwp%2Fv2%2Fmedia&parent=888"}],"wp:term":[{"taxonomy":"category","embeddable":true,"href":"http:\/\/xdf.gdu.edu.az\/index.php?rest_route=%2Fwp%2Fv2%2Fcategories&post=888"},{"taxonomy":"post_tag","embeddable":true,"href":"http:\/\/xdf.gdu.edu.az\/index.php?rest_route=%2Fwp%2Fv2%2Ftags&post=888"}],"curies":[{"name":"wp","href":"https:\/\/api.w.org\/{rel}","templated":true}]}}

İbrahimova Nigar Fərman qızı baş müəllim.

<div class="wp-block-image"><figure class="aligncenter size-large is-resized"><img loading="lazy" decoding="async" src="http://xdf.gdu.edu.az/wp-content/uploads/2023/05/IMG_2165-1.jpg" alt="" class="wp-image-12290" width="243" height="339" srcset="http://xdf.gdu.edu.az/wp-content/uploads/2023/05/IMG_2165-1.jpg 1089w, http://xdf.gdu.edu.az/wp-content/uploads/2023/05/IMG_2165-1-768x1075.jpg 768w" sizes="auto, (max-width: 243px) 100vw, 243px" /></figure></div>



<p><strong>Xarici dillər fakültəsinin Alman dili kafedrasının
baş müəllimi </strong></p>



<p><strong>İbrahimova Nigar Fərman qızı</strong><strong></strong></p>



<p><strong>&nbsp;&nbsp;&nbsp;&nbsp;&nbsp;&nbsp;&nbsp;&nbsp;&nbsp;&nbsp;&nbsp;&nbsp;&nbsp;&nbsp;&nbsp; Telefon: </strong>050-347-93-73</p>



<p><strong>&nbsp;&nbsp;&nbsp;&nbsp;&nbsp;&nbsp;&nbsp;&nbsp;&nbsp;&nbsp;&nbsp;&nbsp;&nbsp;&nbsp;&nbsp; E-mail: </strong><a href="mailto:ragin9373@mail.ru">ragin9373@mail.ru</a></p>



<p><strong>&nbsp;&nbsp;&nbsp;&nbsp;&nbsp;&nbsp;&nbsp;&nbsp;&nbsp;&nbsp;&nbsp;&nbsp;&nbsp;&nbsp; </strong><strong>QISA BİOQRAFİK MƏLUMAT</strong></p>



<ul class="wp-block-list"><li>29.06.1978 cı &#8211; ildə Gəncə şəhərində anadan olub.</li><li>1985-1995 ci ildə Gəncə şəhəri Nadir Hüseynov adına 38
saylı məktəbini bitirib. Ailəlidir 1 övladı var. 2008 ci -ildənYAP-ın üzvüdür.</li></ul>



<p><strong>TƏHSİLİ, ELMİ DƏRƏCƏSİ VƏ ELMİ ADI</strong></p>



<ul class="wp-block-list"><li>1995-1999-cu
illərdə Bakı şəhərində Azərbaycan Dillər Universitetinin &nbsp;</li></ul>



<p>Roman-german
filologiyası&nbsp; fakültəsinin Alman dili
bölməsinin bakalavr &nbsp;pilləsini bitirib.
Alman dili və ədəbiyyat müəllimi filoloq dərəcəsi almışdır. </p>



<ul class="wp-block-list"><li>2003/2005-ci
ildə Gəncə Dövlət Universitetinin Müqayisəli tarixi dilçilik ixtisasının
magistr pilləsini bitirib.</li></ul>



<p><strong>ƏMƏK FƏALİYYƏTİ</strong><strong></strong></p>



<ul class="wp-block-list"><li>2002/2005-ci illərdə Gəncə&nbsp; şəhərində
Azərbaycan Müəllimlər İnstitunda laborant,&nbsp; &nbsp;&nbsp;2005- ci ildən isə Gəncə Dövlət
Universitetinin Alman dili kafedrasında&nbsp;müəllim, &nbsp;&nbsp;&nbsp;&nbsp;&nbsp;&nbsp;&nbsp;&nbsp;2010-cu ildən isə baş&nbsp; müəllim
vəzifəsində işləyir.</li></ul>



<p><strong>BEYNƏLXALQ SEMİNAR VƏ KONFRANSLARDA &nbsp;İŞTİRAKI</strong></p>



<ol class="wp-block-list"><li>PEDAGOGICAL
PROBLEMS OF PREPARATION OF CHILDREN FOR SCHOOL EDUCATION IN THE EARLY STAGES OF
FORMATION AND DEVELOPMENT OF PRESCHOOL EDUCATION IN AZERBAIJAN&nbsp; The XII International Scientific Symposium “East and
West: Inteqration of Cultures”/ Eskishehir/ Turkey 30 march 2021</li><li>Məktəbəhazırlıq
qruplarında metodoloji işin təşkili Usbik. Uluslararası sosyal
bilimler kongresi. Kayseri-Turkey26-28 mart 2021</li></ol>



<p><strong>&nbsp;</strong><strong>SEÇİLMİŞ
ƏSƏRLƏRİ</strong></p>



<ol class="wp-block-list"><li>J. W. Goethe. Der beste Anhänger der Ideen des Sturm
und der Drang. Azərbaycan Milli Elmlər Akademiyası. </li><li>Die
besten Vertreter des 1941-1945 Jahren.
məqalə &nbsp;GDU. Elmi xəbərlər.
Fundamental, humanitar və təbiət elnləri seriyası. Gəncə 2018</li><li>Die
deutsche exilliteratur vor dem Krieg. məqalə
Gəncə Dövlət Universiteti. Elmi xəbərlər. Fundamental, humanitar və təbiət
elmləri seriyaı. Gəncə. 2018</li><li>Die
Hauptideen in Schillers Dramaturgie məqalə
GDU.Elmi xəbərlər. Fundamental, humanitar və təbiət elmləri seriyası. Gəncə
2019</li><li>&nbsp;Ümumi dilçilik (Alman dili) (bakalavr
hazırlığı üçün) üzrə fənn proqramı Proqram Gəncə Dövlət Universiteti 2019</li><li>In
Schillers Dramen Frauengestalte məqalə Bakı Dövlət Universitetinin dil və ədəbiyyat
beynəlxalq elmi jurnalı. 2021</li><li>J.W.
Goethe-der beste Anhänger der Ideen des Sturm und der Drang. məqalə Bakı Milli
Elmlər akademiyası Filologiya məsələləri jurnalı. 2022</li><li>Sprachtheorie
und Grammatik bei den Stoikern. Məqalə Azərbaycan&nbsp; Milli Elmlər Akademiyası, Filologiya məsələləri
jurnalı. 2023</li><li>&nbsp;Die Veranstaltung der Intensivierungstunden
Məqalə&nbsp; Azərbaycan Milli Elmlər
Akademiyası, Filologiya məsələləri jurnalı. 2023</li><li>Einigungstendenzen des Frühneuhochdeutschen mit
anderen Sprachen. Məqalə Bakı Dövlət Universitetinin dil və ədəbiyyat beynəlxalq
elmi jurnalı. 2023</li><li>Y.V.Hötenin yaradıcılığında İslam dini. Məqalə Gəncə
Dövlət Universiteti.Elmi xəbərlər.Fundamental, humanitar və təbiət elmləri
seriyası 2023</li><li>İngilis dilində ceyrundun (cerund) funksiyaları. Məqalə Gəncə Dövlət Universiteti.Elmi xəbərlər.Fundamental, humanitar və təbiət
elmləri seriyası 2023</li><li>Xarici dil bacarıqları 4 (Alman dili, bakalavr
hazırlığı üçün) üzrə fənn proqramı. Gəncə Dövlət Universiteti 2023</li><li>Xarici dil bacarıqları 2 (Alman dili, bakalavr
hazırlığı üçün) üzrə fənn proqramı. Gəncə Dövlət Universiteti 2023</li></ol>



<p><strong>Dil bilgisi:</strong></p>



<p>Alman dili, rus
dili.</p>

<p>Xarici dillər fakültəsinin Alman dili kafedrasının baş müəllimi İbrahimova Nigar Fərman qızı &nbsp;&nbsp;&nbsp;&nbsp;&nbsp;&nbsp;&nbsp;&nbsp;&nbsp;&nbsp;&nbsp;&nbsp;&nbsp;&nbsp;&nbsp; Telefon: 050-347-93-73 &nbsp;&nbsp;&nbsp;&nbsp;&nbsp;&nbsp;&nbsp;&nbsp;&nbsp;&nbsp;&nbsp;&nbsp;&nbsp;&nbsp;&nbsp; E-mail: ragin9373@mail.ru &nbsp;&nbsp;&nbsp;&nbsp;&nbsp;&nbsp;&nbsp;&nbsp;&nbsp;&nbsp;&nbsp;&nbsp;&nbsp;&nbsp; QISA BİOQRAFİK MƏLUMAT 29.06.1978 cı &#8211; ildə Gəncə şəhərində anadan olub. 1985-1995 ci ildə Gəncə şəhəri Nadir Hüseynov adına 38 saylı məktəbini bitirib. Ailəlidir 1 övladı var. 2008 ci -ildənYAP-ın üzvüdür. TƏHSİLİ, ELMİ DƏRƏCƏSİ VƏ ELMİ [&hellip;]</p>
