{"id":821,"date":"2016-04-15T07:26:03","date_gmt":"2016-04-15T05:26:03","guid":{"rendered":"http:\/\/xd.gdu.edu.az\/?page_id=821"},"modified":"2025-01-14T09:38:16","modified_gmt":"2025-01-14T07:38:16","slug":"huseynova-turkan-etibar-qizi","status":"publish","type":"page","link":"http:\/\/xdf.gdu.edu.az\/?page_id=821","title":{"rendered":"H\u00fcseynova T\u00fcrkan Etibar q\u0131z\u0131"},"content":{"rendered":"<p><a href=\"http:\/\/xdf.gdu.edu.az\/wp-content\/uploads\/2016\/04\/H\u00fcseynova-T\u00fcrkan-Etibar-q\u0131z\u0131-m\u00fc\u0259l.jpg\"><img loading=\"lazy\" decoding=\"async\" class=\"alignright wp-image-822 size-medium\" src=\"http:\/\/xdf.gdu.edu.az\/wp-content\/uploads\/2016\/04\/H\u00fcseynova-T\u00fcrkan-Etibar-q\u0131z\u0131-m\u00fc\u0259l-225x300.jpg\" alt=\"H\u00fcseynova T\u00fcrkan Etibar q\u0131z\u0131\" width=\"225\" height=\"300\" srcset=\"http:\/\/xdf.gdu.edu.az\/wp-content\/uploads\/2016\/04\/H\u00fcseynova-T\u00fcrkan-Etibar-q\u0131z\u0131-m\u00fc\u0259l-225x300.jpg 225w, http:\/\/xdf.gdu.edu.az\/wp-content\/uploads\/2016\/04\/H\u00fcseynova-T\u00fcrkan-Etibar-q\u0131z\u0131-m\u00fc\u0259l.jpg 531w\" sizes=\"auto, (max-width: 225px) 100vw, 225px\" \/><\/a><\/p>\n<p><strong>H\u00fcseynova T\u00fcrkan Etibar q\u0131z\u0131<\/strong><\/p>\n<p>G\u0259nc\u0259 D\u00f6vl\u0259t Universitetinin \u201cLeksika v\u0259 \u00d6lk\u0259\u015f\u00fcnasl\u0131q\u201dkafedras\u0131n\u0131nm\u00fc\u0259llimi<\/p>\n<p><strong>QISA B\u0130BL\u0130OQRAF\u0130K M\u018fLUMAT<\/strong><\/p>\n<ul>\n<li>1988-ci il 24dekabr tarixind\u0259 G\u00fcrc\u00fcstan Respublikas\u0131 Marneuli rayonunda anadan olmu\u015fdur.<\/li>\n<li>1995-2006-c\u0131 ill\u0259rd\u0259 G\u0259nc\u0259 \u015f\u0259h\u0259ri 33sayl\u0131 orta m\u0259kt\u0259bd\u0259 t\u0259hsil alm\u0131\u015fd\u0131r.<\/li>\n<li>Ail\u0259lidir, bir \u00f6vlad\u0131 var.<\/li>\n<\/ul>\n<p><strong>T\u018fHS\u0130L\u0130, ELM\u0130 D\u018fR\u018fC\u018fS\u0130 V\u018f ELM\u0130 ADI<\/strong><\/p>\n<ul>\n<li>2007-2011-ci ill\u0259rd\u0259 G\u0259nc\u0259 D\u00f6vl\u0259t Universitetind\u0259 \u201cXarici dil (\u0130ngilis dili)\u201d ixtisas\u0131 \u00fczr\u0259 bakalavr d\u0259r\u0259c\u0259si alm\u0131\u015f v\u0259 t\u0259hsilini f\u0259rql\u0259nm\u0259 diplomu il\u0259 bitirmi\u015fd\u0131r.<\/li>\n<li>2011-2014-ci ill\u0259rd\u0259 G\u0259nc\u0259 D\u00f6vl\u0259t Universitetind\u0259 \u201cDil\u015f\u00fcnasl\u0131q\u201d(\u0130ngilis dili) istiqam\u0259ti \u00fczr\u0259 magistr t\u0259hsili alm\u0131\u015f v\u0259 t\u0259hsilini f\u0259rql\u0259nm\u0259 diplomu il\u0259 bitirmi\u015fdir.<\/li>\n<li>2015-ci il tarixind\u0259 \u201cM\u00fcqayis\u0259li-tarixi m\u00fcqayis\u0259li \u2013 tipoloji dil\u00e7ilik\u201d ixtisas\u0131 \u00fczr\u0259 dissertanturaya q\u0259bul olmu\u015f v\u0259 hal \u2013 haz\u0131rda \u201cAz\u0259rbaycan v\u0259 ingilis dill\u0259rind\u0259 \u015f\u0259kil kateqoriyas\u0131n\u0131n ifad\u0259 vasit\u0259si\u201d m\u00f6vzusunun \u00fcz\u0259rind\u0259 i\u015fl\u0259yir.<\/li>\n<li>15 sentyar 2014-c\u00fc ild\u0259n \u201cLeksika v\u0259 \u00d6lk\u0259\u015f\u00fcnasl\u0131q\u201d kafedras\u0131nda m\u00fc\u0259llim i\u015fl\u0259yir.<\/li>\n<\/ul>\n<p><strong>\u00a0<\/strong><\/p>\n<p><strong>\u018fM\u018fK F\u018fAL\u0130YY\u018fT\u0130<\/strong><\/p>\n<ul>\n<li>2012-2014-c\u00fc ill\u0259rd\u0259 \u015e\u0259mkir rayonu \u0259y\u0259m \u2013C\u0131rdaxan k\u0259nd 1 sayl\u0131 orta m\u0259kt\u0259bind\u0259 m\u00fc\u0259llim i\u015fl\u0259yib.<\/li>\n<li>2014-c\u00fc ild\u0259n G\u0259nc\u0259 D\u00f6vl\u0259t Universitetinin \u201cXarici dill\u0259r\u201d fak\u00fclt\u0259sind\u0259 \u201cLeksika v\u0259 \u00d6lk\u0259\u015f\u00fcnasl\u0131q\u201d kafedras\u0131nda m\u00fc\u0259llim i\u015fl\u0259yir.<\/li>\n<\/ul>\n<p><strong>\u00a0<\/strong><\/p>\n<p><strong>SE\u00c7\u0130LM\u0130\u015e \u018fS\u018fRL\u018fR\u0130<\/strong><\/p>\n<p><strong>General notes on style<\/strong><\/p>\n<p><strong>Expressive Means and Stylistic Devices<\/strong><\/p>\n<p><strong>\u00a0<\/strong><\/p>\n<p><strong>\u00a0<\/strong><\/p>\n<p><strong>\u00a0<\/strong><\/p>\n","protected":false},"excerpt":{"rendered":"<p>H\u00fcseynova T\u00fcrkan Etibar q\u0131z\u0131 G\u0259nc\u0259 D\u00f6vl\u0259t Universitetinin \u201cLeksika v\u0259 \u00d6lk\u0259\u015f\u00fcnasl\u0131q\u201dkafedras\u0131n\u0131nm\u00fc\u0259llimi QISA B\u0130BL\u0130OQRAF\u0130K M\u018fLUMAT 1988-ci il 24dekabr tarixind\u0259 G\u00fcrc\u00fcstan Respublikas\u0131 Marneuli rayonunda anadan olmu\u015fdur. 1995-2006-c\u0131 ill\u0259rd\u0259 G\u0259nc\u0259 \u015f\u0259h\u0259ri 33sayl\u0131 orta m\u0259kt\u0259bd\u0259 t\u0259hsil alm\u0131\u015fd\u0131r. Ail\u0259lidir, bir \u00f6vlad\u0131 var. T\u018fHS\u0130L\u0130, ELM\u0130 D\u018fR\u018fC\u018fS\u0130 V\u018f ELM\u0130 ADI 2007-2011-ci ill\u0259rd\u0259 G\u0259nc\u0259 D\u00f6vl\u0259t Universitetind\u0259 \u201cXarici dil (\u0130ngilis dili)\u201d ixtisas\u0131 \u00fczr\u0259 bakalavr d\u0259r\u0259c\u0259si [&hellip;]<\/p>\n","protected":false},"author":4,"featured_media":0,"parent":0,"menu_order":0,"comment_status":"closed","ping_status":"closed","template":"","meta":{"footnotes":""},"categories":[],"tags":[],"class_list":["post-821","page","type-page","status-publish","hentry"],"_links":{"self":[{"href":"http:\/\/xdf.gdu.edu.az\/index.php?rest_route=\/wp\/v2\/pages\/821","targetHints":{"allow":["GET"]}}],"collection":[{"href":"http:\/\/xdf.gdu.edu.az\/index.php?rest_route=\/wp\/v2\/pages"}],"about":[{"href":"http:\/\/xdf.gdu.edu.az\/index.php?rest_route=\/wp\/v2\/types\/page"}],"author":[{"embeddable":true,"href":"http:\/\/xdf.gdu.edu.az\/index.php?rest_route=\/wp\/v2\/users\/4"}],"replies":[{"embeddable":true,"href":"http:\/\/xdf.gdu.edu.az\/index.php?rest_route=%2Fwp%2Fv2%2Fcomments&post=821"}],"version-history":[{"count":3,"href":"http:\/\/xdf.gdu.edu.az\/index.php?rest_route=\/wp\/v2\/pages\/821\/revisions"}],"predecessor-version":[{"id":10938,"href":"http:\/\/xdf.gdu.edu.az\/index.php?rest_route=\/wp\/v2\/pages\/821\/revisions\/10938"}],"wp:attachment":[{"href":"http:\/\/xdf.gdu.edu.az\/index.php?rest_route=%2Fwp%2Fv2%2Fmedia&parent=821"}],"wp:term":[{"taxonomy":"category","embeddable":true,"href":"http:\/\/xdf.gdu.edu.az\/index.php?rest_route=%2Fwp%2Fv2%2Fcategories&post=821"},{"taxonomy":"post_tag","embeddable":true,"href":"http:\/\/xdf.gdu.edu.az\/index.php?rest_route=%2Fwp%2Fv2%2Ftags&post=821"}],"curies":[{"name":"wp","href":"https:\/\/api.w.org\/{rel}","templated":true}]}}

Hüseynova Türkan Etibar qızı

<p><a href="http://xdf.gdu.edu.az/wp-content/uploads/2016/04/Hüseynova-Türkan-Etibar-qızı-müəl.jpg"><img loading="lazy" decoding="async" class="alignright wp-image-822 size-medium" src="http://xdf.gdu.edu.az/wp-content/uploads/2016/04/Hüseynova-Türkan-Etibar-qızı-müəl-225x300.jpg" alt="Hüseynova Türkan Etibar qızı" width="225" height="300" srcset="http://xdf.gdu.edu.az/wp-content/uploads/2016/04/Hüseynova-Türkan-Etibar-qızı-müəl-225x300.jpg 225w, http://xdf.gdu.edu.az/wp-content/uploads/2016/04/Hüseynova-Türkan-Etibar-qızı-müəl.jpg 531w" sizes="auto, (max-width: 225px) 100vw, 225px" /></a></p>
<p><strong>Hüseynova Türkan Etibar qızı</strong></p>
<p>Gəncə Dövlət Universitetinin “Leksika və Ölkəşünaslıq”kafedrasınınmüəllimi</p>
<p><strong>QISA BİBLİOQRAFİK MƏLUMAT</strong></p>
<ul>
<li>1988-ci il 24dekabr tarixində Gürcüstan Respublikası Marneuli rayonunda anadan olmuşdur.</li>
<li>1995-2006-cı illərdə Gəncə şəhəri 33saylı orta məktəbdə təhsil almışdır.</li>
<li>Ailəlidir, bir övladı var.</li>
</ul>
<p><strong>TƏHSİLİ, ELMİ DƏRƏCƏSİ VƏ ELMİ ADI</strong></p>
<ul>
<li>2007-2011-ci illərdə Gəncə Dövlət Universitetində “Xarici dil (İngilis dili)” ixtisası üzrə bakalavr dərəcəsi almış və təhsilini fərqlənmə diplomu ilə bitirmişdır.</li>
<li>2011-2014-ci illərdə Gəncə Dövlət Universitetində “Dilşünaslıq”(İngilis dili) istiqaməti üzrə magistr təhsili almış və təhsilini fərqlənmə diplomu ilə bitirmişdir.</li>
<li>2015-ci il tarixində “Müqayisəli-tarixi müqayisəli – tipoloji dilçilik” ixtisası üzrə dissertanturaya qəbul olmuş və hal – hazırda “Azərbaycan və ingilis dillərində şəkil kateqoriyasının ifadə vasitəsi” mövzusunun üzərində işləyir.</li>
<li>15 sentyar 2014-cü ildən “Leksika və Ölkəşünaslıq” kafedrasında müəllim işləyir.</li>
</ul>
<p><strong> </strong></p>
<p><strong>ƏMƏK FƏALİYYƏTİ</strong></p>
<ul>
<li>2012-2014-cü illərdə Şəmkir rayonu əyəm –Cırdaxan kənd 1 saylı orta məktəbində müəllim işləyib.</li>
<li>2014-cü ildən Gəncə Dövlət Universitetinin “Xarici dillər” fakültəsində “Leksika və Ölkəşünaslıq” kafedrasında müəllim işləyir.</li>
</ul>
<p><strong> </strong></p>
<p><strong>SEÇİLMİŞ ƏSƏRLƏRİ</strong></p>
<p><strong>General notes on style</strong></p>
<p><strong>Expressive Means and Stylistic Devices</strong></p>
<p><strong> </strong></p>
<p><strong> </strong></p>
<p><strong> </strong></p>

<p>Hüseynova Türkan Etibar qızı Gəncə Dövlət Universitetinin “Leksika və Ölkəşünaslıq”kafedrasınınmüəllimi QISA BİBLİOQRAFİK MƏLUMAT 1988-ci il 24dekabr tarixində Gürcüstan Respublikası Marneuli rayonunda anadan olmuşdur. 1995-2006-cı illərdə Gəncə şəhəri 33saylı orta məktəbdə təhsil almışdır. Ailəlidir, bir övladı var. TƏHSİLİ, ELMİ DƏRƏCƏSİ VƏ ELMİ ADI 2007-2011-ci illərdə Gəncə Dövlət Universitetində “Xarici dil (İngilis dili)” ixtisası üzrə bakalavr dərəcəsi [&hellip;]</p>
