{"id":811,"date":"2016-04-15T07:15:39","date_gmt":"2016-04-15T05:15:39","guid":{"rendered":"http:\/\/xd.gdu.edu.az\/?page_id=811"},"modified":"2023-05-22T08:03:26","modified_gmt":"2023-05-22T06:03:26","slug":"m%c9%99h%c9%99rr%c9%99mova-suqur%c9%99-ibrahim-qizi","status":"publish","type":"page","link":"http:\/\/xdf.gdu.edu.az\/?page_id=811","title":{"rendered":"M\u0259h\u0259rr\u0259mova Suqur\u0259 \u0130brahim q\u0131z\u0131"},"content":{"rendered":"\n<div class=\"wp-block-image\"><figure class=\"aligncenter size-large is-resized\"><img loading=\"lazy\" decoding=\"async\" src=\"http:\/\/xdf.gdu.edu.az\/wp-content\/uploads\/2023\/05\/4.jpg\" alt=\"\" class=\"wp-image-12008\" width=\"236\" height=\"315\"\/><\/figure><\/div>\n\n\n<p><strong>Suqur\u0259 \u0130brahim q\u0131z\u0131 M\u0259h\u0259rr\u0259mova<\/strong><\/p>\n<p>1958-ci il avqustun 7-si tarixind\u0259 G\u0259nc\u0259 \u015f\u0259h\u0259rind\u0259, ziyal\u0131 ail\u0259sind\u0259 do\u011fulmu\u015fdur.1981-ci ild\u0259 SSR\u0130-nin 50-illiyi ad\u0131na APXD\u0130 \u2013ni (haz\u0131rk\u0131 Az\u0259rbaycan Dill\u0259r Universitetini) bitirdikd\u0259n sonra pedaqoji f\u0259aliyy\u0259t\u0259 ba\u015flam\u0131\u015f , Xanlar rayon (indiki G\u00f6yg\u00f6l)Nadel k\u0259nd m\u0259kt\u0259bind\u0259 ingilis dili m\u00fc\u0259llimi i\u015fl\u0259mi\u015fdir.Sonralar G\u0259nc\u0259 \u015f\u0259h\u0259r 17 sayl\u0131 orta v\u0259 5 sayl\u0131 pilot m\u0259kt\u0259bd\u0259 ingilis dilini t\u0259dris etmi\u015fdir.1999 \u2013cu ild\u0259n G\u0259nc\u0259 D\u00f6vl\u0259t Universitetind\u0259 Xarici Dill\u0259r Fak\u00fclt\u0259sind\u0259 ingilis dilini t\u0259dris edir.2005-ci ild\u0259 Az\u0259rbaycan Dill\u0259r Universitetinin dissertant\u0131 olmu\u015f v\u0259 \u201cSosial f\u0259rql\u0259rin t\u0259rc\u00fcm\u0259d\u0259 adekvatl\u0131\u011f\u0131 problemi(ingilis n\u0259srinin t\u0259rc\u00fcm\u0259l\u0259ri \u0259sas\u0131nda)\u201d m\u00f6vzusu \u00fcz\u0259rind\u0259 i\u015fl\u0259mi\u015fdir.2009-cu ild\u0259 elmi m\u00fcdafi\u0259ni u\u011furla h\u0259yata ke\u00e7ir\u0259r\u0259k Filologiya \u00fczr\u0259 F\u0259ls\u0259f\u0259 Doktoru elmi d\u0259r\u0259c\u0259sini alm\u0131\u015fd\u0131r.<\/p>\n<p>Suqur\u0259 \u0130brahim q\u0131z\u0131 M\u0259h\u0259rr\u0259mova G\u0259nc\u0259 D\u00f6vl\u0259t Universitetind\u0259 \u201cLeksika v\u0259 \u00f6lk\u0259\u015f\u00fcnasl\u0131q\u201dkafedras\u0131nda dosent\u00a0 v\u0259zif\u0259sind\u0259 2016-ci ilin yaz semestrin\u0259 kimi \u00e7al\u0131\u015fm\u0131\u015f,pay\u0131z semestrind\u0259n is\u0259 h\u0259min universitetin \u201cPraktik xarici dill\u0259r\u201dkafedras\u0131nda pedaqoji f\u0259aliyy\u0259tini davam etdirir. O ,dil\u00e7iliyin v\u0259 t\u0259rc\u00fcm\u0259nin m\u00fcxt\u0259lif m\u0259s\u0259l\u0259l\u0259rind\u0259n b\u0259hs ed\u0259n \u00e7oxsayl\u0131 t\u0259dris v\u0259\u00a0 elmi-metodiki m\u0259qal\u0259l\u0259rin m\u00fc\u0259llifidir. Suqur\u0259 \u0130brahim q\u0131z\u0131 M\u0259h\u0259rr\u0259movan\u0131n 2014-c\u00fc ild\u0259 n\u0259\u015fr olunmu\u015f\u201dSiyasi \u018fd\u0259biyyat v\u0259 Terminl\u0259rin T\u0259rc\u00fcm\u0259si\u201dadl\u0131 d\u0259rs v\u0259saiti t\u0259rc\u00fcm\u0259 \u00fczr\u0259 ixtisasla\u015fan t\u0259l\u0259b\u0259l\u0259r \u00fc\u00e7\u00fcn b\u00f6y\u00fck t\u00f6hv\u0259dir.<\/p>\n<p>Suqur\u0259 \u0130brahim q\u0131z\u0131 M\u0259h\u0259rr\u0259mova 2019-cu ild\u0259 d\u0259rc olunmu\u015f \u201c\u0130ngilis \u018fd\u0259biyyat\u0131\u201dadl\u0131 d\u0259rs v\u0259saitini h\u0259mm\u00fc\u0259llifl\u0259rind\u0259n biridir.<\/p>\n<p>Suqur\u0259 xan\u0131m\u0131n ilk m\u0259tbu \u0259s\u0259ri h\u0259l\u0259 t\u0259l\u0259b\u0259 ik\u0259n 1978-ci ild\u0259 SSR\u0130-nin 50-illiyi ad\u0131na APXD\u0130-nin \u201cBilik\u201d q\u0259zetind\u0259 \u00e7ap olunmu\u015f\u201dOnun t\u0259b\u0259ss\u00fcm\u00fc\u201d adl\u0131 o\u00e7erki olmu\u015fdur.M\u0259nsur \u015ferl\u0259r yazsa da onlardan yaln\u0131z \u00fc\u00e7\u00fcn\u00fc o vaxtk\u0131 \u201cKirovabad kommunisti \u201cq\u0259zetind\u0259 n\u0259\u015fr el\u0259tdirmi\u015fdir.\u0130lk kitab\u0131 Az\u0259rbaycan D\u00f6vl\u0259t N\u0259\u015friyyat\u0131 t\u0259r\u0259find\u0259n\u00a0 1997-ci ild\u0259 Bak\u0131da n\u0259\u015fr olunmu\u015f \u201cQ\u0131rm\u0131z\u0131 Maf\u0259\u201dadlan\u0131r.\u201dHekay\u0259l\u0259r\u201dad\u0131 alt\u0131nda n\u0259\u015fr olunmu\u015f ikinci kitab\u0131 2001-ci ild\u0259 i\u015f\u0131q \u00fcz\u00fc g\u00f6rm\u00fc\u015fd\u00fcr.<\/p>\n<p>Suqur\u0259 m\u00fc\u0259llim\u0259 y\u00fcks\u0259k pedaqoji ustal\u0131\u011f\u0131 il\u0259 universitetin professor-m\u00fc\u0259llim hey\u0259tinin v\u0259 t\u0259l\u0259b\u0259 kollektivinin d\u0259rin h\u00f6rm\u0259tini qazanm\u0131\u015fd\u0131r.T\u0259dris etdiyi f\u0259nnl\u0259ri y\u00fcks\u0259k elmi-medodiki s\u0259viyy\u0259d\u0259 h\u0259yata ke\u00e7irir. Suqur\u0259 \u0130brahim q\u0131z\u0131 M\u0259h\u0259rr\u0259movan\u0131n ingilis dilli \u0259d\u0259biyyatdan, m\u00fcxt\u0259lif\u00a0 janrl\u0131 \u0259s\u0259rl\u0259rin t\u0259rc\u00fcm\u0259si orijinala sadiqliyi,y\u00fcks\u0259k b\u0259dii keyfiyy\u0259tl\u0259ri il\u0259 f\u0259rql\u0259nm\u0259kl\u0259 yana\u015f\u0131 h\u0259m\u00e7inin t\u0259l\u0259b\u0259l\u0259rin d\u00fcnyag\u00f6r\u00fc\u015f\u00fcn\u00fcn geni\u015fl\u0259nm\u0259sin\u0259,onlar\u0131n t\u0259rc\u00fcm\u0259y\u0259 olan mara\u011f\u0131n\u0131n artmas\u0131na t\u0259kan verir.M\u0259\u015fhur amerikan yaz\u0131\u00e7\u0131s\u0131 Con Steynbekin \u201cMirvari\u201d povestini dilimiz\u0259 t\u0259rc\u00fcm\u0259 ed\u0259r\u0259k 2004-c\u00fc ild\u0259 ayr\u0131ca kitab \u015f\u0259klind\u0259 \u00e7ap etdirmi\u015fdir.Suqur\u0259 xan\u0131m Brayn Oldisin \u201cBay\u0131r\u201d,Con Kristoferin \u201cMuzey eksponat\u0131\u201d\u00a0 fantastik hekay\u0259l\u0259rini Az\u0259rbaycan dilin\u0259 t\u0259rc\u00fcm\u0259 etm\u0259kl\u0259 t\u0259rc\u00fcm\u0259 \u0259d\u0259biyyat\u0131n\u0131n z\u0259nginl\u0259\u015fm\u0259sin\u0259 \u00f6z t\u00f6hv\u0259sini vermi\u015fdir. Suqur\u0259 \u0130brahim q\u0131z\u0131 M\u0259h\u0259rr\u0259mova\u00a0 Az\u0259rbaycan \u015fairl\u0259rinin \u015ferl\u0259rini ingilis dilin\u0259 \u00e7evirm\u0259kl\u0259 d\u0259 m\u0259\u015f\u011fuldur.M\u0259hs\u0259ti G\u0259nc\u0259vinin r\u00fcbail\u0259rini ingilis dilin\u0259 t\u0259rc\u00fcm\u0259 etmi\u015f v\u0259 G\u0259nc\u0259 Elm M\u0259rk\u0259zi t\u0259r\u0259find\u0259n\u201dRubaiyat of Mahsati Ganjavi\u201d(M\u0259hs\u0259ti G\u0259nc\u0259vinin R\u00fcbail\u0259ri\u201d)ad\u0131 alt\u0131nda ayr\u0131ca kitab \u015f\u0259klind\u0259 n\u0259\u015fr olunmu\u015fdur. Mirz\u0259 \u015e\u0259fi Vazehin q\u0259z\u0259l v\u0259 \u015ferl\u0259rini ingilis dilin\u0259 t\u0259rc\u00fcm\u0259 etmi\u015fdir.T\u0259rc\u00fcm\u0259 olunmu\u015f h\u0259min q\u0259z\u0259l v\u0259 n\u0259\u011fm\u0259l\u0259r M.\u015e.Vazehin 220-illik yubileyi m\u00fcnasib\u0259til\u0259\u00a0 t\u0259\u015fkil olunmu\u015f universitet t\u0259dbirind\u0259 t\u0259l\u0259b\u0259l\u0259rin ifas\u0131nda tama\u015fa\u00e7\u0131lara t\u0259qdim olunmu\u015fdur.Onun\u00a0 povest v\u0259 hekay\u0259l\u0259ri yazarlar\u0131n v\u0259 oxucular\u0131n d\u0259rin mara\u011f\u0131na s\u0259b\u0259b olmu\u015fdur. \u201dUlduz\u201d,\u201d\u018fd\u0259biyyat q\u0259zeti\u201d kimi \u0259d\u0259bi m\u0259tbuatda\u00a0 vaxta\u015f\u0131r\u0131 \u00f6z hekay\u0259l\u0259ri v\u0259 t\u0259rc\u00fcm\u0259l\u0259ri il\u0259 \u00e7\u0131x\u0131\u015f edir.\u201d\u00c7ala\u201d hekay\u0259si \u201c Ulduz\u201d jurnal\u0131nda \u00e7ap olunmu\u015fdur. \u0130ngilis yaz\u0131\u00e7\u0131s\u0131 Somerset Moemin \u201cJiq\u0259lou v\u0259 Jiqolet\u201dhekay\u0259sini t\u0259rc\u00fcm\u0259 etmi\u015f v\u0259 2009-cu ild\u0259 \u201c\u018fd\u0259biyyat q\u0259zeti\u201dnd\u0259 n\u0259\u015fr\u00a0 etdirmi\u015fdir.<\/p>\n<p>2022 -ci ild\u0259\u00a0 Suqur\u0259 \u0130brahim q\u0131z\u0131 M\u0259h\u0259rr\u0259mova \u00f6z t\u0259rc\u00fcm\u0259l\u0259rini (ingilis dilind\u0259 d\u0259rc olunmu\u015f b\u0259dii v\u0259 f\u0259ls\u0259fi\u00a0 n\u00fcmun\u0259l\u0259rin az\u0259rbaycan dilin\u0259 t\u0259rc\u00fcm\u0259si) \u201cN\u0259sr T\u0259rc\u00fcm\u0259l\u0259ri \u201c ad\u0131 il\u0259 kitab \u015f\u0259klind\u0259 \u00e7ap etdirmi\u015fdir.<\/p>\n<p>\u00a0<\/p>","protected":false},"excerpt":{"rendered":"<p>Suqur\u0259 \u0130brahim q\u0131z\u0131 M\u0259h\u0259rr\u0259mova 1958-ci il avqustun 7-si tarixind\u0259 G\u0259nc\u0259 \u015f\u0259h\u0259rind\u0259, ziyal\u0131 ail\u0259sind\u0259 do\u011fulmu\u015fdur.1981-ci ild\u0259 SSR\u0130-nin 50-illiyi ad\u0131na APXD\u0130 \u2013ni (haz\u0131rk\u0131 Az\u0259rbaycan Dill\u0259r Universitetini) bitirdikd\u0259n sonra pedaqoji f\u0259aliyy\u0259t\u0259 ba\u015flam\u0131\u015f , Xanlar rayon (indiki G\u00f6yg\u00f6l)Nadel k\u0259nd m\u0259kt\u0259bind\u0259 ingilis dili m\u00fc\u0259llimi i\u015fl\u0259mi\u015fdir.Sonralar G\u0259nc\u0259 \u015f\u0259h\u0259r 17 sayl\u0131 orta v\u0259 5 sayl\u0131 pilot m\u0259kt\u0259bd\u0259 ingilis dilini t\u0259dris etmi\u015fdir.1999 \u2013cu [&hellip;]<\/p>\n","protected":false},"author":4,"featured_media":0,"parent":0,"menu_order":0,"comment_status":"closed","ping_status":"closed","template":"","meta":{"footnotes":""},"categories":[],"tags":[],"class_list":["post-811","page","type-page","status-publish","hentry"],"_links":{"self":[{"href":"http:\/\/xdf.gdu.edu.az\/index.php?rest_route=\/wp\/v2\/pages\/811","targetHints":{"allow":["GET"]}}],"collection":[{"href":"http:\/\/xdf.gdu.edu.az\/index.php?rest_route=\/wp\/v2\/pages"}],"about":[{"href":"http:\/\/xdf.gdu.edu.az\/index.php?rest_route=\/wp\/v2\/types\/page"}],"author":[{"embeddable":true,"href":"http:\/\/xdf.gdu.edu.az\/index.php?rest_route=\/wp\/v2\/users\/4"}],"replies":[{"embeddable":true,"href":"http:\/\/xdf.gdu.edu.az\/index.php?rest_route=%2Fwp%2Fv2%2Fcomments&post=811"}],"version-history":[{"count":3,"href":"http:\/\/xdf.gdu.edu.az\/index.php?rest_route=\/wp\/v2\/pages\/811\/revisions"}],"predecessor-version":[{"id":12058,"href":"http:\/\/xdf.gdu.edu.az\/index.php?rest_route=\/wp\/v2\/pages\/811\/revisions\/12058"}],"wp:attachment":[{"href":"http:\/\/xdf.gdu.edu.az\/index.php?rest_route=%2Fwp%2Fv2%2Fmedia&parent=811"}],"wp:term":[{"taxonomy":"category","embeddable":true,"href":"http:\/\/xdf.gdu.edu.az\/index.php?rest_route=%2Fwp%2Fv2%2Fcategories&post=811"},{"taxonomy":"post_tag","embeddable":true,"href":"http:\/\/xdf.gdu.edu.az\/index.php?rest_route=%2Fwp%2Fv2%2Ftags&post=811"}],"curies":[{"name":"wp","href":"https:\/\/api.w.org\/{rel}","templated":true}]}}