{"id":748,"date":"2016-04-12T06:28:55","date_gmt":"2016-04-12T04:28:55","guid":{"rendered":"http:\/\/xd.gdu.edu.az\/?page_id=748"},"modified":"2023-05-22T08:30:32","modified_gmt":"2023-05-22T06:30:32","slug":"%c9%99f%c9%99ndiyeva-ayt%c9%99n-uzeyir-qizi","status":"publish","type":"page","link":"http:\/\/xdf.gdu.edu.az\/?page_id=748","title":{"rendered":"\u018ff\u0259ndiyeva Ayt\u0259n \u00dczeyir q\u0131z\u0131"},"content":{"rendered":"\n<div class=\"wp-block-image\"><figure class=\"aligncenter size-large is-resized\"><img loading=\"lazy\" decoding=\"async\" src=\"http:\/\/xdf.gdu.edu.az\/wp-content\/uploads\/2023\/05\/\u0259f\u0259n-ayt\u0259n.jpg\" alt=\"\" class=\"wp-image-12012\" width=\"248\" height=\"339\"\/><\/figure><\/div>\n\n\n<p><strong>\u018ff\u0259ndiyeva Ayt\u0259n \u00dczeyir q.<\/strong><\/p>\n<p><strong>V\u0259zif\u0259si:<\/strong>\u00a0\u00a0 \u00a0ba\u015f m\u00fc\u0259llim<\/p>\n<p><strong>Tel <\/strong>\u00a0050\u00a0361-25-60<\/p>\n<p><strong>Email <\/strong>\u00a0ayten.efendiyeva@gmail.com<\/p>\n<p><strong>QISA B\u0130OQRAF\u0130Q M\u018fLUMAT<\/strong><\/p>\n<p>1983-c\u00fc il sentyabr\u0131n 16-da Az\u0259rbaycan Respublikas\u0131n\u0131n G\u0259nc\u0259 \u015f\u0259h\u0259rind\u0259 ziyal\u0131 ail\u0259sind\u0259 anadan olmu\u015fdur.<\/p>\n<p>1990-2000-ci ill\u0259rd\u0259 G\u0259nc\u0259 \u015f\u0259h\u0259r 6 sayl\u0131 tam orta m\u0259kt\u0259bd\u0259 t\u0259hsil alm\u0131\u015fd\u0131r.<\/p>\n<p><strong>T\u018fHS\u0130L\u0130 V\u018f ELM\u0130D\u018fR\u018fC\u018f ADLARI<\/strong><\/p>\n<p>2004-c\u00fc ild\u0259 G\u0259nc\u0259 D\u00f6vl\u0259t Universitetinin Filalogiya fakul\u0259sinin \u0130ngilis dili ixtisas\u0131n\u0131 f\u0259rql\u0259nm\u0259 diplomu il\u0259 bitirmi\u015fdir.<\/p>\n<p>2008-ci ild\u0259 GDU-nun\u00a0 T\u0259rc\u00fcm\u0259 n\u0259z\u0259riyy\u0259si v\u0259 dill\u0259raras\u0131 \u0259laq\u0259 ixtisasla\u015fmas\u0131 \u00fczr\u0259 magistraturas\u0131n\u0131 f\u0259rql\u0259nm\u0259 diplomu il\u0259 bitirmi\u015fdir.<\/p>\n<p>2019-cu ild\u0259 GDU-nun dissertantura \u015f\u00f6b\u0259sinin 5714.01 \u015fifr\u0259sinin M\u00fcqayis\u0259li tarixi-m\u00fcqayis\u0259li tipoloji\u00a0 dil\u00e7ilik ixtisas\u0131na daxil olmu\u015f, 2023-c\u00fc ild\u0259 GDU-nun Az\u0259rbaycan dili kafedras\u0131nda dissertasiya i\u015finin ilkin m\u00fczakir\u0259sini yerin\u0259 yetirmi\u015fdir.<\/p>\n<p><strong>\u018fM\u018fK F\u018fAL\u0130YY\u018fT\u0130<\/strong><\/p>\n<p>2004-2014-c\u00fc ill\u0259rd\u0259 G\u0259nc\u0259 Humanitar Kollecind\u0259 m\u00fc\u0259llim<\/p>\n<p>2014-2022-ci ill\u0259rd\u0259 G\u0259nc\u0259 D\u00f6vl\u0259t universitetinin Praktik Xarici Dill\u0259r kafedras\u0131nda m\u00fc\u0259llim<\/p>\n<p>2023-c\u00fc ilin aprel ay\u0131ndan ba\u015f m\u00fc\u0259llim<\/p>\n<p><strong>T\u018fLT\u0130FL\u018fR\u0130<\/strong><\/p>\n<p>Yoxdur<\/p>\n<p><strong>T\u018fDQ\u0130QAT SAH\u018fS\u0130<\/strong><\/p>\n<p>\u0130ngilis v\u0259 Az\u0259rbaycan dilinin m\u00fcqayis\u0259li \u00f6yr\u0259nilm\u0259si, ingilis v\u0259 az\u0259rbaycan dill\u0259rind\u0259 anlama feill\u0259rinin struktur semantik x\u00fcs\u00fcsiyy\u0259tl\u0259rinin ara\u015fd\u0131r\u0131lmas\u0131.<\/p>\n<p><strong>Elmi \u0259s\u0259rl\u0259ri<\/strong><\/p>\n<ol>\n<li>\u0130nkar s\u00f6z v\u0259 \u0259v\u0259zlikl\u0259rin f\u0259rqli v\u0259 ox\u015far c\u0259h\u0259tl\u0259ri, GDU Elmi x\u0259b\u0259rl\u0259r 2016<\/li>\n<li>\u201cDo and make\u201d feill\u0259rinin i\u015fl\u0259nm\u0259 x\u00fcsusiyy\u0259tl\u0259ri<\/li>\n<li>Ciaran Carson\u2019s sonnet sequence Bak\u0131 Slavyan universiteti,2018 \u21162<\/li>\n<li>\u0130caz\u0259 verm\u0259k m\u0259nas\u0131nda i\u015fl\u0259dil\u0259n feill\u0259rin c\u00fcml\u0259d\u0259 funksiyas\u0131, GDU Elmi x\u0259b\u0259rl\u0259r ,2019 \u21161<\/li>\n<li>Language, meaning and contex Filalogiya m\u0259s\u0259l\u0259l\u0259ri, Bak\u0131 2020 \u21163<\/li>\n<li>Anlama lingvistik hadis\u0259 kimi, filalogiya m\u0259s\u0259l\u0259l\u0259ri, Bak\u0131 2020,\u2116 12<\/li>\n<li>Anlama feill\u0259rinin t\u0259dqiqin\u0259 m\u00fcxt\u0259lif bax\u0131\u015flar, GDU, Elmi x\u0259b\u0259rl\u0259r,2020 \u21162<\/li>\n<li>Anlaman\u0131n dil\u00e7iliyin m\u00fcxt\u0259lif sah\u0259l\u0259rind\u0259 d\u0259rki, BSU, Elmi \u0259s\u0259rl\u0259r, 2021 Bak\u0131\u21161<\/li>\n<li>\u00dcnsiyy\u0259t n\u0259z\u0259riyy\u0259sind\u0259 meta-kommunikasiya termininin \u015f\u0259rhi, Nax\u00e7\u0131van Universiteti, Elmi \u018fs\u0259rl\u0259r, 2021, \u2116 3<\/li>\n<li>Semantik sah\u0259nin mahiyy\u0259ti m\u0259s\u0259l\u0259si, GDU Elmi x\u0259b\u0259rl\u0259r,2021 \u21162<\/li>\n<li>Methods of the study of verbs of understandings in linguistics, Traektoriya Nauki international scientific journal Slovac republic,2022, vol 8 , \u21166<\/li>\n<li>Principles of formation of lexical -semantic groups, Ukrayna 2022 tom 33 \u21164 <strong>, <\/strong>I hiss\u0259<\/li>\n<\/ol>\n<p><strong>\u00a0<\/strong><\/p>\n<p><strong>BEYN\u018fLXALQ V\u018f RESPUBL\u0130KA S\u0130MPOZ\u0130UM V\u018f KONFRANSLARDA\u00a0 \u0130\u015eT\u0130RAKI:<\/strong><\/p>\n<ol>\n<li>Functional aspect of speech sounds, 17-18 oktyabr 2018, G\u0259nc\u0259, G\u0259nc aliml\u0259rin III beyn\u0259lxalq elmi konfrans\u0131<\/li>\n<li>Pecularities of English idioms, 25-26 0ktyabr 2019, G\u0259nc\u0259, G\u0259nc aliml\u0259rin IV Respublika elmi-praktik konfrans\u0131<\/li>\n<li>Anlama Linqvo-F\u0259ls\u0259fi fenomen kimi, Beyn\u0259lxalq elmi jurnal , V Respublika elmi qaynaqlar konfrans\u0131 02 noyabr 2021,<\/li>\n<li>\u0130ngilis dilind\u0259 anlama feill\u0259rinin m\u0259na x\u00fcsusiyy\u0259tl\u0259ri, The international Scientific symposium. Sciense and the culture in the modern world. Dedicated to the day of solidarity of world azerbaijanis.<\/li>\n<li>Humanitar elml\u0259rd\u0259 anlama, Elmi i\u015f, beyn\u0259lxalq elmi jurnal, VIII Beyn\u0259lxalq elmi ara\u015fd\u0131rmalar konfrans\u0131n materiallar\u0131, 26 aprel 2022.<\/li>\n<\/ol>\n<p><strong>Dil bilgisi<\/strong><strong>: <\/strong>ingilis dili, rus dili<\/p>\n<p><strong>Partiyal\u0131l\u0131\u011f\u0131<\/strong><strong>:<\/strong> 2002-ci ild\u0259n YAP-\u0131n \u00fczv\u00fcy\u0259m<\/p>","protected":false},"excerpt":{"rendered":"<p>\u018ff\u0259ndiyeva Ayt\u0259n \u00dczeyir q. V\u0259zif\u0259si:\u00a0\u00a0 \u00a0ba\u015f m\u00fc\u0259llim Tel \u00a0050\u00a0361-25-60 Email \u00a0ayten.efendiyeva@gmail.com QISA B\u0130OQRAF\u0130Q M\u018fLUMAT 1983-c\u00fc il sentyabr\u0131n 16-da Az\u0259rbaycan Respublikas\u0131n\u0131n G\u0259nc\u0259 \u015f\u0259h\u0259rind\u0259 ziyal\u0131 ail\u0259sind\u0259 anadan olmu\u015fdur. 1990-2000-ci ill\u0259rd\u0259 G\u0259nc\u0259 \u015f\u0259h\u0259r 6 sayl\u0131 tam orta m\u0259kt\u0259bd\u0259 t\u0259hsil alm\u0131\u015fd\u0131r. T\u018fHS\u0130L\u0130 V\u018f ELM\u0130D\u018fR\u018fC\u018f ADLARI 2004-c\u00fc ild\u0259 G\u0259nc\u0259 D\u00f6vl\u0259t Universitetinin Filalogiya fakul\u0259sinin \u0130ngilis dili ixtisas\u0131n\u0131 f\u0259rql\u0259nm\u0259 diplomu il\u0259 bitirmi\u015fdir. [&hellip;]<\/p>\n","protected":false},"author":4,"featured_media":0,"parent":0,"menu_order":0,"comment_status":"closed","ping_status":"closed","template":"","meta":{"footnotes":""},"categories":[],"tags":[],"class_list":["post-748","page","type-page","status-publish","hentry"],"_links":{"self":[{"href":"http:\/\/xdf.gdu.edu.az\/index.php?rest_route=\/wp\/v2\/pages\/748","targetHints":{"allow":["GET"]}}],"collection":[{"href":"http:\/\/xdf.gdu.edu.az\/index.php?rest_route=\/wp\/v2\/pages"}],"about":[{"href":"http:\/\/xdf.gdu.edu.az\/index.php?rest_route=\/wp\/v2\/types\/page"}],"author":[{"embeddable":true,"href":"http:\/\/xdf.gdu.edu.az\/index.php?rest_route=\/wp\/v2\/users\/4"}],"replies":[{"embeddable":true,"href":"http:\/\/xdf.gdu.edu.az\/index.php?rest_route=%2Fwp%2Fv2%2Fcomments&post=748"}],"version-history":[{"count":2,"href":"http:\/\/xdf.gdu.edu.az\/index.php?rest_route=\/wp\/v2\/pages\/748\/revisions"}],"predecessor-version":[{"id":12069,"href":"http:\/\/xdf.gdu.edu.az\/index.php?rest_route=\/wp\/v2\/pages\/748\/revisions\/12069"}],"wp:attachment":[{"href":"http:\/\/xdf.gdu.edu.az\/index.php?rest_route=%2Fwp%2Fv2%2Fmedia&parent=748"}],"wp:term":[{"taxonomy":"category","embeddable":true,"href":"http:\/\/xdf.gdu.edu.az\/index.php?rest_route=%2Fwp%2Fv2%2Fcategories&post=748"},{"taxonomy":"post_tag","embeddable":true,"href":"http:\/\/xdf.gdu.edu.az\/index.php?rest_route=%2Fwp%2Fv2%2Ftags&post=748"}],"curies":[{"name":"wp","href":"https:\/\/api.w.org\/{rel}","templated":true}]}}

Əfəndiyeva Aytən Üzeyir qızı

<div class="wp-block-image"><figure class="aligncenter size-large is-resized"><img loading="lazy" decoding="async" src="http://xdf.gdu.edu.az/wp-content/uploads/2023/05/əfən-aytən.jpg" alt="" class="wp-image-12012" width="248" height="339"/></figure></div>


<p><strong>Əfəndiyeva Aytən Üzeyir q.</strong></p>
<p><strong>Vəzifəsi:</strong>    baş müəllim</p>
<p><strong>Tel </strong> 050 361-25-60</p>
<p><strong>Email </strong> ayten.efendiyeva@gmail.com</p>
<p><strong>QISA BİOQRAFİQ MƏLUMAT</strong></p>
<p>1983-cü il sentyabrın 16-da Azərbaycan Respublikasının Gəncə şəhərində ziyalı ailəsində anadan olmuşdur.</p>
<p>1990-2000-ci illərdə Gəncə şəhər 6 saylı tam orta məktəbdə təhsil almışdır.</p>
<p><strong>TƏHSİLİ VƏ ELMİDƏRƏCƏ ADLARI</strong></p>
<p>2004-cü ildə Gəncə Dövlət Universitetinin Filalogiya fakuləsinin İngilis dili ixtisasını fərqlənmə diplomu ilə bitirmişdir.</p>
<p>2008-ci ildə GDU-nun  Tərcümə nəzəriyyəsi və dillərarası əlaqə ixtisaslaşması üzrə magistraturasını fərqlənmə diplomu ilə bitirmişdir.</p>
<p>2019-cu ildə GDU-nun dissertantura şöbəsinin 5714.01 şifrəsinin Müqayisəli tarixi-müqayisəli tipoloji  dilçilik ixtisasına daxil olmuş, 2023-cü ildə GDU-nun Azərbaycan dili kafedrasında dissertasiya işinin ilkin müzakirəsini yerinə yetirmişdir.</p>
<p><strong>ƏMƏK FƏALİYYƏTİ</strong></p>
<p>2004-2014-cü illərdə Gəncə Humanitar Kollecində müəllim</p>
<p>2014-2022-ci illərdə Gəncə Dövlət universitetinin Praktik Xarici Dillər kafedrasında müəllim</p>
<p>2023-cü ilin aprel ayından baş müəllim</p>
<p><strong>TƏLTİFLƏRİ</strong></p>
<p>Yoxdur</p>
<p><strong>TƏDQİQAT SAHƏSİ</strong></p>
<p>İngilis və Azərbaycan dilinin müqayisəli öyrənilməsi, ingilis və azərbaycan dillərində anlama feillərinin struktur semantik xüsüsiyyətlərinin araşdırılması.</p>
<p><strong>Elmi əsərləri</strong></p>
<ol>
<li>İnkar söz və əvəzliklərin fərqli və oxşar cəhətləri, GDU Elmi xəbərlər 2016</li>
<li>“Do and make” feillərinin işlənmə xüsusiyyətləri</li>
<li>Ciaran Carson’s sonnet sequence Bakı Slavyan universiteti,2018 №2</li>
<li>İcazə vermək mənasında işlədilən feillərin cümlədə funksiyası, GDU Elmi xəbərlər ,2019 №1</li>
<li>Language, meaning and contex Filalogiya məsələləri, Bakı 2020 №3</li>
<li>Anlama lingvistik hadisə kimi, filalogiya məsələləri, Bakı 2020,№ 12</li>
<li>Anlama feillərinin tədqiqinə müxtəlif baxışlar, GDU, Elmi xəbərlər,2020 №2</li>
<li>Anlamanın dilçiliyin müxtəlif sahələrində dərki, BSU, Elmi əsərlər, 2021 Bakı№1</li>
<li>Ünsiyyət nəzəriyyəsində meta-kommunikasiya termininin şərhi, Naxçıvan Universiteti, Elmi Əsərlər, 2021, № 3</li>
<li>Semantik sahənin mahiyyəti məsələsi, GDU Elmi xəbərlər,2021 №2</li>
<li>Methods of the study of verbs of understandings in linguistics, Traektoriya Nauki international scientific journal Slovac republic,2022, vol 8 , №6</li>
<li>Principles of formation of lexical -semantic groups, Ukrayna 2022 tom 33 №4 <strong>, </strong>I hissə</li>
</ol>
<p><strong> </strong></p>
<p><strong>BEYNƏLXALQ VƏ RESPUBLİKA SİMPOZİUM VƏ KONFRANSLARDA  İŞTİRAKI:</strong></p>
<ol>
<li>Functional aspect of speech sounds, 17-18 oktyabr 2018, Gəncə, Gənc alimlərin III beynəlxalq elmi konfransı</li>
<li>Pecularities of English idioms, 25-26 0ktyabr 2019, Gəncə, Gənc alimlərin IV Respublika elmi-praktik konfransı</li>
<li>Anlama Linqvo-Fəlsəfi fenomen kimi, Beynəlxalq elmi jurnal , V Respublika elmi qaynaqlar konfransı 02 noyabr 2021,</li>
<li>İngilis dilində anlama feillərinin məna xüsusiyyətləri, The international Scientific symposium. Sciense and the culture in the modern world. Dedicated to the day of solidarity of world azerbaijanis.</li>
<li>Humanitar elmlərdə anlama, Elmi iş, beynəlxalq elmi jurnal, VIII Beynəlxalq elmi araşdırmalar konfransın materialları, 26 aprel 2022.</li>
</ol>
<p><strong>Dil bilgisi</strong><strong>: </strong>ingilis dili, rus dili</p>
<p><strong>Partiyalılığı</strong><strong>:</strong> 2002-ci ildən YAP-ın üzvüyəm</p>

<p>Əfəndiyeva Aytən Üzeyir q. Vəzifəsi:    baş müəllim Tel  050 361-25-60 Email  ayten.efendiyeva@gmail.com QISA BİOQRAFİQ MƏLUMAT 1983-cü il sentyabrın 16-da Azərbaycan Respublikasının Gəncə şəhərində ziyalı ailəsində anadan olmuşdur. 1990-2000-ci illərdə Gəncə şəhər 6 saylı tam orta məktəbdə təhsil almışdır. TƏHSİLİ VƏ ELMİDƏRƏCƏ ADLARI 2004-cü ildə Gəncə Dövlət Universitetinin Filalogiya fakuləsinin İngilis dili ixtisasını fərqlənmə diplomu ilə bitirmişdir. [&hellip;]</p>
