{"id":721,"date":"2016-04-12T06:09:07","date_gmt":"2016-04-12T04:09:07","guid":{"rendered":"http:\/\/xd.gdu.edu.az\/?page_id=721"},"modified":"2023-05-22T08:34:12","modified_gmt":"2023-05-22T06:34:12","slug":"qurbanova-samir%c9%99-arif-qizi","status":"publish","type":"page","link":"http:\/\/xdf.gdu.edu.az\/?page_id=721","title":{"rendered":"Qurbanova Samir\u0259 Arif q\u0131z\u0131"},"content":{"rendered":"\n<div class=\"wp-block-image\"><figure class=\"aligncenter size-large is-resized\"><img loading=\"lazy\" decoding=\"async\" src=\"http:\/\/xdf.gdu.edu.az\/wp-content\/uploads\/2023\/05\/qur-samir\u0259.jpg\" alt=\"\" class=\"wp-image-12025\" width=\"244\" height=\"315\"\/><\/figure><\/div>\n\n\n\n\n\n<p><strong>Qurbanova\nSamir\u0259 Arif q.<\/strong><strong> <\/strong><\/p>\n\n\n\n<p>G\u0259nc\u0259\nD\u00f6vl\u0259t Universitetinin \u201cPraktik Xarici Dill\u0259r\u201d kafedras\u0131n\u0131n m\u00fc\u0259llimi<\/p>\n\n\n\n<p><strong>QISA B\u0130OQRAF\u0130K M\u018fLUMAT<\/strong><\/p>\n\n\n\n<p>1982 ci\nil 10 iyul tarixd\u0259 G\u0259nc\u0259 \u015f\u0259h\u0259rind\u0259 anadan olub.<\/p>\n\n\n\n<p>1989-1999\nci ill\u0259rd\u0259 G\u0259nc\u0259 \u015f\u0259h\u0259ri 15 sayl\u0131 orta m\u0259kt\u0259bd\u0259 t\u0259hsil alm\u0131\u015f v\u0259 h\u0259min m\u0259kt\u0259bi\nbitirmi\u015fdir.<\/p>\n\n\n\n<p><strong>T\u018fHS\u0130L , ELM\u0130 D\u018fR\u018fC\u018fS\u0130 V\u018f ELM\u0130 ADI<\/strong><\/p>\n\n\n\n<p>1999-2003-c\u00fc ild\u0259 G\u0259nc\u0259 D\u00f6vl\u0259t Universitetinin Filologiya\nfakult\u0259sinin \u0130ngilis dili ixtisas\u0131 \u00fczr\u0259 bakalavr t\u0259hsil s\u0259viyy\u0259sini, 2005-ci\nild\u0259 is\u0259 G\u0259nc\u0259 D\u00f6vl\u0259t Universitetinin Dil\u015f\u00fcnasl\u0131q fakult\u0259sinin \u0130ngilis dili\nixtisas\u0131 \u00fczr\u0259 magistratura t\u0259hsil s\u0259viyy\u0259sini bitirmi\u015fdir.<\/p>\n\n\n\n<p>&nbsp;2018-ci ild\u0259 F\u0259ls\u0259f\u0259 Doktoru\nProqram\u0131 \u00fczr\u0259 GDU-nun Az\u0259rbaycan dili kafedras\u0131n\u0131n 5714.01 \u201c M\u00fcqayis\u0259li-tarixi\nv\u0259 m\u00fcqayis\u0259li-tipoloji dil\u00e7ilik\u201d ixtisas\u0131na qiyabi doktorant q\u0259bul olmu\u015fdur.<\/p>\n\n\n\n<p><strong>\u018fM\u018fK F\u018fAL\u0130YY\u018fT\u0130<\/strong><\/p>\n\n\n\n<p>2004-2007\nill\u0259rd\u0259 G\u0259nc\u0259 \u015f\u0259h\u0259ri 31 sayl\u0131 m\u0259kt\u0259bd\u0259 ingilis dili m\u00fc\u0259llimi <\/p>\n\n\n\n<p>2008-2010\ncu ill\u0259rd\u0259 G\u0259nc\u0259 D\u00f6vl\u0259t Universitetinin Qrammatika v\u0259 onun t\u0259drisi kafedras\u0131nda\nlaborant <\/p>\n\n\n\n<p>2010-\nild\u0259n GDU \u2013nin Praktik Xarici Dill\u0259r kafedras\u0131nda m\u00fc\u0259llim\u0259 i\u015fl\u0259yir<\/p>\n\n\n\n<p><strong>T\u018fDQ\u0130QAT SAH\u018fS\u0130<\/strong><\/p>\n\n\n\n<p>Kamal\nAbdullan\u0131n \u201cYar\u0131m\u00e7\u0131q \u0259lyazma\u201d roman\u0131n orijinal\u0131 v\u0259 ingilis dili t\u0259rc\u00fcm\u0259sind\u0259\nintertekstuall\u0131q<\/p>\n\n\n\n<p><strong>SE\u00c7\u0130LM\u0130\u015e \u018fS\u018fRL\u018fR\u0130<\/strong><\/p>\n\n\n\n<ol class=\"wp-block-list\"><li>Intertekst ve\nintertekstuall\u0131q. Tezis. G\u0259nc aliml\u0259rin IV Respublika elmi praktik konfrans\u0131 \u2013\nG\u0259nc\u0259. 2019, s. 262-264, \u0130\u015far\u0259 say\u0131- 8&nbsp;008 s.262-264.<\/li><li>B\u0259dii m\u0259tnd\u0259 intertekstin v\u0259\nintertekstuall\u0131\u011f\u0131n t\u0259yini m\u0259s\u0259l\u0259l\u0259ri. M\u0259qal\u0259. \u201cDil siyas\u0259ti v\u0259 m\u00fcasir d\u00f6vr\u201d\nm\u00f6vzusunda Beyn\u0259lxalq Elmi konfrans\u0131n materiallar\u0131&nbsp; &#8211; Bak\u0131 Slavyan Universiteti. 2019, s.\n186-190. \u0130\u015far\u0259 say\u0131 -2&nbsp;349 s.186-190.<\/li><li>Aspects of intertextuality in\nthe novel \u201cThe Unfinished Manuscript\u201d by Kamal Abdulla. M\u0259qal\u0259. El Ruha 8th\ninternational conference on social science: Karak, Jordan Mutah University.\n2021, s.302-309. \u0130\u015far\u0259 say\u0131-16&nbsp;160, s.302-309.<\/li><li>ALLUSION TO THE EPICS \u201cKITABI-DADA GORGUD\u201d IN K. ABDULLA\u2019S NOVEL\n\u201cINCOMPLETE MANUSCRIPT\u201d. M\u0259qal\u0259. \u041c\u0456\u0436\u043d\u0430\u0440\u043e\u0434\u043d\u0438\u0439 \u0433\u0443\u043c\u0430\u043d\u0456\u0442\u0430\u0440\u043d\u0438\u0439 \u0443\u043d\u0456\u0432\u0435\u0440\u0441\u0438\u0442\u0435\u0442 \u043e\u0444\u0456\u0441 502, \u0423\u043a\u0440\u0430\u0457\u043d\u0430, 2021. \u2116 49 \u0442\u043e\u043c 2, s. 62-67. \u0130\u015far\u0259 say\u0131- 25&nbsp;368, s.62-67.<\/li><li>Intertextual equivalents in\nthe english translation of K.Abdullah\u2019s novel \u201cIncomplete Manusscript\u201d. M\u0259qal\u0259,\nAMEA M\u0259h\u0259mm\u0259d F\u00fczuli ad\u0131na \u018flyazmalar \u0130nstitutu \u201c\u018fLYAZMALAR YANMIR\u201delmi\njurnal\u0131, 2021, s. 98-104. \u0130\u015far\u0259 say\u0131- 18&nbsp;345, s.98-104.<\/li><li>Posmodernist b\u0259dii diskursun \u0259sas\nx\u00fcsusiyy\u0259tl\u0259ri (Kamal Abdullan\u0131n \u201cYar\u0131m\u00e7\u0131q \u0259lyazma\u201d roman\u0131 \u0259sas\u0131nda). M\u0259qal\u0259.\nTerminologiya m\u0259s\u0259l\u0259l\u0259ri. Bak\u0131, 2021, s. 65-70. \u0130\u015far\u0259 say\u0131-19&nbsp;237,\ns.65-70.<\/li><li>\u201cYARIM\u00c7IQ\n\u018fLYAZMA\u201d ROMANINDA X\u018fTA\u0130 \u0130NTERTEKS-TEMALARI. AMEA M\u0259h\u0259mm\u0259d F\u00fczuli ad\u0131na \u018flyazmalar\n\u0130nstitutu Filologiya m\u0259s\u0259l\u0259l\u0259ri. 2021, I\u015far\u0259 say\u0131- 16&nbsp;696,&nbsp; s.322-330.<\/li><li>B\u0259dii m\u0259tnd\u0259 intertekstuall\u0131q.\nM\u0259qal\u0259, Elmi X\u0259b\u0259rl\u0259r, G\u0259nc\u0259 D\u00f6vl\u0259t Universiteti, 06.04.2022, \u21161, \u0130\u015far\u0259 say\u0131- 3217, s.170-177.<\/li><li>Kamal Abdullan\u0131n \u201cYar\u0131m\u00e7\u0131q\n\u018flyazma\u201d roman\u0131n\u0131n intertekstuall\u0131q aspektl\u0259ri. M\u0259qal\u0259, AMEA M\u0259h\u0259mm\u0259d F\u00fczuli\nad\u0131na \u018flyazmalar \u0130nstitutu Filologiya m\u0259s\u0259l\u0259l\u0259ri, 12.07.2022, \u21168, \u0130\u015far\u0259 say\u0131- 2844, s.253-260. <\/li><\/ol>\n","protected":false},"excerpt":{"rendered":"<p>Qurbanova Samir\u0259 Arif q. G\u0259nc\u0259 D\u00f6vl\u0259t Universitetinin \u201cPraktik Xarici Dill\u0259r\u201d kafedras\u0131n\u0131n m\u00fc\u0259llimi QISA B\u0130OQRAF\u0130K M\u018fLUMAT 1982 ci il 10 iyul tarixd\u0259 G\u0259nc\u0259 \u015f\u0259h\u0259rind\u0259 anadan olub. 1989-1999 ci ill\u0259rd\u0259 G\u0259nc\u0259 \u015f\u0259h\u0259ri 15 sayl\u0131 orta m\u0259kt\u0259bd\u0259 t\u0259hsil alm\u0131\u015f v\u0259 h\u0259min m\u0259kt\u0259bi bitirmi\u015fdir. T\u018fHS\u0130L , ELM\u0130 D\u018fR\u018fC\u018fS\u0130 V\u018f ELM\u0130 ADI 1999-2003-c\u00fc ild\u0259 G\u0259nc\u0259 D\u00f6vl\u0259t Universitetinin Filologiya fakult\u0259sinin \u0130ngilis [&hellip;]<\/p>\n","protected":false},"author":4,"featured_media":0,"parent":0,"menu_order":0,"comment_status":"closed","ping_status":"closed","template":"","meta":{"footnotes":""},"categories":[],"tags":[],"class_list":["post-721","page","type-page","status-publish","hentry"],"_links":{"self":[{"href":"http:\/\/xdf.gdu.edu.az\/index.php?rest_route=\/wp\/v2\/pages\/721","targetHints":{"allow":["GET"]}}],"collection":[{"href":"http:\/\/xdf.gdu.edu.az\/index.php?rest_route=\/wp\/v2\/pages"}],"about":[{"href":"http:\/\/xdf.gdu.edu.az\/index.php?rest_route=\/wp\/v2\/types\/page"}],"author":[{"embeddable":true,"href":"http:\/\/xdf.gdu.edu.az\/index.php?rest_route=\/wp\/v2\/users\/4"}],"replies":[{"embeddable":true,"href":"http:\/\/xdf.gdu.edu.az\/index.php?rest_route=%2Fwp%2Fv2%2Fcomments&post=721"}],"version-history":[{"count":2,"href":"http:\/\/xdf.gdu.edu.az\/index.php?rest_route=\/wp\/v2\/pages\/721\/revisions"}],"predecessor-version":[{"id":12070,"href":"http:\/\/xdf.gdu.edu.az\/index.php?rest_route=\/wp\/v2\/pages\/721\/revisions\/12070"}],"wp:attachment":[{"href":"http:\/\/xdf.gdu.edu.az\/index.php?rest_route=%2Fwp%2Fv2%2Fmedia&parent=721"}],"wp:term":[{"taxonomy":"category","embeddable":true,"href":"http:\/\/xdf.gdu.edu.az\/index.php?rest_route=%2Fwp%2Fv2%2Fcategories&post=721"},{"taxonomy":"post_tag","embeddable":true,"href":"http:\/\/xdf.gdu.edu.az\/index.php?rest_route=%2Fwp%2Fv2%2Ftags&post=721"}],"curies":[{"name":"wp","href":"https:\/\/api.w.org\/{rel}","templated":true}]}}

Qurbanova Samirə Arif qızı

<div class="wp-block-image"><figure class="aligncenter size-large is-resized"><img loading="lazy" decoding="async" src="http://xdf.gdu.edu.az/wp-content/uploads/2023/05/qur-samirə.jpg" alt="" class="wp-image-12025" width="244" height="315"/></figure></div>





<p><strong>Qurbanova
Samirə Arif q.</strong><strong> </strong></p>



<p>Gəncə
Dövlət Universitetinin “Praktik Xarici Dillər” kafedrasının müəllimi</p>



<p><strong>QISA BİOQRAFİK MƏLUMAT</strong></p>



<p>1982 ci
il 10 iyul tarixdə Gəncə şəhərində anadan olub.</p>



<p>1989-1999
ci illərdə Gəncə şəhəri 15 saylı orta məktəbdə təhsil almış və həmin məktəbi
bitirmişdir.</p>



<p><strong>TƏHSİL , ELMİ DƏRƏCƏSİ VƏ ELMİ ADI</strong></p>



<p>1999-2003-cü ildə Gəncə Dövlət Universitetinin Filologiya
fakultəsinin İngilis dili ixtisası üzrə bakalavr təhsil səviyyəsini, 2005-ci
ildə isə Gəncə Dövlət Universitetinin Dilşünaslıq fakultəsinin İngilis dili
ixtisası üzrə magistratura təhsil səviyyəsini bitirmişdir.</p>



<p>&nbsp;2018-ci ildə Fəlsəfə Doktoru
Proqramı üzrə GDU-nun Azərbaycan dili kafedrasının 5714.01 “ Müqayisəli-tarixi
və müqayisəli-tipoloji dilçilik” ixtisasına qiyabi doktorant qəbul olmuşdur.</p>



<p><strong>ƏMƏK FƏALİYYƏTİ</strong></p>



<p>2004-2007
illərdə Gəncə şəhəri 31 saylı məktəbdə ingilis dili müəllimi </p>



<p>2008-2010
cu illərdə Gəncə Dövlət Universitetinin Qrammatika və onun tədrisi kafedrasında
laborant </p>



<p>2010-
ildən GDU –nin Praktik Xarici Dillər kafedrasında müəllimə işləyir</p>



<p><strong>TƏDQİQAT SAHƏSİ</strong></p>



<p>Kamal
Abdullanın “Yarımçıq əlyazma” romanın orijinalı və ingilis dili tərcüməsində
intertekstuallıq</p>



<p><strong>SEÇİLMİŞ ƏSƏRLƏRİ</strong></p>



<ol class="wp-block-list"><li>Intertekst ve
intertekstuallıq. Tezis. Gənc alimlərin IV Respublika elmi praktik konfransı –
Gəncə. 2019, s. 262-264, İşarə sayı- 8&nbsp;008 s.262-264.</li><li>Bədii mətndə intertekstin və
intertekstuallığın təyini məsələləri. Məqalə. “Dil siyasəti və müasir dövr”
mövzusunda Beynəlxalq Elmi konfransın materialları&nbsp; &#8211; Bakı Slavyan Universiteti. 2019, s.
186-190. İşarə sayı -2&nbsp;349 s.186-190.</li><li>Aspects of intertextuality in
the novel “The Unfinished Manuscript” by Kamal Abdulla. Məqalə. El Ruha 8th
international conference on social science: Karak, Jordan Mutah University.
2021, s.302-309. İşarə sayı-16&nbsp;160, s.302-309.</li><li>ALLUSION TO THE EPICS “KITABI-DADA GORGUD” IN K. ABDULLA’S NOVEL
“INCOMPLETE MANUSCRIPT”. Məqalə. Міжнародний гуманітарний університет офіс 502, Україна, 2021. № 49 том 2, s. 62-67. İşarə sayı- 25&nbsp;368, s.62-67.</li><li>Intertextual equivalents in
the english translation of K.Abdullah’s novel “Incomplete Manusscript”. Məqalə,
AMEA Məhəmməd Füzuli adına Əlyazmalar İnstitutu “ƏLYAZMALAR YANMIR”elmi
jurnalı, 2021, s. 98-104. İşarə sayı- 18&nbsp;345, s.98-104.</li><li>Posmodernist bədii diskursun əsas
xüsusiyyətləri (Kamal Abdullanın “Yarımçıq əlyazma” romanı əsasında). Məqalə.
Terminologiya məsələləri. Bakı, 2021, s. 65-70. İşarə sayı-19&nbsp;237,
s.65-70.</li><li>“YARIMÇIQ
ƏLYAZMA” ROMANINDA XƏTAİ İNTERTEKS-TEMALARI. AMEA Məhəmməd Füzuli adına Əlyazmalar
İnstitutu Filologiya məsələləri. 2021, Işarə sayı- 16&nbsp;696,&nbsp; s.322-330.</li><li>Bədii mətndə intertekstuallıq.
Məqalə, Elmi Xəbərlər, Gəncə Dövlət Universiteti, 06.04.2022, №1, İşarə sayı- 3217, s.170-177.</li><li>Kamal Abdullanın “Yarımçıq
Əlyazma” romanının intertekstuallıq aspektləri. Məqalə, AMEA Məhəmməd Füzuli
adına Əlyazmalar İnstitutu Filologiya məsələləri, 12.07.2022, №8, İşarə sayı- 2844, s.253-260. </li></ol>

<p>Qurbanova Samirə Arif q. Gəncə Dövlət Universitetinin “Praktik Xarici Dillər” kafedrasının müəllimi QISA BİOQRAFİK MƏLUMAT 1982 ci il 10 iyul tarixdə Gəncə şəhərində anadan olub. 1989-1999 ci illərdə Gəncə şəhəri 15 saylı orta məktəbdə təhsil almış və həmin məktəbi bitirmişdir. TƏHSİL , ELMİ DƏRƏCƏSİ VƏ ELMİ ADI 1999-2003-cü ildə Gəncə Dövlət Universitetinin Filologiya fakultəsinin İngilis [&hellip;]</p>
