{"id":639,"date":"2016-04-11T14:13:16","date_gmt":"2016-04-11T12:13:16","guid":{"rendered":"http:\/\/xd.gdu.edu.az\/?page_id=639"},"modified":"2023-05-26T09:02:04","modified_gmt":"2023-05-26T07:02:04","slug":"639-2","status":"publish","type":"page","link":"http:\/\/xdf.gdu.edu.az\/?page_id=639","title":{"rendered":"Qas\u0131mova G\u00f6z\u0259l Telman q\u0131z\u0131"},"content":{"rendered":"\n<div class=\"wp-block-image\"><figure class=\"aligncenter size-large is-resized\"><img loading=\"lazy\" decoding=\"async\" src=\"http:\/\/xdf.gdu.edu.az\/wp-content\/uploads\/2023\/05\/IMG_2144.jpg\" alt=\"\" class=\"wp-image-12259\" width=\"212\" height=\"296\" srcset=\"http:\/\/xdf.gdu.edu.az\/wp-content\/uploads\/2023\/05\/IMG_2144.jpg 1089w, http:\/\/xdf.gdu.edu.az\/wp-content\/uploads\/2023\/05\/IMG_2144-768x1075.jpg 768w\" sizes=\"auto, (max-width: 212px) 100vw, 212px\" \/><\/figure><\/div>\n\n\n<p><strong>\u00a0\u00a0\u00a0\u00a0\u00a0\u00a0\u00a0\u00a0\u00a0\u00a0\u00a0\u00a0\u00a0\u00a0\u00a0\u00a0\u00a0\u00a0\u00a0\u00a0\u00a0\u00a0\u00a0\u00a0\u00a0\u00a0\u00a0\u00a0 Xarici dill\u0259r fak\u00fct\u0259sinin Alman dilikafedras\u0131n\u0131n ba\u015f m\u00fc\u0259llimi Qas\u0131mova G\u00f6z\u0259l Telman q\u0131z\u0131<\/strong><\/p>\n<p><strong>\u00a0<\/strong><\/p>\n<p><strong>Telefon;\u00a0 <\/strong>055-37364-47<\/p>\n<p><strong>E-mail; <\/strong>gozel-qas\u0131mova@mail\/ru<\/p>\n<p><strong>QISA B\u0130OQRAF\u0130K M\u018fLUMAT<\/strong><\/p>\n<p>\u00a0<\/p>\n<ul>\n<li>04.1976-c\u0131 ild\u0259 Da\u015fk\u0259s\u0259n \u015f\u0259h\u0259r Xo\u015fbulaq k\u0259ndind\u0259 ziyal\u0131 ail\u0259sind\u0259 anadan olub.Ail\u0259lidir, 2 \u00f6vlad\u0131 var.1997-ci ild\u0131n YAP-\u0131n \u00fczv\u00fcd\u00fcr.<\/li>\n<\/ul>\n<p>\u00a0<\/p>\n<p><strong>T\u018fHS\u0130L\u0130, ELM\u0130 D\u018fR\u018fC\u018fS\u0130 V\u018f ELM\u0130 ADI<\/strong><\/p>\n<ul>\n<li>1993-c\u00fc ild\u0259 G\u0259nc\u0259 \u015f\u0259h\u0259r Nadir H\u00fcseynov ad\u0131na tamorta m\u0259kt\u0259bini bitirib.<\/li>\n<li>1993-1997-ci ill\u0259rd\u0259 Bak\u0131 \u015f\u0259h\u0259rind\u0259 Az\u0259rbaycan Xarici Dill\u0259r \u0130nstitunun \u201cAlman dili\u201d flt\u0259siak\u00fcnin bakalavr pill\u0259sini bitirib.<\/li>\n<li>2007-ci ild\u0259G\u0259nc\u0259 D\u00f6vl\u0259t Universitetinin Magistaturas\u0131n\u0131n\u00a0 M\u00fcgayis\u0259li dil ixtisas\u0131n\u0131 bitirib.<\/li>\n<\/ul>\n<p><strong>\u018fM\u018fK F\u018fAL\u0130YY\u018fT<\/strong><\/p>\n<ul>\n<li>1993-2007-ci ill\u0259rd\u0259 38 sayl\u0131 orta m\u0259kt\u0259bd\u0259 m\u00fc\u0259llim.<\/li>\n<li>2007-ci ild\u0259n G\u0259nc\u0259 D\u00f6vl\u0259t Universitetinin Xarici dill\u0259r fak\u00fclt\u0259sinin Alman dili kafedrasinda m\u00fc\u0259llim.<\/li>\n<li>2012-ci ild\u0259n G\u0259nc\u0259 D\u00f6vl\u0259t Universitetinin Xarici dill\u0259r fak\u00fclt\u0259sind\u0259 Alman dili kafedras\u0131nda ba\u015f m\u00fc\u0259llim.<\/li>\n<li>2016-ci ild\u0259nG\u0259nc\u0259 D\u00f6vl\u0259t Universitetin aspirant.<\/li>\n<li>2017-ci ild\u0259Almaniya H\u00f6te \u0130nstitunun maliyy\u0259 d\u0259st\u0259yi il\u0259\u00a0 iki h\u0259ft\u0259lik ixtisas artima kursu ke\u00e7mi\u015fdir.<\/li>\n<\/ul>\n<p>\u00a0<\/p>\n<p><strong>\u00a0<\/strong><\/p>\n<p><strong>BEYN\u018fLXALQ SEM\u0130NAR, S\u0130MPOZ\u0130UM V\u018f KONFRANSLARDA \u0130\u015eT\u0130RAKI<\/strong><\/p>\n<p><strong>\u00a0<\/strong><\/p>\n<p>\u00a01.2014-c\u00fc illin avqust ay\u0131nda Almaniya H\u00f6te \u0130nstitunun maliyy\u0259 d\u0259st\u0259yi il\u0259\u00a0 ikih\u0259ft\u0259lik \u00a0ixtisasartima kursu ke\u00e7mi\u015fdir.<\/p>\n<p>\u00a0 \u00a02.2017-ci ild\u0259\u00a0Almaniya H\u00f6te \u0130nstitunun maliyy\u0259 d\u0259st\u0259yi il\u0259\u00a0 iki h\u0259ft\u0259lik ixtisasartirma kursu ke\u00e7mi\u015fdir.<\/p>\n<p>\u00a0\u00a0\u00a0 3.2011ci ilin ADD \u201cT\u0259rc\u00fcm\u0259nin Az\u0259rbaucanda \u00f6yr\u0259nilm\u0259si\u201d Bak\u0131Beyn\u0259lxalq konfrans<\/p>\n<p>\u00a0<\/p>\n<p><strong>SE\u00c7\u0130LM\u0130\u015e \u018fS\u018fRL\u018fR\u0130<\/strong><\/p>\n<p><strong>\u00a0<\/strong><\/p>\n<ol>\n<li>Az\u0259rbaycan dili d\u00fcn\u0259n v\u0259 g\u00fcn m\u00f6vzusunda beyn\u0259lxalq elmi konfrans material\u0131 Bak\u0131 \u2013 2018. Bak\u0131 D\u00f6vl\u0259t Universiteti<\/li>\n<\/ol>\n<p>2.\u201cM\u00fcasir Az\u0259rbaycan dilind\u0259 frazeoloji omonimlik v\u0259 onun spesifik x\u00fcsusiyy\u0259tl\u0259ri\u201d Elmi x\u0259b\u0259rl\u0259r \u2116 2 G\u0259nc\u0259, 2018<\/p>\n<p>3.\u201cM\u00fcasir Az\u0259rbaycan dilind\u0259 frazeoloji \u00e7oxm\u0259nal\u0131l\u0131q.\u201d Elmi x\u0259b\u0259rl\u0259r. G\u0259nc\u0259, 2018<\/p>\n<p>4.\u201cM\u00fcasir Az\u0259rbaycan dilind\u0259 frazeoloji omonimliyin v\u0259 \u00e7oxm\u0259nal\u0131l\u0131\u011f\u0131n \u00fcslubi x\u00fcsusiyy\u0259tl\u0259ri. 7 s\u0259h. AMEA Nax\u00e7\u0131van b\u00f6lm\u0259si \u21161 2019 cild 9<\/p>\n<p>5.\u201cM\u00fcasir Az\u0259rbaycan dilind\u0259 frazeoloji vahidl\u0259rin omonimliyin\u0259 bir bax\u0131\u015f\u201d AMEA G\u0259nc Alim v\u0259 M\u00fct\u0259x\u0259ssisl\u0259r \u015euras\u0131 IV cild \u2116 1\u00a0 2018<\/p>\n<p>6.\u201cM\u00fcasir Az\u0259rbaycan dilind\u0259 \u00e7oxm\u0259nal\u0131 frazeoloji vahidl\u0259rin struktur x\u00fcsusiyy\u0259tl\u0259ri\u201d AMEA N\u0259simi ad\u0131na Dil\u00e7ilik \u0130nstitutu. T\u0259dqiql\u0259r \u2116 1 Bak\u0131 2018<\/p>\n<p>7.\u201cXarici dild\u0259 oxu v\u0259 nitq\u201d proqram. G\u0259nc\u0259, 2018<\/p>\n<p>8.\u201cL\u00fc\u011f\u0259t\u201d t\u0259dris v\u0259saiti. G\u0259nc\u0259, 2019<\/p>\n<p>9.\u201c\u0130smi v\u0259 feili frazeoloji omonimlik\u201d\u00a0 Elmi x\u0259b\u0259rl\u0259r .G\u0259nc\u0259, 2019<\/p>\n<p>10.\u201cAlman dili\u201d(qeyri-ixtisaslar)adl\u0131 proqram G\u0259nc\u0259 2019<\/p>\n<p>11.\u201cAz\u0259rbaycan v\u0259 T\u00fcrkiy\u0259 Universitetl\u0259ri:t\u0259hsil v\u0259 elm texnologiya\u201d I Bezn\u0259lxalq elmi-praktik konfrans\u0131<\/p>\n<p>12.Az\u0259rbaycan Texniki Universiteti \u201cAz\u0259rbaycan dilind\u0259 frazeoloji birl\u0259\u015fm\u0259l\u0259rin \u00e7oxm\u0259nal\u0131l\u0131qdan omonimliy\u0259 ke\u00e7id m\u0259rh\u0259l\u0259si\u201d m\u0259qal\u0259 2019<\/p>\n<p>13.M\u00fcasir Az\u0259rbaycan dilind\u0259 xalq\u0131n m\u0259i\u015f\u0259t h\u0259yat\u0131n\u0131 \u0259ks etdir\u0259n frazeologizml\u0259r. Elmi x\u0259b\u0259rl\u0259r. G\u0259nc\u0259, 2021. .<\/p>\n<p>14.Phraseological units im modern Aserbaijani language as means of expressing figurativeners and expressiveness. Philadelphia. USA. 2022 s\u0259h.5<\/p>\n<p><strong>Dil bilgisi:<\/strong><\/p>\n<p>Alman dili, \u0130ngilis dili.<\/p>","protected":false},"excerpt":{"rendered":"<p>\u00a0\u00a0\u00a0\u00a0\u00a0\u00a0\u00a0\u00a0\u00a0\u00a0\u00a0\u00a0\u00a0\u00a0\u00a0\u00a0\u00a0\u00a0\u00a0\u00a0\u00a0\u00a0\u00a0\u00a0\u00a0\u00a0\u00a0\u00a0 Xarici dill\u0259r fak\u00fct\u0259sinin Alman dilikafedras\u0131n\u0131n ba\u015f m\u00fc\u0259llimi Qas\u0131mova G\u00f6z\u0259l Telman q\u0131z\u0131 \u00a0 Telefon;\u00a0 055-37364-47 E-mail; gozel-qas\u0131mova@mail\/ru QISA B\u0130OQRAF\u0130K M\u018fLUMAT \u00a0 04.1976-c\u0131 ild\u0259 Da\u015fk\u0259s\u0259n \u015f\u0259h\u0259r Xo\u015fbulaq k\u0259ndind\u0259 ziyal\u0131 ail\u0259sind\u0259 anadan olub.Ail\u0259lidir, 2 \u00f6vlad\u0131 var.1997-ci ild\u0131n YAP-\u0131n \u00fczv\u00fcd\u00fcr. \u00a0 T\u018fHS\u0130L\u0130, ELM\u0130 D\u018fR\u018fC\u018fS\u0130 V\u018f ELM\u0130 ADI 1993-c\u00fc ild\u0259 G\u0259nc\u0259 \u015f\u0259h\u0259r Nadir H\u00fcseynov ad\u0131na tamorta m\u0259kt\u0259bini bitirib. 1993-1997-ci [&hellip;]<\/p>\n","protected":false},"author":4,"featured_media":0,"parent":0,"menu_order":0,"comment_status":"closed","ping_status":"closed","template":"","meta":{"footnotes":""},"categories":[],"tags":[],"class_list":["post-639","page","type-page","status-publish","hentry"],"_links":{"self":[{"href":"http:\/\/xdf.gdu.edu.az\/index.php?rest_route=\/wp\/v2\/pages\/639","targetHints":{"allow":["GET"]}}],"collection":[{"href":"http:\/\/xdf.gdu.edu.az\/index.php?rest_route=\/wp\/v2\/pages"}],"about":[{"href":"http:\/\/xdf.gdu.edu.az\/index.php?rest_route=\/wp\/v2\/types\/page"}],"author":[{"embeddable":true,"href":"http:\/\/xdf.gdu.edu.az\/index.php?rest_route=\/wp\/v2\/users\/4"}],"replies":[{"embeddable":true,"href":"http:\/\/xdf.gdu.edu.az\/index.php?rest_route=%2Fwp%2Fv2%2Fcomments&post=639"}],"version-history":[{"count":10,"href":"http:\/\/xdf.gdu.edu.az\/index.php?rest_route=\/wp\/v2\/pages\/639\/revisions"}],"predecessor-version":[{"id":12315,"href":"http:\/\/xdf.gdu.edu.az\/index.php?rest_route=\/wp\/v2\/pages\/639\/revisions\/12315"}],"wp:attachment":[{"href":"http:\/\/xdf.gdu.edu.az\/index.php?rest_route=%2Fwp%2Fv2%2Fmedia&parent=639"}],"wp:term":[{"taxonomy":"category","embeddable":true,"href":"http:\/\/xdf.gdu.edu.az\/index.php?rest_route=%2Fwp%2Fv2%2Fcategories&post=639"},{"taxonomy":"post_tag","embeddable":true,"href":"http:\/\/xdf.gdu.edu.az\/index.php?rest_route=%2Fwp%2Fv2%2Ftags&post=639"}],"curies":[{"name":"wp","href":"https:\/\/api.w.org\/{rel}","templated":true}]}}

Qasımova Gözəl Telman qızı

<div class="wp-block-image"><figure class="aligncenter size-large is-resized"><img loading="lazy" decoding="async" src="http://xdf.gdu.edu.az/wp-content/uploads/2023/05/IMG_2144.jpg" alt="" class="wp-image-12259" width="212" height="296" srcset="http://xdf.gdu.edu.az/wp-content/uploads/2023/05/IMG_2144.jpg 1089w, http://xdf.gdu.edu.az/wp-content/uploads/2023/05/IMG_2144-768x1075.jpg 768w" sizes="auto, (max-width: 212px) 100vw, 212px" /></figure></div>


<p><strong>                             Xarici dillər fakütəsinin Alman dilikafedrasının baş müəllimi Qasımova Gözəl Telman qızı</strong></p>
<p><strong> </strong></p>
<p><strong>Telefon;  </strong>055-37364-47</p>
<p><strong>E-mail; </strong>gozel-qasımova@mail/ru</p>
<p><strong>QISA BİOQRAFİK MƏLUMAT</strong></p>
<p> </p>
<ul>
<li>04.1976-cı ildə Daşkəsən şəhər Xoşbulaq kəndində ziyalı ailəsində anadan olub.Ailəlidir, 2 övladı var.1997-ci ildın YAP-ın üzvüdür.</li>
</ul>
<p> </p>
<p><strong>TƏHSİLİ, ELMİ DƏRƏCƏSİ VƏ ELMİ ADI</strong></p>
<ul>
<li>1993-cü ildə Gəncə şəhər Nadir Hüseynov adına tamorta məktəbini bitirib.</li>
<li>1993-1997-ci illərdə Bakı şəhərində Azərbaycan Xarici Dillər İnstitunun “Alman dili” fltəsiakünin bakalavr pilləsini bitirib.</li>
<li>2007-ci ildəGəncə Dövlət Universitetinin Magistaturasının  Mügayisəli dil ixtisasını bitirib.</li>
</ul>
<p><strong>ƏMƏK FƏALİYYƏT</strong></p>
<ul>
<li>1993-2007-ci illərdə 38 saylı orta məktəbdə müəllim.</li>
<li>2007-ci ildən Gəncə Dövlət Universitetinin Xarici dillər fakültəsinin Alman dili kafedrasinda müəllim.</li>
<li>2012-ci ildən Gəncə Dövlət Universitetinin Xarici dillər fakültəsində Alman dili kafedrasında baş müəllim.</li>
<li>2016-ci ildənGəncə Dövlət Universitetin aspirant.</li>
<li>2017-ci ildəAlmaniya Höte İnstitunun maliyyə dəstəyi ilə  iki həftəlik ixtisas artima kursu keçmişdir.</li>
</ul>
<p> </p>
<p><strong> </strong></p>
<p><strong>BEYNƏLXALQ SEMİNAR, SİMPOZİUM VƏ KONFRANSLARDA İŞTİRAKI</strong></p>
<p><strong> </strong></p>
<p> 1.2014-cü illin avqust ayında Almaniya Höte İnstitunun maliyyə dəstəyi ilə  ikihəftəlik  ixtisasartima kursu keçmişdir.</p>
<p>   2.2017-ci ildə Almaniya Höte İnstitunun maliyyə dəstəyi ilə  iki həftəlik ixtisasartirma kursu keçmişdir.</p>
<p>    3.2011ci ilin ADD “Tərcümənin Azərbaucanda öyrənilməsi” BakıBeynəlxalq konfrans</p>
<p> </p>
<p><strong>SEÇİLMİŞ ƏSƏRLƏRİ</strong></p>
<p><strong> </strong></p>
<ol>
<li>Azərbaycan dili dünən və gün mövzusunda beynəlxalq elmi konfrans materialı Bakı – 2018. Bakı Dövlət Universiteti</li>
</ol>
<p>2.“Müasir Azərbaycan dilində frazeoloji omonimlik və onun spesifik xüsusiyyətləri” Elmi xəbərlər № 2 Gəncə, 2018</p>
<p>3.“Müasir Azərbaycan dilində frazeoloji çoxmənalılıq.” Elmi xəbərlər. Gəncə, 2018</p>
<p>4.“Müasir Azərbaycan dilində frazeoloji omonimliyin və çoxmənalılığın üslubi xüsusiyyətləri. 7 səh. AMEA Naxçıvan bölməsi №1 2019 cild 9</p>
<p>5.“Müasir Azərbaycan dilində frazeoloji vahidlərin omonimliyinə bir baxış” AMEA Gənc Alim və Mütəxəssislər Şurası IV cild № 1  2018</p>
<p>6.“Müasir Azərbaycan dilində çoxmənalı frazeoloji vahidlərin struktur xüsusiyyətləri” AMEA Nəsimi adına Dilçilik İnstitutu. Tədqiqlər № 1 Bakı 2018</p>
<p>7.“Xarici dildə oxu və nitq” proqram. Gəncə, 2018</p>
<p>8.“Lüğət” tədris vəsaiti. Gəncə, 2019</p>
<p>9.“İsmi və feili frazeoloji omonimlik”  Elmi xəbərlər .Gəncə, 2019</p>
<p>10.“Alman dili”(qeyri-ixtisaslar)adlı proqram Gəncə 2019</p>
<p>11.“Azərbaycan və Türkiyə Universitetləri:təhsil və elm texnologiya” I Beznəlxalq elmi-praktik konfransı</p>
<p>12.Azərbaycan Texniki Universiteti “Azərbaycan dilində frazeoloji birləşmələrin çoxmənalılıqdan omonimliyə keçid mərhələsi” məqalə 2019</p>
<p>13.Müasir Azərbaycan dilində xalqın məişət həyatını əks etdirən frazeologizmlər. Elmi xəbərlər. Gəncə, 2021. .</p>
<p>14.Phraseological units im modern Aserbaijani language as means of expressing figurativeners and expressiveness. Philadelphia. USA. 2022 səh.5</p>
<p><strong>Dil bilgisi:</strong></p>
<p>Alman dili, İngilis dili.</p>

<p>                             Xarici dillər fakütəsinin Alman dilikafedrasının baş müəllimi Qasımova Gözəl Telman qızı   Telefon;  055-37364-47 E-mail; gozel-qasımova@mail/ru QISA BİOQRAFİK MƏLUMAT   04.1976-cı ildə Daşkəsən şəhər Xoşbulaq kəndində ziyalı ailəsində anadan olub.Ailəlidir, 2 övladı var.1997-ci ildın YAP-ın üzvüdür.   TƏHSİLİ, ELMİ DƏRƏCƏSİ VƏ ELMİ ADI 1993-cü ildə Gəncə şəhər Nadir Hüseynov adına tamorta məktəbini bitirib. 1993-1997-ci [&hellip;]</p>
