{"id":637,"date":"2016-04-11T14:11:40","date_gmt":"2016-04-11T12:11:40","guid":{"rendered":"http:\/\/xd.gdu.edu.az\/?page_id=637"},"modified":"2023-05-26T09:06:30","modified_gmt":"2023-05-26T07:06:30","slug":"camalzad%c9%99-xanim-m%c9%99rk%c9%99z-qizi","status":"publish","type":"page","link":"http:\/\/xdf.gdu.edu.az\/?page_id=637","title":{"rendered":"Camalzad\u0259 Xan\u0131m M\u0259rk\u0259z q\u0131z\u0131"},"content":{"rendered":"\n<div class=\"wp-block-image\"><figure class=\"aligncenter size-large is-resized\"><img loading=\"lazy\" decoding=\"async\" src=\"http:\/\/xdf.gdu.edu.az\/wp-content\/uploads\/2023\/05\/xan\u0131m.jpg\" alt=\"\" class=\"wp-image-12271\" width=\"174\" height=\"244\" srcset=\"http:\/\/xdf.gdu.edu.az\/wp-content\/uploads\/2023\/05\/xan\u0131m.jpg 1089w, http:\/\/xdf.gdu.edu.az\/wp-content\/uploads\/2023\/05\/xan\u0131m-768x1075.jpg 768w\" sizes=\"auto, (max-width: 174px) 100vw, 174px\" \/><\/figure><\/div>\n\n\n<p><\/p>\n\n\n<p><strong>&nbsp;&nbsp;&nbsp;&nbsp;&nbsp;&nbsp;&nbsp;&nbsp;&nbsp;&nbsp;&nbsp;&nbsp;&nbsp; Xarici dill\u0259r fak\u00fclt\u0259sinin Alman\ndili kafedras\u0131n\u0131n m\u00fc\u0259llim Camalzad\u0259 Xan\u0131m M\u0259rk\u0259z q\u0131z\u0131<\/strong><\/p>\n\n\n\n<p><strong>&nbsp;<\/strong><strong>Telefon\n: <\/strong>055-966-76-50<\/p>\n\n\n\n<p><strong>&nbsp;E \u2013 mail: <\/strong>xanimcamalzade@gmail.com<\/p>\n\n\n\n<p><strong>&nbsp; Q<\/strong><strong>ISA\nB\u0130OQRAF\u0130K M\u018fLUMAT<\/strong><\/p>\n\n\n\n<ul class=\"wp-block-list\"><li>18.03.1990\u2013ci\nild\u0259 G\u0259nc\u0259 \u015f\u0259h\u0259rind\u0259 anadan olub. Ail\u0259lidir 3 \u00f6vlad\u0131 var. 2008 \u2013ci ild\u0259n YAP-\u0131n\n\u00fczv\u00fcd\u00fcr. <\/li><\/ul>\n\n\n\n<p><strong>&nbsp;T\u018fHS\u0130L\u0130,\nELM\u0130 D\u018fR\u018fC\u018fS\u0130 V\u018f ELM\u0130 ADLARI<\/strong><\/p>\n\n\n\n<ul class=\"wp-block-list\"><li>2007-ci\nild\u0259 G\u0259nc\u0259 \u015f\u0259h\u0259ri, 17 sayl\u0131 orta m\u0259kt\u0259bini bitirib.<\/li><li>2006\n\u2013c\u0131 ild\u0259 G\u0259nc\u0259 D\u00f6vl\u0259t Universitetinin&nbsp; Xarici\ndill\u0259r fak\u00fclt\u0259sinin Alman dili ixtisas\u0131 &nbsp;bakalavr&nbsp;\npill\u0259sini bitirib.<\/li><\/ul>\n\n\n\n<p><strong>&nbsp; \u018fM\u018fK\nF\u018fAL\u0130YY\u018fT\u0130<\/strong><\/p>\n\n\n\n<ul class=\"wp-block-list\"><li>2006\n\u2013ci ild\u0259n&nbsp; G\u0259nc\u0259 D\u00f6vl\u0259t Universiteinin\nMagisrturas\u0131n\u0131n Pedaqogika tarixi v\u0259 n\u0259z\u0259ryy\u0259si&nbsp;\nixtisas\u0131n\u0131&nbsp; f\u0259rql\u0259nm\u0259 il\u0259 bitirib.<\/li><\/ul>\n\n\n\n<p><strong>&nbsp; &nbsp;<\/strong><strong>SE\u00c7\u0130LM\u0130\u015e \u018fS\u018fRL\u018fR\u0130<\/strong><\/p>\n\n\n\n<p>&nbsp;&nbsp;&nbsp;&nbsp; 1.<strong>&nbsp; <\/strong>T\u0259rc\u00fcm\u0259 modell\u0259rinin dil\u00e7ilikd\u0259 t\u0259tbiqi. m\u0259qal\u0259\nElmi x\u0259b\u0259rl\u0259r . Fudamental, humanitar v\u0259 t\u0259bi\u0259t elml\u0259ri seryas\u0131,\u2116 3G\u0259nc\u0259 2016 s\u0259h\n160-162<\/p>\n\n\n\n<p>&nbsp;&nbsp;&nbsp; 2.&nbsp;\nAz\u0259rbaycan dilind\u0259&nbsp; saylar\u0131n \u00fcslub\nimkanlar\u0131- miqdar saylar\u0131 m\u0259qal\u0259&nbsp; G\u0259nc\naliml\u0259r I beyn\u0259lxalq elmi konfras\u0131, II hiss\u0259 G\u0259nc\u0259 2016 s\u0259h 254<\/p>\n\n\n\n<p>&nbsp;&nbsp;&nbsp; 3. Az\u0259rbaycan dilind\u0259 terminologiyan\u0131n\ninki\u015faf\u0131 m\u0259qal\u0259 Terminologiya m\u0259s\u0259l\u0259l\u0259ri, Bak\u0131 Elm \u21161 2017 s\u0259h 126-131<\/p>\n\n\n\n<p>&nbsp;&nbsp; 4. Az\u0259rbaycan dilinin fonetik hadis\u0259 v\u0259\nqanunlar &nbsp;m\u0259qal\u0259G\u0259nc alinl\u0259r II beyn\u0259lxalq\nelmi konfrans G\u0259nc\u0259 2017, s\u0259h 263-265 <\/p>\n\n\n\n<p>&nbsp;&nbsp; 5. Az\u0259rbaycan dilinin fonetik&nbsp; v\u0259 qrammatik &nbsp;qurlu\u015fu m\u0259qal\u0259 Filogiya m\u0259s\u0259l\u0259l\u0259ri. Bak\u0131 2017,\n\u211617s\u0259h 232-236<\/p>\n\n\n\n<p>&nbsp;&nbsp; 6. Xarici dil d\u0259rsl\u0259rinin vacib metodlar\u0131 m\u0259qal\u0259\nG\u0259nc aliml\u0259r I beyn\u0259lxalq elmi konfrans, G\u0259nc\u0259 2018<\/p>\n\n\n\n<p>\u00a0\u00a0 7. H. Haynenin h\u0259yat yolu haqq\u0131nda m\u0259qal\u0259 G\u0259nc aliml\u0259rin I beyn\u0259lxalq elmi konfrans G\u0259nc\u0259 2019 \u00a0<\/p>\n\n\n\n<p><strong>&nbsp;&nbsp; Dil\nbilgisi:<\/strong><\/p>\n\n\n\n<p>&nbsp;Alman dil, t\u00fcrk dili.<\/p>\n","protected":false},"excerpt":{"rendered":"<p>&nbsp;&nbsp;&nbsp;&nbsp;&nbsp;&nbsp;&nbsp;&nbsp;&nbsp;&nbsp;&nbsp;&nbsp;&nbsp; Xarici dill\u0259r fak\u00fclt\u0259sinin Alman dili kafedras\u0131n\u0131n m\u00fc\u0259llim Camalzad\u0259 Xan\u0131m M\u0259rk\u0259z q\u0131z\u0131 &nbsp;Telefon : 055-966-76-50 &nbsp;E \u2013 mail: xanimcamalzade@gmail.com &nbsp; QISA B\u0130OQRAF\u0130K M\u018fLUMAT 18.03.1990\u2013ci ild\u0259 G\u0259nc\u0259 \u015f\u0259h\u0259rind\u0259 anadan olub. Ail\u0259lidir 3 \u00f6vlad\u0131 var. 2008 \u2013ci ild\u0259n YAP-\u0131n \u00fczv\u00fcd\u00fcr. &nbsp;T\u018fHS\u0130L\u0130, ELM\u0130 D\u018fR\u018fC\u018fS\u0130 V\u018f ELM\u0130 ADLARI 2007-ci ild\u0259 G\u0259nc\u0259 \u015f\u0259h\u0259ri, 17 sayl\u0131 orta m\u0259kt\u0259bini bitirib. 2006 \u2013c\u0131 [&hellip;]<\/p>\n","protected":false},"author":4,"featured_media":0,"parent":0,"menu_order":0,"comment_status":"closed","ping_status":"closed","template":"","meta":{"footnotes":""},"categories":[],"tags":[],"class_list":["post-637","page","type-page","status-publish","hentry"],"_links":{"self":[{"href":"http:\/\/xdf.gdu.edu.az\/index.php?rest_route=\/wp\/v2\/pages\/637","targetHints":{"allow":["GET"]}}],"collection":[{"href":"http:\/\/xdf.gdu.edu.az\/index.php?rest_route=\/wp\/v2\/pages"}],"about":[{"href":"http:\/\/xdf.gdu.edu.az\/index.php?rest_route=\/wp\/v2\/types\/page"}],"author":[{"embeddable":true,"href":"http:\/\/xdf.gdu.edu.az\/index.php?rest_route=\/wp\/v2\/users\/4"}],"replies":[{"embeddable":true,"href":"http:\/\/xdf.gdu.edu.az\/index.php?rest_route=%2Fwp%2Fv2%2Fcomments&post=637"}],"version-history":[{"count":5,"href":"http:\/\/xdf.gdu.edu.az\/index.php?rest_route=\/wp\/v2\/pages\/637\/revisions"}],"predecessor-version":[{"id":12316,"href":"http:\/\/xdf.gdu.edu.az\/index.php?rest_route=\/wp\/v2\/pages\/637\/revisions\/12316"}],"wp:attachment":[{"href":"http:\/\/xdf.gdu.edu.az\/index.php?rest_route=%2Fwp%2Fv2%2Fmedia&parent=637"}],"wp:term":[{"taxonomy":"category","embeddable":true,"href":"http:\/\/xdf.gdu.edu.az\/index.php?rest_route=%2Fwp%2Fv2%2Fcategories&post=637"},{"taxonomy":"post_tag","embeddable":true,"href":"http:\/\/xdf.gdu.edu.az\/index.php?rest_route=%2Fwp%2Fv2%2Ftags&post=637"}],"curies":[{"name":"wp","href":"https:\/\/api.w.org\/{rel}","templated":true}]}}

Camalzadə Xanım Mərkəz qızı

<div class="wp-block-image"><figure class="aligncenter size-large is-resized"><img loading="lazy" decoding="async" src="http://xdf.gdu.edu.az/wp-content/uploads/2023/05/xanım.jpg" alt="" class="wp-image-12271" width="174" height="244" srcset="http://xdf.gdu.edu.az/wp-content/uploads/2023/05/xanım.jpg 1089w, http://xdf.gdu.edu.az/wp-content/uploads/2023/05/xanım-768x1075.jpg 768w" sizes="auto, (max-width: 174px) 100vw, 174px" /></figure></div>


<p></p>


<p><strong>&nbsp;&nbsp;&nbsp;&nbsp;&nbsp;&nbsp;&nbsp;&nbsp;&nbsp;&nbsp;&nbsp;&nbsp;&nbsp; Xarici dillər fakültəsinin Alman
dili kafedrasının müəllim Camalzadə Xanım Mərkəz qızı</strong></p>



<p><strong>&nbsp;</strong><strong>Telefon
: </strong>055-966-76-50</p>



<p><strong>&nbsp;E – mail: </strong>xanimcamalzade@gmail.com</p>



<p><strong>&nbsp; Q</strong><strong>ISA
BİOQRAFİK MƏLUMAT</strong></p>



<ul class="wp-block-list"><li>18.03.1990–ci
ildə Gəncə şəhərində anadan olub. Ailəlidir 3 övladı var. 2008 –ci ildən YAP-ın
üzvüdür. </li></ul>



<p><strong>&nbsp;TƏHSİLİ,
ELMİ DƏRƏCƏSİ VƏ ELMİ ADLARI</strong></p>



<ul class="wp-block-list"><li>2007-ci
ildə Gəncə şəhəri, 17 saylı orta məktəbini bitirib.</li><li>2006
–cı ildə Gəncə Dövlət Universitetinin&nbsp; Xarici
dillər fakültəsinin Alman dili ixtisası &nbsp;bakalavr&nbsp;
pilləsini bitirib.</li></ul>



<p><strong>&nbsp; ƏMƏK
FƏALİYYƏTİ</strong></p>



<ul class="wp-block-list"><li>2006
–ci ildən&nbsp; Gəncə Dövlət Universiteinin
Magisrturasının Pedaqogika tarixi və nəzəryyəsi&nbsp;
ixtisasını&nbsp; fərqlənmə ilə bitirib.</li></ul>



<p><strong>&nbsp; &nbsp;</strong><strong>SEÇİLMİŞ ƏSƏRLƏRİ</strong></p>



<p>&nbsp;&nbsp;&nbsp;&nbsp; 1.<strong>&nbsp; </strong>Tərcümə modellərinin dilçilikdə tətbiqi. məqalə
Elmi xəbərlər . Fudamental, humanitar və təbiət elmləri seryası,№ 3Gəncə 2016 səh
160-162</p>



<p>&nbsp;&nbsp;&nbsp; 2.&nbsp;
Azərbaycan dilində&nbsp; sayların üslub
imkanları- miqdar sayları məqalə&nbsp; Gənc
alimlər I beynəlxalq elmi konfrası, II hissə Gəncə 2016 səh 254</p>



<p>&nbsp;&nbsp;&nbsp; 3. Azərbaycan dilində terminologiyanın
inkişafı məqalə Terminologiya məsələləri, Bakı Elm №1 2017 səh 126-131</p>



<p>&nbsp;&nbsp; 4. Azərbaycan dilinin fonetik hadisə və
qanunlar &nbsp;məqaləGənc alinlər II beynəlxalq
elmi konfrans Gəncə 2017, səh 263-265 </p>



<p>&nbsp;&nbsp; 5. Azərbaycan dilinin fonetik&nbsp; və qrammatik &nbsp;qurluşu məqalə Filogiya məsələləri. Bakı 2017,
№17səh 232-236</p>



<p>&nbsp;&nbsp; 6. Xarici dil dərslərinin vacib metodları məqalə
Gənc alimlər I beynəlxalq elmi konfrans, Gəncə 2018</p>



<p>   7. H. Haynenin həyat yolu haqqında məqalə Gənc alimlərin I beynəlxalq elmi konfrans Gəncə 2019  </p>



<p><strong>&nbsp;&nbsp; Dil
bilgisi:</strong></p>



<p>&nbsp;Alman dil, türk dili.</p>

<p>&nbsp;&nbsp;&nbsp;&nbsp;&nbsp;&nbsp;&nbsp;&nbsp;&nbsp;&nbsp;&nbsp;&nbsp;&nbsp; Xarici dillər fakültəsinin Alman dili kafedrasının müəllim Camalzadə Xanım Mərkəz qızı &nbsp;Telefon : 055-966-76-50 &nbsp;E – mail: xanimcamalzade@gmail.com &nbsp; QISA BİOQRAFİK MƏLUMAT 18.03.1990–ci ildə Gəncə şəhərində anadan olub. Ailəlidir 3 övladı var. 2008 –ci ildən YAP-ın üzvüdür. &nbsp;TƏHSİLİ, ELMİ DƏRƏCƏSİ VƏ ELMİ ADLARI 2007-ci ildə Gəncə şəhəri, 17 saylı orta məktəbini bitirib. 2006 –cı [&hellip;]</p>
