{"id":514,"date":"2016-04-06T13:35:55","date_gmt":"2016-04-06T11:35:55","guid":{"rendered":"http:\/\/xd.gdu.edu.az\/?page_id=514"},"modified":"2024-05-13T07:57:51","modified_gmt":"2024-05-13T05:57:51","slug":"bagirova-sevinc-nadir-qizi","status":"publish","type":"page","link":"http:\/\/xdf.gdu.edu.az\/?page_id=514","title":{"rendered":"Ba\u011f\u0131rova Sevinc Nadir q\u0131z\u0131"},"content":{"rendered":"\n<div class=\"wp-block-image\"><figure class=\"aligncenter size-large is-resized\"><img loading=\"lazy\" decoding=\"async\" src=\"http:\/\/xdf.gdu.edu.az\/wp-content\/uploads\/2023\/05\/IMG_1556.jpg\" alt=\"\" class=\"wp-image-12128\" width=\"207\" height=\"290\" srcset=\"http:\/\/xdf.gdu.edu.az\/wp-content\/uploads\/2023\/05\/IMG_1556.jpg 1160w, http:\/\/xdf.gdu.edu.az\/wp-content\/uploads\/2023\/05\/IMG_1556-768x1075.jpg 768w, http:\/\/xdf.gdu.edu.az\/wp-content\/uploads\/2023\/05\/IMG_1556-1097x1536.jpg 1097w\" sizes=\"auto, (max-width: 207px) 100vw, 207px\" \/><\/figure><\/div>\n\n\n<p>\u00a0<\/p>\n<h5>Ba\u011f\u0131rova Sevinc Nadir q\u0131z\u0131<\/h5>\n<p>GDU-nun \u00abRus dili\u00bb kafedras\u0131n\u0131n dosenti<\/p>\n<p><strong>E-mail: <\/strong><a href=\"mailto:mirzoyevasevinj@mail.ru\">mirzoyevasevinj@mail.ru<\/a><\/p>\n<p><strong>Q\u0131sa bioqrafik m\u0259lumat:<\/strong> 13 sentyabr 1970-ci ild\u0259 G\u0259nc\u0259 \u015f\u0259h\u0259rind\u0259 anadan olmu\u015fdur.<\/p>\n<p>Ail\u0259lidir, 2 \u00f6vlad\u0131 var.<\/p>\n<p><strong>T\u0259hsili, elmi d\u0259r\u0259c\u0259si v\u0259 elmi adlar\u0131:\u00a0 <\/strong><\/p>\n<p><strong>\u00a0<\/strong>1992 \u2013ci ild\u0259 M. F.Axundov ad\u0131na Rus Dili\u00a0 v\u0259 \u018fd\u0259biyyat\u0131 \u0130nstitutunu\u00a0 f\u0259rql\u0259nm\u0259 diplomu il\u0259 bitirmi\u015fdir.<\/p>\n<p>2009- ci ild\u0259\u00a0 N\u0259simi ad\u0131na Dil\u00e7ilik \u0130nstitutunda\u00a0 \u201cRusdilli l\u00fc\u011f\u0259tl\u0259rd\u0259 Az\u0259rbaycan m\u0259n\u015f\u0259li s\u00f6zl\u0259r\u201d adl\u0131 dissertasiya m\u00fcdafi\u0259 etmi\u015fdir.<\/p>\n<p>2015-ci ild\u0259 dosent elmi ad\u0131 alm\u0131\u015fd\u0131r<\/p>\n<p><strong>\u018fm\u0259k f\u0259aliyy\u0259ti:<\/strong><\/p>\n<p>1992-1999-c\u00fc ill\u0259rd\u0259\u00a0 G\u0259nc\u0259 \u015f\u0259h\u0259ri,\u00a0 M,\u015e. Vazeh ad\u0131na 16 sayl\u0131 orta m\u0259kt\u0259bd\u0259\u00a0 rus dili m\u00fc\u0259llimi i\u015fl\u0259mi\u015fdir.<\/p>\n<p>2000-ci ild\u0259n\u00a0 G\u0259nc\u0259\u00a0 D\u00f6vl\u0259t\u00a0 Universitetinin\u00a0 Rus dili kafedras\u0131n\u0131n \u0259m\u0259kda\u015f\u0131d\u0131r.<\/p>\n<p>\u201c\u00dcmumi Dil\u00e7ilik\u201d, \u201cFonetika\u201d, \u201cT\u0259l\u0259ff\u00fcz v\u0259rdi\u015fl\u0259ri\u201d v\u0259 s f\u0259nl\u0259r \u00fczr\u0259 m\u00fchazir\u0259 v\u0259 praktik m\u0259\u015f\u011f\u0259l\u0259l\u0259r apar\u0131r.<\/p>\n<p><strong>T\u0259dqiqat sah\u0259si .<\/strong>Az\u0259rbaycan v\u0259 rus dill\u0259rinin leksikas\u0131<\/p>\n<p><strong>Elmi \u0259s\u0259rl\u0259ri:<\/strong> 50- d\u0259n art\u0131q elmi \u0259s\u0259ri var. 1 monoqrafiya , iki d\u0259rs v\u0259saiti, f\u0259nn proqrammlar\u0131 t\u0259rtib etmi\u015fdir.<\/p>\n<p>\u00a0\u00a0\u00a0 M\u00fcasir Az\u0259rbaycan dilind\u0259 okkazional antoniml\u0259r v\u0259 onlar\u0131n i\u015fl\u0259nm\u0259 sah\u0259l\u0259ri m\u0259s\u0259l\u0259sin\u0259 dair.Dil\u00e7ilik institunin m\u0259s\u0259l\u0259l\u0259ri. \u201cElm v\u0259 t\u0259hsil \u201dBak\u0131- 2017,s\u0259h 114-123\u00a0\u00a0\u00a0\u00a0\u00a0\u00a0 \u00a0\u00a0\u00a0\u00a0\u00a0\u00a0\u00a0\u00a0<\/p>\n<p>\u00a0\u00a0\u00a0 Az\u0259rbaycan dilind\u0259 \u00e7oxm\u0259nal\u0131 s\u00f6zl\u0259rin semantik\u00a0 strukturu haqq\u0131nd Az\u0259rbaycan dilind\u0259 xarici dill\u0259r\u00a0 Bak\u0131 \u21162(43) 2019, 233-237\u00a0\u00a0<\/p>\n<p>\u00a0\u00a0\u00a0 S\u00f6z\u00fcn m\u0259nas\u0131 v\u0259 m\u0259hfum haqq\u0131nda. G\u0259nc aliml\u0259rin III beyn\u0259lxal\u0131q elmi konfrans\u0131 17-18 oktyabr G\u0259nc\u0259., \u00a0Konfrans materiallar\u0131\u00a0 \u00a02018 ,II hiss\u0259 \u00a0 \u00a0\u00a0\u00a0\u00a0\u00a0\u00a0\u00a0\u00a0<\/p>\n<p>\u00a0\u00a0\u00a0 M\u00fcasir Az\u0259rbaycan dilind\u0259 \u00e7oxm\u0259nal\u0131 s\u00f6zl\u0259r v\u0259 omoniml\u0259rin h\u00fcdudlar\u0131n\u0131n t\u0259yini haqq\u0131nda \u00a0\u00a0\u00a0\u00a0\u00a0\u00a0\u00a0\u00a0\u00a0\u00a0\u00a0\u00a0\u00a0\u00a0\u00a0\u00a0\u00a0\u00a0 International Black Sea Sosial Sciens Symposium (iBSESS) Baku-Azer\u00adbai\u00ad\u00adjan in AMEA Folklre institute and Literature Instute 19-21 november, 2019,443-446\u00a0<\/p>\n<p>\u00a0\u00a0\u00a0 \u00a0S\u00f6z\u00fcn m\u0259na inki\u015faf\u0131 n\u0259tic\u0259sind\u0259 \u0259m\u0259l\u0259 g\u0259l\u0259n omoniml\u0259r. M\u0259qal\u0259\u00a0\u00a0\u00a0\u00a0\u00a0\u00a0\u00a0 Revista Turismo:\u00a0 Estudos &amp; Praticas (UERN) , Mossoro\\ RN Caderno\u00a0 Suplementar, 04,2020 SETEMBRO .2020, n 4.Web of Science. \u00a0\u00a0\u00a0\u00a0\u00a0<\/p>\n<p>\u00a0\u00a0\u00a0 \u00c7oxm\u0259nal\u0131 s\u00f6zl\u0259rin m\u0259na n\u00f6vl\u0259ri haqq\u0131nda\u00a0\u00a0 Simpozium\u00a0\u00a0 The IX international scientific symposium dedicated to the 550<sup>th<\/sup> anniversary of\u00a0 Habibi. \u201cEast and West: a dialogue of cultures\u201d 19 dec. 2020<\/p>\n<p>\u00a0\u00a0\u00a0 \u041e \u0441\u0435\u043c\u0430\u043d\u0442\u0438\u0447\u0435\u0441\u043a\u043e\u0439 \u0441\u0430\u043c\u043e\u0431\u044b\u0442\u043d\u043e\u0441\u0442\u0438 \u043e\u043c\u043e\u043d\u0438\u043c\u043e\u0432 \u0421\u043e\u0432\u0440\u0435\u043c\u0435\u043d\u043d\u044b\u0435 \u0443\u0441\u043b\u043e\u0432\u0438\u044f \u0438\u043d\u0442\u0435\u0433\u0440\u0430\u0446\u0438\u043e\u043d\u043d\u044b\u0445 \u043f\u0440\u043e\u0446\u0435\u0441\u0441\u043e\u0432 \u0432 \u043d\u0430\u0443\u043a\u0435 \u0438 \u043e\u0431\u0440\u0430\u0437\u043e\u0432\u0430\u043d\u0438\u0438.\u00a0 \u0421\u0431\u043e\u0440\u043d\u0438\u043a \u0441\u0442\u0430\u0442\u0435\u0439. \u041c\u0435\u0436\u0434\u0443\u043d\u0430\u0440\u043e\u0434\u043d\u044b\u0439 \u043d\u0430\u0443\u0447\u043d\u043e-\u043f\u0440\u0430\u043a\u0442\u0438\u0447\u0435\u0441\u043a\u043e\u0439 \u043a\u043e\u043d\u0444\u0435\u0440\u0435\u043d\u0446\u0438\u0438. 5 \u0430\u043f\u0440\u0435\u043b\u044f 2021 \u0433. \u0411\u0430\u0448\u043a\u0438\u0440\u0438\u044f<\/p>\n<p>\u00a0\u00a0\u00a0 Artistic literature as a source\u00a0 of formationof conceptual synonyms and metaphors\u00a0\u00a0 Russian lingustic bulleten\u00a0 2021 \u21162 \u0421\u0430\u043d\u043a\u0442-\u041f\u0435\u0442\u0435\u0440\u0431\u0443\u0440\u0433 .<\/p>\n<p>\u00a0 S\u00f6z\u00fcn semantik inki\u015faf\u0131 n\u0259tic\u0259sind\u0259 \u0259m\u0259l\u0259 g\u0259l\u0259n omoniml\u0259r. M\u0259qal\u0259\u00a0\u00a0\u00a0\u00a0\u00a0\u00a0 Filologiya m\u0259s\u0259l\u0259l\u0259ri \u00ab\u0415lm v\u0259 t\u0259hsil \u00bb\u2116 14 Bak\u0131 \u2013 2022, 116-124\u00a0\u00a0\u00a0\u00a0\u00a0<\/p>\n<p>\u00a0\u00a0\u00a0\u00a0\u00a0\u00a0 M\u0259tn daxilind\u0259 \u00e7oxm\u0259nal\u0131 s\u00f6zl\u0259rin ifad\u0259liliyi haqq\u0131nda\u00a0\u00a0\u00a0\u00a0\u00a0 Konfr\u00a0\u00a0 \u201cAktual problems of science in the light: in the Turkish world\u00a0 and national unity\u201d adl\u0131 XXXIII Beyn\u0259lxalq elmi konfrans. Bi\u015fkek. Q\u0131r\u011f\u0131z\u0131stan\u00a0 24 dekabr 2022\u00a0\u00a0\u00a0\u00a0\u00a0\u00a0\u00a0\u00a0\u00a0\u00a0\u00a0\u00a0\u00a0\u00a0\u00a0\u00a0\u00a0\u00a0\u00a0\u00a0\u00a0\u00a0\u00a0\u00a0\u00a0\u00a0\u00a0\u00a0\u00a0\u00a0\u00a0\u00a0\u00a0\u00a0\u00a0\u00a0\u00a0<\/p>\n<p><strong>Beyn\u0259lxalq v\u0259 respublika simpozium v\u0259 konfranslarda i\u015ftirak\u0131:<\/strong><\/p>\n<ul>\n<li>20-d\u0259n art\u0131q beyn\u0259lxalq v\u0259 respublika elmi konfranslar\u0131nda m\u00fcxt\u0259lif m\u00f6vzulu m\u0259ruz\u0259l\u0259rl\u0259\u00a0 \u00e7\u0131x\u0131\u015f etmi\u015fdir.<\/li>\n<\/ul>\n<p><strong>Dil bilgisi:<\/strong> rus dili, ingilis dili.turk dili<\/p>\n<p><strong>Partiyal\u0131l\u0131\u011f\u0131:<\/strong> YAP<\/p>\n<p>\u00a0<\/p>\n<p><strong>\u00a0<\/strong><\/p>","protected":false},"excerpt":{"rendered":"<p>\u00a0 Ba\u011f\u0131rova Sevinc Nadir q\u0131z\u0131 GDU-nun \u00abRus dili\u00bb kafedras\u0131n\u0131n dosenti E-mail: mirzoyevasevinj@mail.ru Q\u0131sa bioqrafik m\u0259lumat: 13 sentyabr 1970-ci ild\u0259 G\u0259nc\u0259 \u015f\u0259h\u0259rind\u0259 anadan olmu\u015fdur. Ail\u0259lidir, 2 \u00f6vlad\u0131 var. T\u0259hsili, elmi d\u0259r\u0259c\u0259si v\u0259 elmi adlar\u0131:\u00a0 \u00a01992 \u2013ci ild\u0259 M. F.Axundov ad\u0131na Rus Dili\u00a0 v\u0259 \u018fd\u0259biyyat\u0131 \u0130nstitutunu\u00a0 f\u0259rql\u0259nm\u0259 diplomu il\u0259 bitirmi\u015fdir. 2009- ci ild\u0259\u00a0 N\u0259simi ad\u0131na Dil\u00e7ilik \u0130nstitutunda\u00a0 [&hellip;]<\/p>\n","protected":false},"author":4,"featured_media":0,"parent":0,"menu_order":0,"comment_status":"closed","ping_status":"closed","template":"","meta":{"footnotes":""},"categories":[],"tags":[],"class_list":["post-514","page","type-page","status-publish","hentry"],"_links":{"self":[{"href":"http:\/\/xdf.gdu.edu.az\/index.php?rest_route=\/wp\/v2\/pages\/514","targetHints":{"allow":["GET"]}}],"collection":[{"href":"http:\/\/xdf.gdu.edu.az\/index.php?rest_route=\/wp\/v2\/pages"}],"about":[{"href":"http:\/\/xdf.gdu.edu.az\/index.php?rest_route=\/wp\/v2\/types\/page"}],"author":[{"embeddable":true,"href":"http:\/\/xdf.gdu.edu.az\/index.php?rest_route=\/wp\/v2\/users\/4"}],"replies":[{"embeddable":true,"href":"http:\/\/xdf.gdu.edu.az\/index.php?rest_route=%2Fwp%2Fv2%2Fcomments&post=514"}],"version-history":[{"count":5,"href":"http:\/\/xdf.gdu.edu.az\/index.php?rest_route=\/wp\/v2\/pages\/514\/revisions"}],"predecessor-version":[{"id":14492,"href":"http:\/\/xdf.gdu.edu.az\/index.php?rest_route=\/wp\/v2\/pages\/514\/revisions\/14492"}],"wp:attachment":[{"href":"http:\/\/xdf.gdu.edu.az\/index.php?rest_route=%2Fwp%2Fv2%2Fmedia&parent=514"}],"wp:term":[{"taxonomy":"category","embeddable":true,"href":"http:\/\/xdf.gdu.edu.az\/index.php?rest_route=%2Fwp%2Fv2%2Fcategories&post=514"},{"taxonomy":"post_tag","embeddable":true,"href":"http:\/\/xdf.gdu.edu.az\/index.php?rest_route=%2Fwp%2Fv2%2Ftags&post=514"}],"curies":[{"name":"wp","href":"https:\/\/api.w.org\/{rel}","templated":true}]}}

Bağırova Sevinc Nadir qızı

<div class="wp-block-image"><figure class="aligncenter size-large is-resized"><img loading="lazy" decoding="async" src="http://xdf.gdu.edu.az/wp-content/uploads/2023/05/IMG_1556.jpg" alt="" class="wp-image-12128" width="207" height="290" srcset="http://xdf.gdu.edu.az/wp-content/uploads/2023/05/IMG_1556.jpg 1160w, http://xdf.gdu.edu.az/wp-content/uploads/2023/05/IMG_1556-768x1075.jpg 768w, http://xdf.gdu.edu.az/wp-content/uploads/2023/05/IMG_1556-1097x1536.jpg 1097w" sizes="auto, (max-width: 207px) 100vw, 207px" /></figure></div>


<p> </p>
<h5>Bağırova Sevinc Nadir qızı</h5>
<p>GDU-nun «Rus dili» kafedrasının dosenti</p>
<p><strong>E-mail: </strong><a href="mailto:mirzoyevasevinj@mail.ru">mirzoyevasevinj@mail.ru</a></p>
<p><strong>Qısa bioqrafik məlumat:</strong> 13 sentyabr 1970-ci ildə Gəncə şəhərində anadan olmuşdur.</p>
<p>Ailəlidir, 2 övladı var.</p>
<p><strong>Təhsili, elmi dərəcəsi və elmi adları:  </strong></p>
<p><strong> </strong>1992 –ci ildə M. F.Axundov adına Rus Dili  və Ədəbiyyatı İnstitutunu  fərqlənmə diplomu ilə bitirmişdir.</p>
<p>2009- ci ildə  Nəsimi adına Dilçilik İnstitutunda  “Rusdilli lüğətlərdə Azərbaycan mənşəli sözlər” adlı dissertasiya müdafiə etmişdir.</p>
<p>2015-ci ildə dosent elmi adı almışdır</p>
<p><strong>Əmək fəaliyyəti:</strong></p>
<p>1992-1999-cü illərdə  Gəncə şəhəri,  M,Ş. Vazeh adına 16 saylı orta məktəbdə  rus dili müəllimi işləmişdir.</p>
<p>2000-ci ildən  Gəncə  Dövlət  Universitetinin  Rus dili kafedrasının əməkdaşıdır.</p>
<p>“Ümumi Dilçilik”, “Fonetika”, “Tələffüz vərdişləri” və s fənlər üzrə mühazirə və praktik məşğələlər aparır.</p>
<p><strong>Tədqiqat sahəsi .</strong>Azərbaycan və rus dillərinin leksikası</p>
<p><strong>Elmi əsərləri:</strong> 50- dən artıq elmi əsəri var. 1 monoqrafiya , iki dərs vəsaiti, fənn proqrammları tərtib etmişdir.</p>
<p>    Müasir Azərbaycan dilində okkazional antonimlər və onların işlənmə sahələri məsələsinə dair.Dilçilik institunin məsələləri. “Elm və təhsil ”Bakı- 2017,səh 114-123               </p>
<p>    Azərbaycan dilində çoxmənalı sözlərin semantik  strukturu haqqınd Azərbaycan dilində xarici dillər  Bakı №2(43) 2019, 233-237  </p>
<p>    Sözün mənası və məhfum haqqında. Gənc alimlərin III beynəlxalıq elmi konfransı 17-18 oktyabr Gəncə.,  Konfrans materialları   2018 ,II hissə           </p>
<p>    Müasir Azərbaycan dilində çoxmənalı sözlər və omonimlərin hüdudlarının təyini haqqında                    International Black Sea Sosial Sciens Symposium (iBSESS) Baku-Azer­bai­­jan in AMEA Folklre institute and Literature Instute 19-21 november, 2019,443-446 </p>
<p>     Sözün məna inkişafı nəticəsində əmələ gələn omonimlər. Məqalə        Revista Turismo:  Estudos &amp; Praticas (UERN) , Mossoro\ RN Caderno  Suplementar, 04,2020 SETEMBRO .2020, n 4.Web of Science.      </p>
<p>    Çoxmənalı sözlərin məna növləri haqqında   Simpozium   The IX international scientific symposium dedicated to the 550<sup>th</sup> anniversary of  Habibi. “East and West: a dialogue of cultures” 19 dec. 2020</p>
<p>    О семантической самобытности омонимов Современные условия интеграционных процессов в науке и образовании.  Сборник статей. Международный научно-практической конференции. 5 апреля 2021 г. Башкирия</p>
<p>    Artistic literature as a source  of formationof conceptual synonyms and metaphors   Russian lingustic bulleten  2021 №2 Санкт-Петербург .</p>
<p>  Sözün semantik inkişafı nəticəsində əmələ gələn omonimlər. Məqalə       Filologiya məsələləri «Еlm və təhsil »№ 14 Bakı – 2022, 116-124     </p>
<p>       Mətn daxilində çoxmənalı sözlərin ifadəliliyi haqqında      Konfr   “Aktual problems of science in the light: in the Turkish world  and national unity” adlı XXXIII Beynəlxalq elmi konfrans. Bişkek. Qırğızıstan  24 dekabr 2022                                     </p>
<p><strong>Beynəlxalq və respublika simpozium və konfranslarda iştirakı:</strong></p>
<ul>
<li>20-dən artıq beynəlxalq və respublika elmi konfranslarında müxtəlif mövzulu məruzələrlə  çıxış etmişdir.</li>
</ul>
<p><strong>Dil bilgisi:</strong> rus dili, ingilis dili.turk dili</p>
<p><strong>Partiyalılığı:</strong> YAP</p>
<p> </p>
<p><strong> </strong></p>

<p>  Bağırova Sevinc Nadir qızı GDU-nun «Rus dili» kafedrasının dosenti E-mail: mirzoyevasevinj@mail.ru Qısa bioqrafik məlumat: 13 sentyabr 1970-ci ildə Gəncə şəhərində anadan olmuşdur. Ailəlidir, 2 övladı var. Təhsili, elmi dərəcəsi və elmi adları:   1992 –ci ildə M. F.Axundov adına Rus Dili  və Ədəbiyyatı İnstitutunu  fərqlənmə diplomu ilə bitirmişdir. 2009- ci ildə  Nəsimi adına Dilçilik İnstitutunda  [&hellip;]</p>
