{"id":505,"date":"2016-04-06T12:12:02","date_gmt":"2016-04-06T10:12:02","guid":{"rendered":"http:\/\/xd.gdu.edu.az\/?page_id=505"},"modified":"2023-05-23T09:48:09","modified_gmt":"2023-05-23T07:48:09","slug":"h%c9%99s%c9%99nova-k%c9%99mal%c9%99-eldar-qizi","status":"publish","type":"page","link":"http:\/\/xdf.gdu.edu.az\/?page_id=505","title":{"rendered":"H\u0259s\u0259nova K\u0259mal\u0259 Eldar q\u0131z\u0131"},"content":{"rendered":"\n<div class=\"wp-block-image\"><figure class=\"aligncenter size-large is-resized\"><img loading=\"lazy\" decoding=\"async\" src=\"http:\/\/xdf.gdu.edu.az\/wp-content\/uploads\/2023\/05\/IMG_1562.jpg\" alt=\"\" class=\"wp-image-12131\" width=\"253\" height=\"354\" srcset=\"http:\/\/xdf.gdu.edu.az\/wp-content\/uploads\/2023\/05\/IMG_1562.jpg 1160w, http:\/\/xdf.gdu.edu.az\/wp-content\/uploads\/2023\/05\/IMG_1562-768x1075.jpg 768w, http:\/\/xdf.gdu.edu.az\/wp-content\/uploads\/2023\/05\/IMG_1562-1097x1536.jpg 1097w\" sizes=\"auto, (max-width: 253px) 100vw, 253px\" \/><\/figure><\/div>\n\n\n<p><strong>H\u0259s\u0259nova K\u0259mal\u0259 Eldar q\u0131z\u0131<\/strong><\/p>\n<p><strong>V\u0259zif\u0259si\u00a0<\/strong>: Rus dili\u00a0 kafedras\u0131n\u0131n ba\u015f m\u00fc\u0259llimi.<\/p>\n<p>GDU-nun \u00abRus dili\u00bb kafedras\u0131n\u0131n ba\u015f mu\u0259llimi<\/p>\n<p>Telefon: +994 70\u00a0280 31 19<\/p>\n<p>\u00a0<\/p>\n<p><strong>Email: kemale.hesenova70@gmail.com<\/strong><\/p>\n<p>\u00a0<\/p>\n<p><strong>Q\u0131sa bioqrafik m\u0259lumat<\/strong><\/p>\n<p>\u00a0<\/p>\n<ul>\n<li>1970-ci il 2 yanvar G\u0259nc\u0259 \u015f\u0259h\u0259rind\u0259 anadan olmu\u015fdur.<\/li>\n<li>1977-1987-ci ill\u0259rd\u0259 G\u0259nc\u0259 \u015f\u0259h\u0259ri 34 sayl\u0131 orta m\u0259kt\u0259bd\u0259 t\u0259hsil alm\u0131\u015f v\u0259 h\u0259min m\u0259kt\u0259bi bitirmi\u015fdir.<\/li>\n<li>Ail\u0259lidir 2 \u00f6vlad\u0131 var<\/li>\n<\/ul>\n<p><strong>T\u0259hsili<\/strong><strong>:<\/strong><\/p>\n<p>\u00a0<\/p>\n<ul>\n<li>1987-1992 Bak\u0131 Slavyan Universitetinin \u00a0\u00abMilli m\u0259kt\u0259bl\u0259rd\u0259 rus dili\u00bb ixtisas\u0131 \u00fczr\u0259 t\u0259hsil alm\u0131\u015f v\u0259 h\u0259min\u00a0 universiteti f\u0259rql\u0259nm\u0259 diplomu il\u0259 bitirmi\u015fdir.<\/li>\n<\/ul>\n<p><strong>Elmi d\u0259r\u0259c\u0259si v\u0259 adlar\u0131<\/strong><strong>:<\/strong><\/p>\n<p><strong>\u00a0<\/strong><\/p>\n<ul>\n<li>2002 \u2013 kafedran\u0131n bas mu\u0259llimi olmu\u015fdur.<\/li>\n<\/ul>\n<p><strong>\u018fm\u0259k f\u0259aliyy\u0259ti<\/strong><\/p>\n<ul>\n<li>1992-ci ild\u0259n G\u0259nc\u0259 D\u00f6vl\u0259t Universitetind\u0259 m\u00fc\u0259llim<\/li>\n<li>2002 -ci ild\u0259 G\u0259nc\u0259 D\u00f6vl\u0259t Universitetinin \u00abRus dili\u00bb kafedras\u0131n\u0131n\u00a0 ba\u015f m\u00fc\u0259llimi.<\/li>\n<\/ul>\n<p>\u00a0\u00a0\u00a0 <strong>T\u0259dqiqat sah\u0259si<\/strong><\/p>\n<p><strong>\u00a0<\/strong><\/p>\n<p><strong>\u00a0\u00a0\u00a0\u00a0\u00a0\u00a0\u00a0\u00a0 Rus dilinin qrammatikas\u0131n\u0131n t\u0259drisi<\/strong><\/p>\n<p>Rus dilinin t\u0259drisi;<\/p>\n<p><strong>Beyn\u0259lxalq v\u0259 respublika s\u0259viyy\u0259li seminar, simpozium v\u0259 konfranslarda i\u015ftirak\u0131. <\/strong><strong>Elmi \u0259s\u0259rl\u0259ri.<\/strong><\/p>\n<p><strong>\u00a0<\/strong><\/p>\n<p>\u041e\u0441\u043e\u0431\u0435\u043d\u043d\u043e\u0441\u0442\u0438 \u043d\u0430\u0447\u0430\u043b\u044c\u043d\u043e\u0433\u043e \u044d\u0442\u0430\u043f\u0430 \u043e\u0431\u0443\u0447\u0435\u043d\u0438\u044f \u0420\u041a\u0418 \u0421\u0442\u0430\u0442\u044c\u044f \u041c\u0430\u0442\u0435\u0440\u0438\u0430\u043b\u044b \u043f\u043e\u0440\u0442\u0430\u043b\u0430\u00a0 \u00ab\u041e\u0431\u0440\u0430\u0437\u043e\u0432\u0430\u043d\u0438\u0435 \u043d\u0430 \u0440\u0443\u0441\u0441\u043a\u043e\u043c\u00a0 \u0434\u043b\u044f \u0438\u0441\u043f\u043e\u043b\u044c\u0437\u043e\u0432\u0430\u043d\u0438\u044f \u043d\u0430 \u043d\u0430\u0447\u0430\u043b\u044c\u043d\u043e\u043c \u044d\u0442\u0430\u043f\u0435.\u00bb \u00a023.10.2019.\u0413\u0418\u0420\u042f<\/p>\n<p>\u0423\u0447\u0435\u0431\u043d\u043e\u0435 \u043f\u043e\u0441\u043e\u0431\u0438\u0435 \u0434\u043b\u044f \u0441\u0442\u0443\u0434\u0435\u043d\u0442\u043e\u0432. \u0423\u0447\u0435\u0431\u043d\u0438\u043a. \u201cElm v\u0259 t\u0259hsil\u201d Bak\u0131.2019.<\/p>\n<p>\u041f\u0440\u044f\u043c\u0430\u044f \u0438 \u043a\u043e\u0441\u0432\u0435\u043d\u043d\u0430\u044f \u0440\u0435\u0447\u044c \u0433\u043b\u0430\u0437\u0430\u043c\u0438 \u0438\u043d\u043e\u0441\u0442\u0440\u0430\u043d\u043d\u044b\u0445 \u0441\u0442\u0443\u0434\u0435\u043d\u0442\u043e\u0432. \u0421\u0442\u0430\u0442\u044c\u044f. \u0410\u0440\u0434\u0430\u0445\u0430\u043d \u0422\u0443\u0440\u0446\u0438\u044f 7-\u0430\u044f \u043d\u0430\u0443\u0447\u043d\u0430\u044f \u043a\u043e\u043d\u0444\u0435\u0440\u0435\u043d\u0446\u0438\u044f, \u043f\u043e\u0441\u0432\u044f\u0449\u0435\u043d\u043d\u0430\u044f \u044e\u0431\u0438\u043b\u0435\u044e \u0421.\u0410.\u0428\u0438\u0440\u0432\u0430\u043d\u0438. 25.09.2020.<\/p>\n<p>\u0410\u043a\u0442\u0443\u0430\u043b\u044c\u043d\u044b\u0435 \u0432\u043e\u043f\u0440\u043e\u0441\u044b \u0442\u0435\u043e\u0440\u0438\u0438 \u0438 \u043f\u0440\u0430\u043a\u0442\u0438\u043a\u0438 \u043f\u0440\u0435\u043f\u043e\u0434\u0430\u0432\u0430\u043d\u0438\u044f \u0440\u0443\u0441\u0441\u043a\u043e\u0433\u043e \u044f\u0437\u044b\u043a\u0430 \u043a\u0430\u043a \u0438\u043d\u043e\u0441\u0442\u0440\u0430\u043d\u043d\u043e\u0433\u043e. \u0421\u0442\u0430\u0442\u044c\u044f. \u041c\u0430\u0442\u0435\u0440\u0438\u0430\u043b\u044b \u041c\u0435\u0436\u0434\u0443\u043d\u0430\u0440\u043e\u0434\u043d\u043e\u0439 \u043d\u0430\u0443\u0447\u043d\u043e-\u043f\u0440\u0430\u043a\u0442\u0438\u0447\u0435\u0441\u043a\u043e\u0439 \u043a\u043e\u043d\u0444\u0435\u0440\u0435\u043d\u0446\u0438\u0438. 20 \u043c\u0430\u044f 2021.<\/p>\n<p>\u041f\u0440\u0430\u0432\u043e \u043f\u0438\u0441\u0430\u0442\u0435\u043b\u044f \u0441\u0432\u043e\u0431\u043e\u0434\u043d\u043e \u0442\u0432\u043e\u0440\u0438\u0442\u044c \u0438\u043b\u0438 \u0442\u043e\u0442\u0430\u043b\u044c\u043d\u044b\u0439 \u043a\u043e\u043d\u0442\u0440\u043e\u043b\u044c. \u0421\u0442\u0430\u0442\u044c\u044f. \u0425I Beyn\u0259lxalq Elmi Simpozium \u201cM\u00fcasir d\u00fcnyada m\u0259d\u0259niyy\u0259tl\u0259raras\u0131 m\u00fcnasib\u0259tl\u0259r\u201d Tbilisi. 2021.<\/p>\n<p>\u041f\u0440\u0438\u043c\u0435\u043d\u0435\u043d\u0438\u0435\u00a0 \u0432\u0438\u0434\u0435\u043e\u043c\u0430\u0442\u0435\u0440\u0438\u0430\u043b\u0430 \u043d\u0430 \u044d\u0442\u0430\u043f\u0430\u0445 \u0430\u043a\u0442\u0438\u0432\u043d\u043e\u0433\u043e \u0443\u0440\u043e\u043a\u0430. \u0421\u0442\u0430\u0442\u044c\u044f. \u041c\u0430\u0442\u0435\u0440\u0438\u0430\u043b\u044b \u041c\u0435\u0436\u0434\u0443\u043d\u0430\u0440\u043e\u0434\u043d\u043e\u0439 \u043d\u0430\u0443\u0447\u043d\u043e \u2013\u043f\u0440\u0430\u043a\u0442\u0438\u0447\u0435\u0441\u043a\u043e\u0439 \u043a\u043e\u043d\u0444\u0435\u0440\u0435\u043d\u0446\u0438\u0438\u00a0 \u0410\u043a\u0442\u0443\u0430\u043b\u044c\u043d\u044b\u0435 \u0432\u043e\u043f\u0440\u043e\u0441\u044b \u0442\u0435\u043e\u0440\u0438\u0438 \u0438 \u043f\u0440\u0430\u043a\u0442\u0438\u043a\u0438 \u043f\u0440\u0435\u043f\u043e\u0434\u0430\u0432\u0430\u043d\u0438\u044f \u0440\u0443\u0441\u0441\u043a\u043e\u0433\u043e \u044f\u0437\u044b\u043a\u0430 \u0438 \u043a\u0430\u043a \u0438\u043d\u043e\u0441\u0442\u0440\u0430\u043d\u043d\u043e\u0433\u043e. 20 \u043c\u0430\u044f 2021.<\/p>\n<p>\u0418\u043d\u0444\u043e\u0440\u043c\u0430\u0446\u0438\u043e\u043d\u043d\u044b\u0435 \u0442\u0435\u0445\u043d\u043e\u043b\u043e\u0433\u0438\u0438 \u043a\u0430\u043a \u043e\u0441\u043d\u043e\u0432\u0430 \u044d\u0444\u0444\u0435\u043a\u0442\u0438\u0432\u043d\u043e\u0433\u043e \u0438\u043d\u043d\u043e\u0432\u0430\u0446\u0438\u043e\u043d\u043d\u043e\u0433\u043e \u0440\u0430\u0437\u0432\u0438\u0442\u0438\u044f. \u0421\u0442\u0430\u0442\u044c\u044f.\u041c\u0435\u0436\u0434\u0443\u043d\u0430\u0440\u043e\u0434\u043d\u0430\u044f \u043d\u0430\u0443\u0447\u043d\u043e-\u043f\u0440\u0430\u043a\u0442\u0438\u0447\u0435\u0441\u043a\u0430\u044f\u00a0 \u043a\u043e\u043d\u0444\u0435\u0440\u0435\u043d\u0446\u0438\u044f\u00a0 \u0421\u0430\u043c\u0430\u0440\u0430. 10.01.2022<\/p>\n<p>\u00a0\u0424\u043e\u043d\u0435\u0442\u0438\u0447\u0435\u0441\u043a\u0430\u044f \u0442\u0440\u0430\u043d\u0441\u043a\u0440\u0438\u043f\u0446\u0438\u044f \u0433\u043b\u0430\u0441\u043d\u044b\u0445 \u0437\u0432\u0443\u043a\u043e\u0432 \u0440\u0443\u0441\u0441\u043a\u043e\u0433\u043e \u044f\u0437\u044b\u043a\u0430. \u0421\u0442\u0430\u0442\u044c\u044f. \u041c\u0435\u0436\u0434\u0443\u043d\u0430\u0440\u043e\u0434\u043d\u0430\u044f \u043d\u0430\u0443\u0447\u043d\u043e-\u043f\u0440\u0430\u043a\u0442\u0438\u0447\u0435\u0441\u043a\u0430\u044f\u00a0 \u043a\u043e\u043d\u0444\u0435\u0440\u0435\u043d\u0446\u0438\u044f \u00ab\u0418\u043d\u0444\u043e\u0440\u043c\u0430\u0446\u0438\u043e\u043d\u043d\u044b\u0435 \u0442\u0435\u0445\u043d\u043e\u043b\u043e\u0433\u0438\u0438 \u043a\u0430\u043a \u043e\u0441\u043d\u043e\u0432\u0430 \u044d\u0444\u0444\u0435\u043a\u0442\u0438\u0432\u043d\u043e\u0433\u043e \u0438\u043d\u043d\u043e\u0432\u0430\u0446\u0438\u043e\u043d\u043d\u043e\u0433\u043e \u0440\u0430\u0437\u0432\u0438\u0442\u0438\u044f\u00bb\u00a0 \u0421\u0430\u043c\u0430\u0440\u0430. 10.01.2022.<\/p>\n<p>\u041a\u043e\u043d\u0446\u0435\u043f\u0446\u0438\u044f \u043f\u0440\u043e\u0437\u0430\u0438\u0447\u0435\u0441\u043a\u043e\u0439 \u0441\u0442\u0440\u043e\u0444\u044b .\u041c\u0438\u0447\u0438\u0433\u0430\u043d \u0421\u0428\u0410 . 2022<\/p>\n<p>\u041e\u0431\u043e\u0441\u043e\u0431\u043b\u0435\u043d\u0438\u0435 \u0432 \u0440\u0443\u0441\u0441\u043a\u043e\u043c \u044f\u0437\u044b\u043a\u0435. \u0421\u0442\u0430\u0442\u044c\u044f. XI \u041c\u0435\u0436\u0434\u0443\u043d\u0430\u0440\u043e\u0434\u043d\u0430\u044f \u043d\u0430\u0443\u0447\u043d\u043e-\u043f\u0440\u0430\u043a\u0442\u0438\u0447\u0435\u0441\u043a\u0430\u044f\u00a0 \u043a\u043e\u043d\u0444\u0435\u0440\u0435\u043d\u0446\u0438\u044f \u00abMethods of solving complex problems in scienci\u00bb \u041f\u0440\u0430\u0433\u0430, \u0427\u0435\u0445\u0438\u044f . 25-28 \u0430\u043f\u0440\u0435\u043b\u044f 2023.<\/p>\n<p>\u0424\u043e\u0440\u043c\u0438\u0440\u043e\u0432\u0430\u043d\u0438\u0435 \u0443\u043c\u0435\u043d\u0438\u0439 \u0438 \u043d\u0430\u0432\u044b\u043a\u043e\u0432 \u0430\u0443\u0434\u0438\u0440\u043e\u0432\u0430\u043d\u0438\u044f \u043a\u0430\u043a \u043e\u0434\u043d\u0430 \u0438\u0437 \u0432\u0430\u0436\u043d\u0435\u0439\u0448\u0438\u0445 \u043d\u0430\u043f\u0440\u0430\u0432\u043b\u0435\u043d\u0438\u0439 \u0438\u0437\u0443\u0447\u0435\u043d\u0438\u044f \u043a\u0443\u0440\u0441\u0435 \u0438\u043d\u043e\u0441\u0442\u0440\u0430\u043d\u043d\u043e\u0433\u043e \u044f\u0437\u044b\u043a\u0430. \u0421\u0442\u0430\u0442\u044c\u044f. Philological sciences \u201cColloquium \u2013 Journal\u201d 3(162).2023.<\/p>\n<p>\u00a0<\/p>\n<p><strong>K\u0130TABLAR<\/strong> <strong>\u00a0v\u0259 <\/strong><strong>\u00a0<\/strong><strong>D\u018fRS V\u018fSA\u0130TL\u018fR\u0130<\/strong><\/p>\n<p>\u0423\u0447\u0435\u0431\u043d\u043e\u0435 \u043f\u043e\u0441\u043e\u0431\u0438\u0435 \u0434\u043b\u044f \u0441\u0442\u0443\u0434\u0435\u043d\u0442\u043e\u0432. \u0423\u0447\u0435\u0431\u043d\u0438\u043a. \u201cElm v\u0259 t\u0259hsil\u201d Bak\u0131.2019.<\/p>\n<p>Xarici dil bacar\u0131qlar\u0131 (oxu v\u0259 nitq) \u201cRus dili m\u00fc\u0259llimliyi\u201d ixtisas\u0131nda. F\u0259nn proqram\u0131. Az\u0259rbaycan respublikas\u0131 Elm v\u0259 T\u0259hsil Nazirliyi GDU Ali m\u0259kt\u0259bl\u0259rin bakalavriat t\u0259hsil s\u0259viyy\u0259si \u00fc\u00e7\u00fcn. G\u0259nc\u0259.2021.<\/p>\n<p>\u00a0<\/p>\n<p><strong>Dil bilgisi: <\/strong><\/p>\n<p>Rus dili, T\u00fcrk dili.<\/p>\n<p><strong>Part\u0131yal\u0131l\u0131\u011f\u0131<\/strong><strong>: <\/strong>YAP<\/p>\n<p>\u00a0<\/p>","protected":false},"excerpt":{"rendered":"<p>H\u0259s\u0259nova K\u0259mal\u0259 Eldar q\u0131z\u0131 V\u0259zif\u0259si\u00a0: Rus dili\u00a0 kafedras\u0131n\u0131n ba\u015f m\u00fc\u0259llimi. GDU-nun \u00abRus dili\u00bb kafedras\u0131n\u0131n ba\u015f mu\u0259llimi Telefon: +994 70\u00a0280 31 19 \u00a0 Email: kemale.hesenova70@gmail.com \u00a0 Q\u0131sa bioqrafik m\u0259lumat \u00a0 1970-ci il 2 yanvar G\u0259nc\u0259 \u015f\u0259h\u0259rind\u0259 anadan olmu\u015fdur. 1977-1987-ci ill\u0259rd\u0259 G\u0259nc\u0259 \u015f\u0259h\u0259ri 34 sayl\u0131 orta m\u0259kt\u0259bd\u0259 t\u0259hsil alm\u0131\u015f v\u0259 h\u0259min m\u0259kt\u0259bi bitirmi\u015fdir. Ail\u0259lidir 2 \u00f6vlad\u0131 var [&hellip;]<\/p>\n","protected":false},"author":4,"featured_media":0,"parent":0,"menu_order":0,"comment_status":"closed","ping_status":"closed","template":"","meta":{"footnotes":""},"categories":[],"tags":[],"class_list":["post-505","page","type-page","status-publish","hentry"],"_links":{"self":[{"href":"http:\/\/xdf.gdu.edu.az\/index.php?rest_route=\/wp\/v2\/pages\/505","targetHints":{"allow":["GET"]}}],"collection":[{"href":"http:\/\/xdf.gdu.edu.az\/index.php?rest_route=\/wp\/v2\/pages"}],"about":[{"href":"http:\/\/xdf.gdu.edu.az\/index.php?rest_route=\/wp\/v2\/types\/page"}],"author":[{"embeddable":true,"href":"http:\/\/xdf.gdu.edu.az\/index.php?rest_route=\/wp\/v2\/users\/4"}],"replies":[{"embeddable":true,"href":"http:\/\/xdf.gdu.edu.az\/index.php?rest_route=%2Fwp%2Fv2%2Fcomments&post=505"}],"version-history":[{"count":4,"href":"http:\/\/xdf.gdu.edu.az\/index.php?rest_route=\/wp\/v2\/pages\/505\/revisions"}],"predecessor-version":[{"id":12157,"href":"http:\/\/xdf.gdu.edu.az\/index.php?rest_route=\/wp\/v2\/pages\/505\/revisions\/12157"}],"wp:attachment":[{"href":"http:\/\/xdf.gdu.edu.az\/index.php?rest_route=%2Fwp%2Fv2%2Fmedia&parent=505"}],"wp:term":[{"taxonomy":"category","embeddable":true,"href":"http:\/\/xdf.gdu.edu.az\/index.php?rest_route=%2Fwp%2Fv2%2Fcategories&post=505"},{"taxonomy":"post_tag","embeddable":true,"href":"http:\/\/xdf.gdu.edu.az\/index.php?rest_route=%2Fwp%2Fv2%2Ftags&post=505"}],"curies":[{"name":"wp","href":"https:\/\/api.w.org\/{rel}","templated":true}]}}