{"id":395,"date":"2016-03-29T15:54:08","date_gmt":"2016-03-29T13:54:08","guid":{"rendered":"http:\/\/xd.gdu.edu.az\/?page_id=395"},"modified":"2024-10-22T10:01:05","modified_gmt":"2024-10-22T08:01:05","slug":"m%c9%99mm%c9%99dzad%c9%99-nat%c9%99van-yusif-qizi","status":"publish","type":"page","link":"http:\/\/xdf.gdu.edu.az\/?page_id=395","title":{"rendered":"M\u0259mm\u0259dzad\u0259 Nat\u0259van Yusif  q\u0131z\u0131"},"content":{"rendered":"\n<div class=\"wp-block-image\"><figure class=\"aligncenter size-large is-resized\"><img loading=\"lazy\" decoding=\"async\" src=\"http:\/\/xdf.gdu.edu.az\/wp-content\/uploads\/2023\/05\/nata.jpg\" alt=\"\" class=\"wp-image-11904\" width=\"233\" height=\"330\"\/><\/figure><\/div>\n\n\n<p>G\u0259nc\u0259 D\u00f6vl\u0259t Universitetinin \u201cPraktik xarici dill\u0259r\u201d kafedras\u0131nda ba\u015f m\u00fc\u0259llim Nat\u0259van M\u0259mm\u0259dzad\u0259 Yusif q\u0131z\u0131<\/p>\n<p><strong>QISA B\u0130OQRAF\u0130K M\u018fLUMAT<\/strong><\/p>\n<p>1970-ci il 16 dekab\u0131rda G\u0259nc\u0259 \u015f\u0259h\u0259rind\u0259 anadan olmu\u015fdur.<\/p>\n<p>Ail\u0259lidir, bir \u00f6vlad\u0131 var. \u00a02001-ci ild\u0259n YAP-\u0131n \u00fczv\u00fcd\u00fcr.<\/p>\n<p><strong>T\u018fHS\u0130L\u0130, ELM\u0130 D\u018fR\u018fC\u018fS\u0130 V\u018f ELM\u0130 ADLARI<\/strong><\/p>\n<p>1.1977-1987-c\u00fc ill\u0259rd\u0259 G\u0259nc\u0259 \u015f\u0259h\u0259ri 18 sayl\u0131 orta m\u0259kt\u0259bd\u0259 t\u0259hsil alm\u0131\u015f v\u0259 h\u0259min m\u0259kt\u0259bi bitirmi\u015fdir.<\/p>\n<ol start=\"2\">\n<li>1990-1995-cu ill\u0259rd\u0259 Bak\u0131 \u015f\u0259h\u0259rind\u0259 \u201c Az\u0259rbaycan Dill\u0259r\u201d Universitetind\u0259 \u201c\u0130ngilis-alman\u201d dill\u0259ri istiqam\u0259ti \u00fczr\u0259 bakalav\u0131r d\u0259r\u0259c\u0259si alm\u0131\u015fd\u0131r.<\/li>\n<\/ol>\n<p>Telefon: 050-754-57-98<\/p>\n<p><strong>E-mail: <\/strong><a href=\"mailto:natoli197019198@gmail.com\">natoli197019198@gmail.com<\/a>\u00a0\u00a0<\/p>\n<p><strong>\u018fM\u018fK F\u018fAL\u0130YY\u018fT\u0130<\/strong><\/p>\n<p>1995-2001-ci ill\u0259rd\u0259 G\u0259nc\u0259 D\u00f6vl\u0259t Universitetinin \u201cXarici dill\u0259r\u201d kafedrasinda m\u00fc\u0259llim.<\/p>\n<p>2001-ci ill\u0259rd\u0259 2010-cu ild\u0259n G\u0259nc\u0259 D\u00f6vl\u0259t Universitetinin \u201cXarici dill\u0259r\u201d fak\u00fclt\u0259sinin \u201cQramatika v\u0259 ingilis dilinin t\u0259drisi\u201d kafedras\u0131nda ba\u015f m\u00fc\u0259llim.<\/p>\n<p><strong>ELMI \u018fS\u018fRL\u018fR\u0130<\/strong><\/p>\n<p>1.Dil\u00e7iliyin tarixi v\u0259 \u0259laq\u0259d\u0259 oldu\u011fu sah\u0259l\u0259r, GDU. Elmi\u00a0 x\u0259b\u0259rl\u0259r, G\u0259nc\u0259 2018, \u2116 1<\/p>\n<p>2.Tap\u015f\u0131r\u0131\u011fa \u0259saslanan t\u0259dris\u0259 innovativ yana\u015fma, GDU. Elmi\u00a0 x\u0259b\u0259rl\u0259r, G\u0259nc\u0259 2018 ,\u2116 1<\/p>\n<p>3 .Language , Race and Culture , GDU. Elmi\u00a0 x\u0259b\u0259rl\u0259r , G\u0259nc\u0259 2019 ,\u2116 3<\/p>\n<p>4.T\u0259drisin yuxar\u0131 m\u0259rh\u0259l\u0259sind\u0259 leksik materiallar\u0131n t\u0259drisi yollar\u0131,GDU. Elmi x\u0259b\u0259rl\u0259r, G\u0259nc\u0259 2019 ,\u2116 3<\/p>\n<p>5.\u201dMorfological structure of English words\u201dGDU ,Elmi X\u0259b\u0259rl\u0259r, G\u0259nc\u0259 2020\\2 s\u0259h311-314<\/p>\n<p>6.\u201dDifferent methods teaching grammar\u201dGDU,Elmi x\u0259b\u0259rl\u0259r, G\u0259nc\u0259 2020\\2 s\u0259h 311-314<\/p>\n<p>7.\u201dDevelopment of listening skills in teaching\u201d GDU, Elmi x\u0259b\u0259rl\u0259r, G\u0259nc\u0259 2021\\1 s\u0259h 179-183<\/p>\n<p>8.\u201dDevelopment of teaching learning materials\u201d GDU, Elmi x\u0259b\u0259rl\u0259r, G\u0259nc\u02592021\\1 s\u0259h 373-377<\/p>\n<p>9.\u201dConstituting the meaning of the statement the statement process and operators\u201dGDU, Elmi x\u0259b\u0259rl\u0259r, G\u0259nc\u02592021\\1 s\u0259h \u00e7apda<\/p>\n<p><strong>SERT\u0130F\u0130KATLARI:<\/strong><\/p>\n<ol>\n<li>\u201cTheacher Training Workshop\u201d sertifikat\u0131. The United States Embassy in Azerbaijan American \u0130nformation center,Baku .<\/li>\n<li>\u201cM\u0259d\u0259d\u201d t\u0259\u015fkilat\u0131 t\u0259r\u0259find\u0259n t\u0259\u015fkil edilmi\u015f \u0130KT-nin t\u0259hsil\u0259 t\u0259tbiqi \u00fczr\u0259 \u0130ntel \u201c G\u0259l\u0259c\u0259k \u00fc\u00e7\u00fcn t\u0259hsil\u201d t\u0259lim kursunu m\u00fcv\u0259ff\u0259qiyy\u0259tl\u0259 bitirdiyin\u0259 g\u00f6r\u0259 t\u0259qdim olunmu\u015f sertifikat<\/li>\n<\/ol>\n<p>3.\u201c511329-TEMPUS-1-AZ-TEMPUS-JPCR\u201d proqram\u0131 \u00fczr\u0259 Baki M\u00fc\u0259lliml\u0259rin t\u0259kmill\u0259\u015fdirm\u0259 \u0130nstitutunda \u201cT\u0259rc\u00fcm\u0259nin inki\u015faf\u0131 v\u0259 t\u0259rc\u00fcm\u0259nin Az\u0259rbaycanda \u00f6yr\u0259dilm\u0259si\u201d m\u00f6vzusunda seminarda i\u015ftirak sertifikat\u0131.<\/p>\n<p><strong>Dil bilgisi:<\/strong> Az\u0259rbaycan dili, Rus dili, \u0130ngilis dili<\/p>\n<p>\u00a0<\/p>","protected":false},"excerpt":{"rendered":"<p>G\u0259nc\u0259 D\u00f6vl\u0259t Universitetinin \u201cPraktik xarici dill\u0259r\u201d kafedras\u0131nda ba\u015f m\u00fc\u0259llim Nat\u0259van M\u0259mm\u0259dzad\u0259 Yusif q\u0131z\u0131 QISA B\u0130OQRAF\u0130K M\u018fLUMAT 1970-ci il 16 dekab\u0131rda G\u0259nc\u0259 \u015f\u0259h\u0259rind\u0259 anadan olmu\u015fdur. Ail\u0259lidir, bir \u00f6vlad\u0131 var. \u00a02001-ci ild\u0259n YAP-\u0131n \u00fczv\u00fcd\u00fcr. T\u018fHS\u0130L\u0130, ELM\u0130 D\u018fR\u018fC\u018fS\u0130 V\u018f ELM\u0130 ADLARI 1.1977-1987-c\u00fc ill\u0259rd\u0259 G\u0259nc\u0259 \u015f\u0259h\u0259ri 18 sayl\u0131 orta m\u0259kt\u0259bd\u0259 t\u0259hsil alm\u0131\u015f v\u0259 h\u0259min m\u0259kt\u0259bi bitirmi\u015fdir. 1990-1995-cu ill\u0259rd\u0259 Bak\u0131 [&hellip;]<\/p>\n","protected":false},"author":4,"featured_media":0,"parent":0,"menu_order":0,"comment_status":"closed","ping_status":"closed","template":"","meta":{"footnotes":""},"categories":[],"tags":[],"class_list":["post-395","page","type-page","status-publish","hentry"],"_links":{"self":[{"href":"http:\/\/xdf.gdu.edu.az\/index.php?rest_route=\/wp\/v2\/pages\/395","targetHints":{"allow":["GET"]}}],"collection":[{"href":"http:\/\/xdf.gdu.edu.az\/index.php?rest_route=\/wp\/v2\/pages"}],"about":[{"href":"http:\/\/xdf.gdu.edu.az\/index.php?rest_route=\/wp\/v2\/types\/page"}],"author":[{"embeddable":true,"href":"http:\/\/xdf.gdu.edu.az\/index.php?rest_route=\/wp\/v2\/users\/4"}],"replies":[{"embeddable":true,"href":"http:\/\/xdf.gdu.edu.az\/index.php?rest_route=%2Fwp%2Fv2%2Fcomments&post=395"}],"version-history":[{"count":5,"href":"http:\/\/xdf.gdu.edu.az\/index.php?rest_route=\/wp\/v2\/pages\/395\/revisions"}],"predecessor-version":[{"id":15049,"href":"http:\/\/xdf.gdu.edu.az\/index.php?rest_route=\/wp\/v2\/pages\/395\/revisions\/15049"}],"wp:attachment":[{"href":"http:\/\/xdf.gdu.edu.az\/index.php?rest_route=%2Fwp%2Fv2%2Fmedia&parent=395"}],"wp:term":[{"taxonomy":"category","embeddable":true,"href":"http:\/\/xdf.gdu.edu.az\/index.php?rest_route=%2Fwp%2Fv2%2Fcategories&post=395"},{"taxonomy":"post_tag","embeddable":true,"href":"http:\/\/xdf.gdu.edu.az\/index.php?rest_route=%2Fwp%2Fv2%2Ftags&post=395"}],"curies":[{"name":"wp","href":"https:\/\/api.w.org\/{rel}","templated":true}]}}