{"id":338,"date":"2016-03-18T11:18:49","date_gmt":"2016-03-18T09:18:49","guid":{"rendered":"http:\/\/xd.gdu.edu.az\/?page_id=338"},"modified":"2023-12-20T08:44:41","modified_gmt":"2023-12-20T06:44:41","slug":"aslanova-m%c9%99leyk%c9%99-isf%c9%99ndiyar-qizi","status":"publish","type":"page","link":"http:\/\/xdf.gdu.edu.az\/?page_id=338","title":{"rendered":"Aslanova M\u0259leyk\u0259 \u0130sf\u0259ndiyar q\u0131z\u0131"},"content":{"rendered":"\n<div class=\"wp-block-image\"><figure class=\"aligncenter size-large is-resized\"><img loading=\"lazy\" decoding=\"async\" src=\"http:\/\/xdf.gdu.edu.az\/wp-content\/uploads\/2023\/05\/m\u0259l\u0259k.jpg\" alt=\"\" class=\"wp-image-11901\" width=\"266\" height=\"347\"\/><\/figure><\/div>\n\n\n<p><strong>\u00a0<\/strong><\/p>\n<p>\u00a0<\/p>\n<p><span style=\"color: #000000;\">G\u0259nc\u0259 D\u00f6vl\u0259t Universitetinin \u201cQrammatika v\u0259 ingilis dilinin t\u0259drisi\u201d kafedras\u0131n\u0131n ba\u015f m\u00fc\u0259llimi Aslanova M\u0259leyk\u0259 \u0130sf\u0259ndiyar\u00a0 q\u0131z\u0131<\/span><\/p>\n<p><span style=\"color: #000000;\"><strong>QISA B\u0130OQRAF\u0130K M\u018fLUMAT<\/strong><\/span><\/p>\n<p><span style=\"color: #000000;\">Aslanova M\u0259leyk\u0259 \u0130sf\u0259ndiyar\u00a0 q\u0131z\u0131, 1972-ci ild\u0259 G\u0259nc\u0259 \u015f\u0259h\u0259rind\u0259 anadan olmu\u015fdur.<\/span><\/p>\n<p><span style=\"color: #000000;\">Ail\u0259lidir, 1 \u00f6vlad\u0131 var. 2003-c\u00fc ild\u0259n YAP-\u0131n\u00a0 \u00fczv\u00fcd\u00fcr.<\/span><\/p>\n<p><span style=\"color: #000000;\"><strong>T\u018fHS\u0130L\u0130, ELM\u0130 D\u018fR\u018fC\u018fS\u0130 V\u018f ELM\u0130 ADLARI<\/strong><\/span><\/p>\n<p><span style=\"color: #000000;\">1993-c\u00fc ild\u0259 Az\u0259rbaycan D\u00f6vl\u0259t Dill\u0259r Universitetini bitirmi\u015fdir.<\/span><\/p>\n<p><span style=\"color: #000000;\"><strong>Telefon-055-527-77-94<\/strong><\/span><\/p>\n<p><span style=\"color: #000000;\"><a style=\"color: #000000;\" href=\"mailto:E-mail-murad2003necefli@gmail.com\"><strong>E-mail-murad2003necefli@gmail.com<\/strong><\/a><\/span><\/p>\n<p><span style=\"color: #000000;\"><strong>\u018fM\u018fK F\u018fAL\u0130YY\u018fT\u0130<\/strong><\/span><\/p>\n<ol>\n<li><span style=\"color: #000000;\">1993-c\u00fc ild\u0259 G\u0259nc\u0259 \u015f\u0259h\u0259r 16 sayl\u0131 orta m\u0259kt\u0259bd\u0259 ingilis dili m\u00fc\u0259llimi<\/span><\/li>\n<li><span style=\"color: #000000;\">1996-c\u0131 ild\u0259n G\u0259nc\u0259 D\u00f6vl\u0259t Universitetind\u0259 ingilis dili m\u00fc\u0259llimi<\/span><\/li>\n<li><span style=\"color: #000000;\">2003-c\u00fc ild\u0259n G\u0259nc\u0259 D\u00f6vl\u0259t Universiteti Xarici dill\u0259r fak\u00fclt\u0259si Qrammatika v\u0259 ingilis dilinin t\u0259drisi kafedras\u0131nda ba\u015f m\u00fc\u0259llim<\/span><\/li>\n<li><span style=\"color: #000000;\">2013-c\u00fc ild\u0259n G\u0259nc\u0259 D\u00f6vl\u0259t Universiteti Xarici dill\u0259r fak\u00fclt\u0259sind\u0259 t\u0259dris i\u015fl\u0259ri \u00fczr\u0259 dekan m\u00fcavini<\/span><\/li>\n<\/ol>\n<p><span style=\"color: #000000;\">Dil tarixi, Fonologiya, \u018fd\u0259bi dil tarixi, Kommunikativ qrammatika f\u0259nnl\u0259rini t\u0259dris edir.<\/span><\/p>\n<p>D\u0259rs v\u0259saiti 1, proqram 1<\/p>\n<p><span style=\"color: #000000;\"><strong>BEYN\u018fLXALQ SEM\u0130NAR, S\u0130MPOZ\u0130UM V\u018f KONFRANSLARDA \u0130\u015eT\u0130RAKI<\/strong><\/span><\/p>\n<p><span style=\"color: #000000;\">1.Certificate of Participation. Has successfully participated in the \u00a0XVII \u0130nternational Scientific Symposium \u201dKrabakh: way to the Victory GDU, Elmi X\u0259b\u0259rl\u0259r, G\u0259nc\u0259 2018\/1 S\u0259h.112-115<\/span><\/p>\n<p><span style=\"color: #000000;\">2.Certificate \u201dSustainable Development strategy:Global Trends ,National Experiences. GDU, Elmi X\u0259b\u0259rl\u0259r, G\u0259nc\u0259 2019\/2 S\u0259h.382-385<\/span><\/p>\n<ol start=\"3\">\n<li><span style=\"color: #000000;\">Cerificate.\u201dEducational and Scientific Activity in a new time : Realities and Challenges . GDU, Elmi X\u0259b\u0259rl\u0259r, G\u0259nc\u0259 2020\/1 S\u0259h.274-276<\/span><\/li>\n<li><span style=\"color: #000000;\">Ta\u011f\u0131yev oxular\u0131, elmi m\u0259qal\u0259l\u0259r m\u0259cmu\u0259si, 2018\/2 S\u0259h.182-184 GDU, Elmi X\u0259b\u0259rl\u0259r, G\u0259nc\u0259 2021\/1 S\u0259h.346-350<\/span><\/li>\n<li><span style=\"color: #000000;\">Qaraba\u011f Z\u0259f\u0259r\u0259 Ged\u0259n Yol Beyn\u0259lxalq Konfrans 28.08.2021, Isve\u00e7\/Goteborg MDU, Beyn\u0259lxalq Konfrans 10-11 dekabr, 2021<\/span><\/li>\n<li><span style=\"color: #000000;\">Qaraba\u011f Z\u0259f\u0259r\u0259 Ged\u0259n Yol Beyn\u0259lxalq Konfrans 28.08.2021, Isve\u00e7\/Goteborg S\u0259h. 77-79 GDU, Elmi X\u0259b\u0259rl\u0259r, G\u0259nc\u0259 2022\/1S\u0259h. \u00e7apda<\/span><\/li>\n<\/ol>\n<p><span style=\"color: #000000;\"><strong>T\u018fLT\u0130FL\u018fR\u0130<\/strong><\/span><\/p>\n<p><span style=\"color: #000000;\">F\u0259xri F\u0259rman. Yeni Az\u0259rbaycan Partiyas\u0131n\u0131n 30 illik yubleyi m\u00fcnasib\u0259til\u0259 t\u0259ltif olunur.<\/span><\/p>\n<p><span style=\"color: #000000;\"><strong>Dil bilgisi:<\/strong> Az\u0259rbaycan dili, \u0130ngilis dili, Alman dili, Rus dili, T\u00fcrk dili<\/span><\/p>\n<p><span style=\"color: #000000;\"><strong>\u00a0<\/strong><\/span><\/p>\n<p><strong>\u00a0<\/strong><\/p>\n<p><strong>\u00a0<\/strong><\/p>\n<p>\u00a0<\/p>\n<p><strong>\u00a0\u00a0 <\/strong><\/p>","protected":false},"excerpt":{"rendered":"<p>\u00a0 \u00a0 G\u0259nc\u0259 D\u00f6vl\u0259t Universitetinin \u201cQrammatika v\u0259 ingilis dilinin t\u0259drisi\u201d kafedras\u0131n\u0131n ba\u015f m\u00fc\u0259llimi Aslanova M\u0259leyk\u0259 \u0130sf\u0259ndiyar\u00a0 q\u0131z\u0131 QISA B\u0130OQRAF\u0130K M\u018fLUMAT Aslanova M\u0259leyk\u0259 \u0130sf\u0259ndiyar\u00a0 q\u0131z\u0131, 1972-ci ild\u0259 G\u0259nc\u0259 \u015f\u0259h\u0259rind\u0259 anadan olmu\u015fdur. Ail\u0259lidir, 1 \u00f6vlad\u0131 var. 2003-c\u00fc ild\u0259n YAP-\u0131n\u00a0 \u00fczv\u00fcd\u00fcr. T\u018fHS\u0130L\u0130, ELM\u0130 D\u018fR\u018fC\u018fS\u0130 V\u018f ELM\u0130 ADLARI 1993-c\u00fc ild\u0259 Az\u0259rbaycan D\u00f6vl\u0259t Dill\u0259r Universitetini bitirmi\u015fdir. Telefon-055-527-77-94 E-mail-murad2003necefli@gmail.com \u018fM\u018fK F\u018fAL\u0130YY\u018fT\u0130 [&hellip;]<\/p>\n","protected":false},"author":4,"featured_media":0,"parent":0,"menu_order":0,"comment_status":"closed","ping_status":"closed","template":"","meta":{"footnotes":""},"categories":[],"tags":[],"class_list":["post-338","page","type-page","status-publish","hentry"],"_links":{"self":[{"href":"http:\/\/xdf.gdu.edu.az\/index.php?rest_route=\/wp\/v2\/pages\/338","targetHints":{"allow":["GET"]}}],"collection":[{"href":"http:\/\/xdf.gdu.edu.az\/index.php?rest_route=\/wp\/v2\/pages"}],"about":[{"href":"http:\/\/xdf.gdu.edu.az\/index.php?rest_route=\/wp\/v2\/types\/page"}],"author":[{"embeddable":true,"href":"http:\/\/xdf.gdu.edu.az\/index.php?rest_route=\/wp\/v2\/users\/4"}],"replies":[{"embeddable":true,"href":"http:\/\/xdf.gdu.edu.az\/index.php?rest_route=%2Fwp%2Fv2%2Fcomments&post=338"}],"version-history":[{"count":9,"href":"http:\/\/xdf.gdu.edu.az\/index.php?rest_route=\/wp\/v2\/pages\/338\/revisions"}],"predecessor-version":[{"id":13496,"href":"http:\/\/xdf.gdu.edu.az\/index.php?rest_route=\/wp\/v2\/pages\/338\/revisions\/13496"}],"wp:attachment":[{"href":"http:\/\/xdf.gdu.edu.az\/index.php?rest_route=%2Fwp%2Fv2%2Fmedia&parent=338"}],"wp:term":[{"taxonomy":"category","embeddable":true,"href":"http:\/\/xdf.gdu.edu.az\/index.php?rest_route=%2Fwp%2Fv2%2Fcategories&post=338"},{"taxonomy":"post_tag","embeddable":true,"href":"http:\/\/xdf.gdu.edu.az\/index.php?rest_route=%2Fwp%2Fv2%2Ftags&post=338"}],"curies":[{"name":"wp","href":"https:\/\/api.w.org\/{rel}","templated":true}]}}