{"id":12303,"date":"2023-05-25T10:40:10","date_gmt":"2023-05-25T08:40:10","guid":{"rendered":"http:\/\/xdf.gdu.edu.az\/?page_id=12303"},"modified":"2025-01-08T11:22:40","modified_gmt":"2025-01-08T09:22:40","slug":"t%c9%99dris-kom%c9%99kci-hey%c9%99ti","status":"publish","type":"page","link":"http:\/\/xdf.gdu.edu.az\/?page_id=12303","title":{"rendered":"T\u0259dris k\u00f6m\u0259k\u00e7i hey\u0259ti"},"content":{"rendered":"<div class=\"wp-block-image\">\n<figure class=\"aligncenter size-large is-resized\"><img loading=\"lazy\" decoding=\"async\" width=\"1088\" height=\"1524\" src=\"http:\/\/xdf.gdu.edu.az\/wp-content\/uploads\/2023\/05\/IMG_2153.jpg\" alt=\"\" class=\"wp-image-12264\" style=\"width:240px;height:337px\" srcset=\"http:\/\/xdf.gdu.edu.az\/wp-content\/uploads\/2023\/05\/IMG_2153.jpg 1088w, http:\/\/xdf.gdu.edu.az\/wp-content\/uploads\/2023\/05\/IMG_2153-768x1076.jpg 768w\" sizes=\"auto, (max-width: 1088px) 100vw, 1088px\" \/><\/figure>\n<\/div>\n\n\n<p><strong>Xarici dill\u0259r fak\u00fclt\u0259sinin Alman dili kafedras\u0131n\u0131n <\/strong><\/p>\n\n\n\n<p><strong>&nbsp;&nbsp;&nbsp;&nbsp;&nbsp;&nbsp;&nbsp; b\u00f6y\u00fck laborant\u0131\n\u0130manova Aynur\u0259 Ramiz q\u0131z\u0131 <\/strong><\/p>\n\n\n\n<p><strong>Telefon n\u00f6mr\u0259si<\/strong>: 055 \u2013 614 -09 \u2013 03&nbsp;&nbsp;&nbsp;&nbsp;&nbsp;&nbsp;&nbsp;&nbsp;&nbsp;&nbsp;&nbsp;&nbsp;&nbsp;&nbsp;&nbsp;&nbsp;&nbsp;&nbsp;&nbsp;&nbsp;&nbsp;&nbsp;&nbsp;&nbsp;&nbsp;&nbsp;&nbsp;&nbsp;&nbsp;&nbsp;&nbsp;&nbsp;&nbsp;&nbsp;&nbsp;&nbsp;&nbsp;&nbsp;&nbsp;&nbsp;&nbsp;&nbsp;&nbsp;&nbsp;&nbsp;&nbsp;&nbsp; <\/p>\n\n\n\n<p><strong>&nbsp;E \u2013 mail: <\/strong>aynur.imanova82@mail.ru<\/p>\n\n\n\n<p><strong>&nbsp;Q<\/strong><strong>ISA\nB\u0130OQRAF\u0130K M\u018fLUMAT<\/strong><\/p>\n\n\n\n<ul class=\"wp-block-list\">\n<li>27<br>mart 1982 \u2013ci ild\u0259 G\u0259nc\u0259 \u015f\u0259h\u0259rind\u0259 anadan olub. Ail\u0259lidir. 2008 \u2013ci ild\u0259n \u00a0YAP-\u0131n \u00fczv\u00fcd\u00fcr. <\/li>\n<\/ul>\n\n\n\n<p><strong>&nbsp; T\u018fHS\u0130L\u0130,\nELM\u0130 D\u018fR\u018fC\u018fS\u0130 V\u018f ELM\u0130 ADLARI<\/strong><\/p>\n\n\n\n<ul class=\"wp-block-list\">\n<li>1999-cu<br>ild\u0259 G\u0259nc\u0259 \u015f\u0259h\u0259ri, Nigar R\u0259fib\u0259yli ad\u0131na 43 sayl\u0131 orta m\u0259kt\u0259bini f\u0259rql\u0259nm\u0259\u00a0 attessat\u0131 il\u0259 \u00a0bitirib.<\/li>\n\n\n\n<li>2006<br>\u2013c\u0131 ild\u0259 Az\u0259rbaycan D\u00f6vl\u0259t Pedaqoji Universitetinin Filologiya fak\u00fclt\u0259sinin Az\u0259rbaycan<br>dili v\u0259 \u0259d\u0259biyyat\u0131 \u00a0ixtisas\u0131 \u00fczr\u0259<br>bakalavr \u00a0pill\u0259sini bitirib.<\/li>\n<\/ul>\n\n\n\n<p><strong>&nbsp;\u018fM\u018fK\nF\u018fAL\u0130YY\u018fT\u0130<\/strong><\/p>\n\n\n\n<ul class=\"wp-block-list\">\n<li>2005 \u2013ci ild\u0259n\u00a0 G\u0259nc\u0259 D\u00f6vl\u0259t Universiteinin Xarici dill\u0259r fak\u00fclt\u0259sinin Alman dili kafedras\u0131nda\u00a0 b\u00f6y\u00fck laborant .<\/li>\n<\/ul>\n\n\n<div class=\"wp-block-image\">\n<figure class=\"aligncenter size-large is-resized\"><img loading=\"lazy\" decoding=\"async\" width=\"1088\" height=\"1524\" src=\"http:\/\/xdf.gdu.edu.az\/wp-content\/uploads\/2023\/05\/IMG_2150.jpg\" alt=\"\" class=\"wp-image-12261\" style=\"width:279px;height:390px\" srcset=\"http:\/\/xdf.gdu.edu.az\/wp-content\/uploads\/2023\/05\/IMG_2150.jpg 1088w, http:\/\/xdf.gdu.edu.az\/wp-content\/uploads\/2023\/05\/IMG_2150-768x1076.jpg 768w\" sizes=\"auto, (max-width: 1088px) 100vw, 1088px\" \/><\/figure>\n<\/div>\n\n\n<p><strong>Xarici dill\u0259r\nfak\u00fclt\u0259sinin Alman dili kafedras\u0131n\u0131 preparatoru <\/strong><\/p>\n\n\n\n<p><strong>\u018fhm\u0259dova\nG\u00fclnara&nbsp; Arif q\u0131z\u0131 <\/strong><\/p>\n\n\n\n<p><strong>Telefon n\u00f6mr\u0259si: <\/strong>055 \u2013 948 -33- 60<\/p>\n\n\n\n<p><strong>E \u2013 mail: <\/strong>gulnareehmedov@gmail.com<\/p>\n\n\n\n<p><strong>Q<\/strong><strong>ISA B\u0130OQRAF\u0130K M\u018fLUMAT<\/strong><\/p>\n\n\n\n<ul class=\"wp-block-list\">\n<li>13.12.1977 \u2013ci ild\u0259 G\u0259nc\u0259 \u015f\u0259h\u0259rind\u0259 anadan<br>olub. Ail\u0259lidir 3\u00f6vlad\u0131 var. 2006 \u2013ci ild\u0259n YAP-\u0131n \u00fczv\u00fcd\u00fcr. <\/li>\n<\/ul>\n\n\n\n<p><strong>T\u018fHS\u0130L\u0130, ELM\u0130\nD\u018fR\u018fC\u018fS\u0130 V\u018f ELM\u0130 ADLARI<\/strong><\/p>\n\n\n\n<ul class=\"wp-block-list\">\n<li>1994-ci ild\u0259 G\u0259nc\u0259 \u015f\u0259h\u0259ri, 29sayl\u0131 orta m\u0259kt\u0259bi<br>bitirib.<\/li>\n\n\n\n<li>1998 \u2013c\u0131 ild\u0259\u00a0\u00a0 M\u0259i\u015f\u0259t Xidm\u0259t Kollecini bitirib.<\/li>\n<\/ul>\n\n\n\n<p><strong>\u018fM\u018fK F\u018fAL\u0130YY\u018fT\u0130<\/strong><\/p>\n\n\n\n<ul class=\"wp-block-list\">\n<li>2006 \u2013ci ild\u0259n\u00a0 G\u0259nc\u0259 D\u00f6vl\u0259t Universiteinin Xarici dill\u0259r fak\u00fclt\u0259sinin Alman dili kafedras\u0131nda\u00a0 preporatoru<\/li>\n\n\n\n<li><\/li>\n<\/ul>\n\n\n<div class=\"wp-block-image\">\n<figure class=\"aligncenter size-large is-resized\"><img loading=\"lazy\" decoding=\"async\" width=\"1089\" height=\"1524\" src=\"http:\/\/xdf.gdu.edu.az\/wp-content\/uploads\/2023\/05\/IMG_2151.jpg\" alt=\"\" class=\"wp-image-12262\" style=\"width:273px;height:382px\" srcset=\"http:\/\/xdf.gdu.edu.az\/wp-content\/uploads\/2023\/05\/IMG_2151.jpg 1089w, http:\/\/xdf.gdu.edu.az\/wp-content\/uploads\/2023\/05\/IMG_2151-768x1075.jpg 768w\" sizes=\"auto, (max-width: 1089px) 100vw, 1089px\" \/><\/figure>\n<\/div>\n\n\n<p><strong>Xarici dill\u0259r fak\u00fclt\u0259sinin Alman dili&nbsp; kafedras\u0131n\u0131n <\/strong><\/p>\n\n\n\n<p><strong>laborant\u0131 Mir\u0259liyeva \u015e\u0259fa Vaqif q\u0131z\u0131<\/strong><\/p>\n\n\n\n<p><strong>Telefon : <\/strong>055 \u2013727-54-93<\/p>\n\n\n\n<p><strong>&nbsp;<\/strong><strong>E \u2013 mail: <\/strong>mireliyeva@bk.ru<\/p>\n\n\n\n<p><strong>Q<\/strong><strong>ISA B\u0130OQRAF\u0130K M\u018fLUMAT<\/strong><\/p>\n\n\n\n<ul class=\"wp-block-list\">\n<li>18.10.1986 ci ild\u0259 G\u0259nc\u0259 \u015f\u0259h\u0259rind\u0259 anadan<br>olub.Ail\u0259lidir 2 \u00f6vlad\u0131 var. 2014-ci ild\u0259n YAP-\u0131n \u00fczv\u00fcd\u00fcr.<\/li>\n<\/ul>\n\n\n\n<p><strong>&nbsp;T\u018fHS\u0130L\u0130, ELM\u0130 D\u018fR\u018fC\u018fS\u0130 V\u018f ELM\u0130 ADLARI<\/strong><\/p>\n\n\n\n<ul class=\"wp-block-list\">\n<li>2004-cu ild\u0259 G\u0259nc\u0259 \u015f\u0259h\u0259ri M. Qas\u0131mov ad\u0131na<br>23 n\u00f6mr\u0259li tam orta m\u0259kt\u0259bi bitirib.<\/li>\n\n\n\n<li>2010- cu ild\u0259 G\u0259nc\u0259\u00a0 Humanitar Kolecinin\u00a0 \u201c\u018fm\u0259k m\u00fc\u0259llimliyi\u201d ixtisas\u0131n\u0131 bitirib.<\/li>\n<\/ul>\n\n\n\n<p><strong>&nbsp;\u018fM\u018fK F\u018fAL\u0130YY\u018fT\u0130<\/strong><\/p>\n\n\n\n<ul class=\"wp-block-list\">\n<li>2014 \u2013ci ild\u0259n\u00a0 G\u0259nc\u0259 D\u00f6vl\u0259t Universiteinin Xarici dill\u0259r fak\u00fclt\u0259sinin Alman dili kafedras\u0131nda laborant.<\/li>\n\n\n\n<li><\/li>\n<\/ul>\n\n\n<div class=\"wp-block-image\">\n<figure class=\"aligncenter size-large is-resized\"><img loading=\"lazy\" decoding=\"async\" width=\"591\" height=\"827\" src=\"http:\/\/xdf.gdu.edu.az\/wp-content\/uploads\/2023\/05\/IMG-20230522-WA0000.jpg\" alt=\"\" class=\"wp-image-12270\" style=\"width:238px;height:333px\"\/><\/figure>\n<\/div>\n\n\n<p><strong>Xarici dill\u0259r<br>fak\u00fclt\u0259sinin Alman dili kafedras\u0131n\u0131n \u00a0\u00a0 laborant\u0131<br>Qo\u00e7uyeva M\u0259tan\u0259t El\u00e7in q\u0131z\u0131<\/strong><\/p>\n\n\n\n<p><strong>Telefon : <\/strong>055-976-77-70<\/p>\n\n\n\n<p><strong>&nbsp;E \u2013 mail: <\/strong>yoxdur<\/p>\n\n\n\n<p><strong>QISA B\u0130OQRAF\u0130K\nM\u018fLUMAT<\/strong><\/p>\n\n\n\n<ul class=\"wp-block-list\">\n<li>18.11.1992-ci ild\u0259 G\u00f6yg\u00f6l rayonu Nadel k\u0259ndind\u0259<br>anadan olub. Ail\u0259lidir 2 \u00f6vlad\u0131 var. 2017-ci ild\u0259n YAP-\u0131n \u00fczv\u00fcd\u00fcr.<\/li>\n<\/ul>\n\n\n\n<p><strong>&nbsp;T\u018fHS\u0130L\u0130, ELM\u0130 D\u018fR\u018fC\u018fS\u0130 V\u018f ELM\u0130 ADLARI<\/strong><\/p>\n\n\n\n<ul class=\"wp-block-list\">\n<li>2010- cu ild\u0259 G\u00f6yg\u00f6l rayonu Nadel k\u0259nd orta<br>m\u0259kt\u0259bini bitirib.<\/li>\n\n\n\n<li>2014 \u2013c\u0131 ild\u0259 G\u0259nc\u0259 D\u00f6vl\u0259t Universitetinin<br>X arici dill\u0259r fak\u00fclt\u0259sinin Alman dili ixtisas\u0131\u00a0<br>bakalavr\u00a0 pill\u0259sini bitirib.<\/li>\n<\/ul>\n\n\n\n<p><strong>\u018fM\u018fK F\u018fAL\u0130YY\u018fT\u0130<\/strong><\/p>\n\n\n\n<ul class=\"wp-block-list\">\n<li>2017 \u2013ci ild\u0259n\u00a0 G\u0259nc\u0259 D\u00f6vl\u0259t Universiteinin Xarici dill\u0259r fak\u00fclt\u0259sinin Alman dili kafedras\u0131nda lobarant.<\/li>\n<\/ul>\n","protected":false},"excerpt":{"rendered":"<p>Xarici dill\u0259r fak\u00fclt\u0259sinin Alman dili kafedras\u0131n\u0131n &nbsp;&nbsp;&nbsp;&nbsp;&nbsp;&nbsp;&nbsp; b\u00f6y\u00fck laborant\u0131 \u0130manova Aynur\u0259 Ramiz q\u0131z\u0131 Telefon n\u00f6mr\u0259si: 055 \u2013 614 -09 \u2013 03&nbsp;&nbsp;&nbsp;&nbsp;&nbsp;&nbsp;&nbsp;&nbsp;&nbsp;&nbsp;&nbsp;&nbsp;&nbsp;&nbsp;&nbsp;&nbsp;&nbsp;&nbsp;&nbsp;&nbsp;&nbsp;&nbsp;&nbsp;&nbsp;&nbsp;&nbsp;&nbsp;&nbsp;&nbsp;&nbsp;&nbsp;&nbsp;&nbsp;&nbsp;&nbsp;&nbsp;&nbsp;&nbsp;&nbsp;&nbsp;&nbsp;&nbsp;&nbsp;&nbsp;&nbsp;&nbsp;&nbsp; &nbsp;E \u2013 mail: aynur.imanova82@mail.ru &nbsp;QISA B\u0130OQRAF\u0130K M\u018fLUMAT &nbsp; T\u018fHS\u0130L\u0130, ELM\u0130 D\u018fR\u018fC\u018fS\u0130 V\u018f ELM\u0130 ADLARI &nbsp;\u018fM\u018fK F\u018fAL\u0130YY\u018fT\u0130 Xarici dill\u0259r fak\u00fclt\u0259sinin Alman dili kafedras\u0131n\u0131 preparatoru \u018fhm\u0259dova G\u00fclnara&nbsp; Arif q\u0131z\u0131 Telefon n\u00f6mr\u0259si: 055 \u2013 948 -33- 60 [&hellip;]<\/p>\n","protected":false},"author":4,"featured_media":0,"parent":0,"menu_order":0,"comment_status":"closed","ping_status":"closed","template":"","meta":{"footnotes":""},"categories":[],"tags":[],"class_list":["post-12303","page","type-page","status-publish","hentry"],"_links":{"self":[{"href":"http:\/\/xdf.gdu.edu.az\/index.php?rest_route=\/wp\/v2\/pages\/12303","targetHints":{"allow":["GET"]}}],"collection":[{"href":"http:\/\/xdf.gdu.edu.az\/index.php?rest_route=\/wp\/v2\/pages"}],"about":[{"href":"http:\/\/xdf.gdu.edu.az\/index.php?rest_route=\/wp\/v2\/types\/page"}],"author":[{"embeddable":true,"href":"http:\/\/xdf.gdu.edu.az\/index.php?rest_route=\/wp\/v2\/users\/4"}],"replies":[{"embeddable":true,"href":"http:\/\/xdf.gdu.edu.az\/index.php?rest_route=%2Fwp%2Fv2%2Fcomments&post=12303"}],"version-history":[{"count":4,"href":"http:\/\/xdf.gdu.edu.az\/index.php?rest_route=\/wp\/v2\/pages\/12303\/revisions"}],"predecessor-version":[{"id":15709,"href":"http:\/\/xdf.gdu.edu.az\/index.php?rest_route=\/wp\/v2\/pages\/12303\/revisions\/15709"}],"wp:attachment":[{"href":"http:\/\/xdf.gdu.edu.az\/index.php?rest_route=%2Fwp%2Fv2%2Fmedia&parent=12303"}],"wp:term":[{"taxonomy":"category","embeddable":true,"href":"http:\/\/xdf.gdu.edu.az\/index.php?rest_route=%2Fwp%2Fv2%2Fcategories&post=12303"},{"taxonomy":"post_tag","embeddable":true,"href":"http:\/\/xdf.gdu.edu.az\/index.php?rest_route=%2Fwp%2Fv2%2Ftags&post=12303"}],"curies":[{"name":"wp","href":"https:\/\/api.w.org\/{rel}","templated":true}]}}

Tədris köməkçi heyəti

<div class="wp-block-image">
<figure class="aligncenter size-large is-resized"><img loading="lazy" decoding="async" width="1088" height="1524" src="http://xdf.gdu.edu.az/wp-content/uploads/2023/05/IMG_2153.jpg" alt="" class="wp-image-12264" style="width:240px;height:337px" srcset="http://xdf.gdu.edu.az/wp-content/uploads/2023/05/IMG_2153.jpg 1088w, http://xdf.gdu.edu.az/wp-content/uploads/2023/05/IMG_2153-768x1076.jpg 768w" sizes="auto, (max-width: 1088px) 100vw, 1088px" /></figure>
</div>


<p><strong>Xarici dillər fakültəsinin Alman dili kafedrasının </strong></p>



<p><strong>&nbsp;&nbsp;&nbsp;&nbsp;&nbsp;&nbsp;&nbsp; böyük laborantı
İmanova Aynurə Ramiz qızı </strong></p>



<p><strong>Telefon nömrəsi</strong>: 055 – 614 -09 – 03&nbsp;&nbsp;&nbsp;&nbsp;&nbsp;&nbsp;&nbsp;&nbsp;&nbsp;&nbsp;&nbsp;&nbsp;&nbsp;&nbsp;&nbsp;&nbsp;&nbsp;&nbsp;&nbsp;&nbsp;&nbsp;&nbsp;&nbsp;&nbsp;&nbsp;&nbsp;&nbsp;&nbsp;&nbsp;&nbsp;&nbsp;&nbsp;&nbsp;&nbsp;&nbsp;&nbsp;&nbsp;&nbsp;&nbsp;&nbsp;&nbsp;&nbsp;&nbsp;&nbsp;&nbsp;&nbsp;&nbsp; </p>



<p><strong>&nbsp;E – mail: </strong>aynur.imanova82@mail.ru</p>



<p><strong>&nbsp;Q</strong><strong>ISA
BİOQRAFİK MƏLUMAT</strong></p>



<ul class="wp-block-list">
<li>27<br>mart 1982 –ci ildə Gəncə şəhərində anadan olub. Ailəlidir. 2008 –ci ildən  YAP-ın üzvüdür. </li>
</ul>



<p><strong>&nbsp; TƏHSİLİ,
ELMİ DƏRƏCƏSİ VƏ ELMİ ADLARI</strong></p>



<ul class="wp-block-list">
<li>1999-cu<br>ildə Gəncə şəhəri, Nigar Rəfibəyli adına 43 saylı orta məktəbini fərqlənmə  attessatı ilə  bitirib.</li>



<li>2006<br>–cı ildə Azərbaycan Dövlət Pedaqoji Universitetinin Filologiya fakültəsinin Azərbaycan<br>dili və ədəbiyyatı  ixtisası üzrə<br>bakalavr  pilləsini bitirib.</li>
</ul>



<p><strong>&nbsp;ƏMƏK
FƏALİYYƏTİ</strong></p>



<ul class="wp-block-list">
<li>2005 –ci ildən  Gəncə Dövlət Universiteinin Xarici dillər fakültəsinin Alman dili kafedrasında  böyük laborant .</li>
</ul>


<div class="wp-block-image">
<figure class="aligncenter size-large is-resized"><img loading="lazy" decoding="async" width="1088" height="1524" src="http://xdf.gdu.edu.az/wp-content/uploads/2023/05/IMG_2150.jpg" alt="" class="wp-image-12261" style="width:279px;height:390px" srcset="http://xdf.gdu.edu.az/wp-content/uploads/2023/05/IMG_2150.jpg 1088w, http://xdf.gdu.edu.az/wp-content/uploads/2023/05/IMG_2150-768x1076.jpg 768w" sizes="auto, (max-width: 1088px) 100vw, 1088px" /></figure>
</div>


<p><strong>Xarici dillər
fakültəsinin Alman dili kafedrasını preparatoru </strong></p>



<p><strong>Əhmədova
Gülnara&nbsp; Arif qızı </strong></p>



<p><strong>Telefon nömrəsi: </strong>055 – 948 -33- 60</p>



<p><strong>E – mail: </strong>gulnareehmedov@gmail.com</p>



<p><strong>Q</strong><strong>ISA BİOQRAFİK MƏLUMAT</strong></p>



<ul class="wp-block-list">
<li>13.12.1977 –ci ildə Gəncə şəhərində anadan<br>olub. Ailəlidir 3övladı var. 2006 –ci ildən YAP-ın üzvüdür. </li>
</ul>



<p><strong>TƏHSİLİ, ELMİ
DƏRƏCƏSİ VƏ ELMİ ADLARI</strong></p>



<ul class="wp-block-list">
<li>1994-ci ildə Gəncə şəhəri, 29saylı orta məktəbi<br>bitirib.</li>



<li>1998 –cı ildə   Məişət Xidmət Kollecini bitirib.</li>
</ul>



<p><strong>ƏMƏK FƏALİYYƏTİ</strong></p>



<ul class="wp-block-list">
<li>2006 –ci ildən  Gəncə Dövlət Universiteinin Xarici dillər fakültəsinin Alman dili kafedrasında  preporatoru</li>



<li></li>
</ul>


<div class="wp-block-image">
<figure class="aligncenter size-large is-resized"><img loading="lazy" decoding="async" width="1089" height="1524" src="http://xdf.gdu.edu.az/wp-content/uploads/2023/05/IMG_2151.jpg" alt="" class="wp-image-12262" style="width:273px;height:382px" srcset="http://xdf.gdu.edu.az/wp-content/uploads/2023/05/IMG_2151.jpg 1089w, http://xdf.gdu.edu.az/wp-content/uploads/2023/05/IMG_2151-768x1075.jpg 768w" sizes="auto, (max-width: 1089px) 100vw, 1089px" /></figure>
</div>


<p><strong>Xarici dillər fakültəsinin Alman dili&nbsp; kafedrasının </strong></p>



<p><strong>laborantı Mirəliyeva Şəfa Vaqif qızı</strong></p>



<p><strong>Telefon : </strong>055 –727-54-93</p>



<p><strong>&nbsp;</strong><strong>E – mail: </strong>mireliyeva@bk.ru</p>



<p><strong>Q</strong><strong>ISA BİOQRAFİK MƏLUMAT</strong></p>



<ul class="wp-block-list">
<li>18.10.1986 ci ildə Gəncə şəhərində anadan<br>olub.Ailəlidir 2 övladı var. 2014-ci ildən YAP-ın üzvüdür.</li>
</ul>



<p><strong>&nbsp;TƏHSİLİ, ELMİ DƏRƏCƏSİ VƏ ELMİ ADLARI</strong></p>



<ul class="wp-block-list">
<li>2004-cu ildə Gəncə şəhəri M. Qasımov adına<br>23 nömrəli tam orta məktəbi bitirib.</li>



<li>2010- cu ildə Gəncə  Humanitar Kolecinin  “Əmək müəllimliyi” ixtisasını bitirib.</li>
</ul>



<p><strong>&nbsp;ƏMƏK FƏALİYYƏTİ</strong></p>



<ul class="wp-block-list">
<li>2014 –ci ildən  Gəncə Dövlət Universiteinin Xarici dillər fakültəsinin Alman dili kafedrasında laborant.</li>



<li></li>
</ul>


<div class="wp-block-image">
<figure class="aligncenter size-large is-resized"><img loading="lazy" decoding="async" width="591" height="827" src="http://xdf.gdu.edu.az/wp-content/uploads/2023/05/IMG-20230522-WA0000.jpg" alt="" class="wp-image-12270" style="width:238px;height:333px"/></figure>
</div>


<p><strong>Xarici dillər<br>fakültəsinin Alman dili kafedrasının    laborantı<br>Qoçuyeva Mətanət Elçin qızı</strong></p>



<p><strong>Telefon : </strong>055-976-77-70</p>



<p><strong>&nbsp;E – mail: </strong>yoxdur</p>



<p><strong>QISA BİOQRAFİK
MƏLUMAT</strong></p>



<ul class="wp-block-list">
<li>18.11.1992-ci ildə Göygöl rayonu Nadel kəndində<br>anadan olub. Ailəlidir 2 övladı var. 2017-ci ildən YAP-ın üzvüdür.</li>
</ul>



<p><strong>&nbsp;TƏHSİLİ, ELMİ DƏRƏCƏSİ VƏ ELMİ ADLARI</strong></p>



<ul class="wp-block-list">
<li>2010- cu ildə Göygöl rayonu Nadel kənd orta<br>məktəbini bitirib.</li>



<li>2014 –cı ildə Gəncə Dövlət Universitetinin<br>X arici dillər fakültəsinin Alman dili ixtisası <br>bakalavr  pilləsini bitirib.</li>
</ul>



<p><strong>ƏMƏK FƏALİYYƏTİ</strong></p>



<ul class="wp-block-list">
<li>2017 –ci ildən  Gəncə Dövlət Universiteinin Xarici dillər fakültəsinin Alman dili kafedrasında lobarant.</li>
</ul>

<p>Xarici dillər fakültəsinin Alman dili kafedrasının &nbsp;&nbsp;&nbsp;&nbsp;&nbsp;&nbsp;&nbsp; böyük laborantı İmanova Aynurə Ramiz qızı Telefon nömrəsi: 055 – 614 -09 – 03&nbsp;&nbsp;&nbsp;&nbsp;&nbsp;&nbsp;&nbsp;&nbsp;&nbsp;&nbsp;&nbsp;&nbsp;&nbsp;&nbsp;&nbsp;&nbsp;&nbsp;&nbsp;&nbsp;&nbsp;&nbsp;&nbsp;&nbsp;&nbsp;&nbsp;&nbsp;&nbsp;&nbsp;&nbsp;&nbsp;&nbsp;&nbsp;&nbsp;&nbsp;&nbsp;&nbsp;&nbsp;&nbsp;&nbsp;&nbsp;&nbsp;&nbsp;&nbsp;&nbsp;&nbsp;&nbsp;&nbsp; &nbsp;E – mail: aynur.imanova82@mail.ru &nbsp;QISA BİOQRAFİK MƏLUMAT &nbsp; TƏHSİLİ, ELMİ DƏRƏCƏSİ VƏ ELMİ ADLARI &nbsp;ƏMƏK FƏALİYYƏTİ Xarici dillər fakültəsinin Alman dili kafedrasını preparatoru Əhmədova Gülnara&nbsp; Arif qızı Telefon nömrəsi: 055 – 948 -33- 60 [&hellip;]</p>
