{"id":12299,"date":"2023-05-25T10:37:37","date_gmt":"2023-05-25T08:37:37","guid":{"rendered":"http:\/\/xdf.gdu.edu.az\/?page_id=12299"},"modified":"2023-05-26T09:08:07","modified_gmt":"2023-05-26T07:08:07","slug":"yusifli-arzu-n%c9%99sif-qizi","status":"publish","type":"page","link":"http:\/\/xdf.gdu.edu.az\/?page_id=12299","title":{"rendered":"Yusifli Arzu N\u0259sif q\u0131z\u0131"},"content":{"rendered":"\n<div class=\"wp-block-image\"><figure class=\"aligncenter size-large is-resized\"><img loading=\"lazy\" decoding=\"async\" src=\"http:\/\/xdf.gdu.edu.az\/wp-content\/uploads\/2023\/05\/arzu.jpg\" alt=\"\" class=\"wp-image-12256\" width=\"237\" height=\"332\" srcset=\"http:\/\/xdf.gdu.edu.az\/wp-content\/uploads\/2023\/05\/arzu.jpg 1089w, http:\/\/xdf.gdu.edu.az\/wp-content\/uploads\/2023\/05\/arzu-768x1075.jpg 768w\" sizes=\"auto, (max-width: 237px) 100vw, 237px\" \/><\/figure><\/div>\n\n\n\n<p><strong>Xarici\ndill\u0259r fak\u00fclt\u0259sinin <\/strong><strong>Alman dili kafedras\u0131n\u0131n <\/strong><\/p>\n\n\n\n<p><strong>&nbsp;&nbsp;&nbsp;&nbsp;&nbsp;&nbsp;&nbsp;&nbsp;&nbsp;&nbsp;&nbsp;&nbsp;&nbsp;&nbsp;&nbsp;&nbsp;&nbsp;&nbsp;&nbsp;&nbsp;&nbsp;&nbsp;&nbsp;&nbsp;&nbsp;&nbsp;&nbsp;&nbsp;&nbsp;&nbsp;&nbsp;&nbsp;&nbsp;&nbsp;&nbsp;&nbsp;&nbsp;&nbsp;&nbsp;&nbsp; m\u00fc\u0259llimi\n<\/strong><strong>Yusifli Arzu N\u0259sif q\u0131z\u0131<\/strong><\/p>\n\n\n\n<p><strong>&nbsp;Telefon; <\/strong>051-445-57-80<\/p>\n\n\n\n<p><strong>&nbsp; E-mail: <\/strong>aysel <a href=\"mailto:\u2013suss@hotmail.com\">\u2013suss@hotmail.com<\/a><strong><\/strong><\/p>\n\n\n\n<p><strong>&nbsp;<\/strong><strong>QISA\nB\u0130OQRAF\u0130K M\u018fLUMAT<\/strong><\/p>\n\n\n\n<ul class=\"wp-block-list\"><li>30\niyun 1978- ci ild\u0259 Yevlax \u015f\u0259h\u0259rind\u0259 anadan olub.Ail\u0259lidir, 2 \u00f6vlad\u0131 var.<\/li><li>2018-\nci ild\u0259n YAP-\u0131n \u00fczv\u00fcd\u00fcr.<\/li><\/ul>\n\n\n\n<p><strong>&nbsp;T\u018fHS\u0130L\u0130,\nELM\u0130 D\u018fR\u018fC\u018fS\u0130 V\u018f ELM\u0130 ADI<\/strong><\/p>\n\n\n\n<ul class=\"wp-block-list\"><li>1995-\nci ilind\u0259 Yevlax \u015f\u0259h\u0259ri Nizami ad\u0131na 7 sayl\u0131 orta m\u0259kt\u0259bi bitirib.<\/li><li>2004-\nc\u00fc ilind\u0259 Az\u0259rbaycan Dill\u0259r Universitetind\u0259 \u201cFilologiya\u201d (Alman dili) ixtisas\u0131\n\u00fczr\u0259 bakalavr pill\u0259sini bitirib.<\/li><li>2006-\nc\u0131 ill\u0259rd\u0259 Az\u0259rbaycan Dill\u0259r Universitetinin Magistr pill\u0259sinin Dil\u015f\u00fcnasl\u0131q\nistiqam\u0259ti \u00fczr\u0259 &nbsp;f\u0259rql\u0259nm\u0259 diploma il\u0259\nbitirib. <\/li><\/ul>\n\n\n\n<p><strong>&nbsp; \u018fM\u018fK\nF\u018fAL\u0130YY\u018fT\u0130<\/strong><\/p>\n\n\n\n<ul class=\"wp-block-list\"><li>2018-\nci ild\u0259n G\u0259nc\u0259 D\u00f6vl\u0259t Universitetinin Alman dili kafedras\u0131nda m\u00fc\u0259llim<\/li><\/ul>\n\n\n\n<p><strong>&nbsp;&nbsp; <\/strong><strong>SE\u00c7\u0130LM\u0130\u015e\n\u018fS\u018fRL\u018fR\u0130<\/strong><\/p>\n\n\n\n<ol class=\"wp-block-list\"><li>Alman dilind\u0259 \u201cx\u201d foneminin\u00a0 realiz\u0259\u00a0 x\u00fcsusiyy\u0259tl\u0259ri, GDU, Elmi X\u0259b\u0259rl\u0259r 2019, G\u0259nc\u0259<\/li><li>Funksional- semantik zaman sah\u0259si, GDU, Elmi X\u0259b\u0259rl\u0259r 2020, G\u0259nc\u0259<\/li><li>M\u00fcasir alman dilind\u0259 temporall\u0131q m\u0259nas\u0131n\u0131n ifad\u0259 vasit\u0259l\u0259ri sistemi, Dil v\u0259 \u0259d\u0259biyyat, Bak\u0131 2021<\/li><li>\u201c\u0412\u043b\u0438\u044f\u043d\u0438\u0435 \u043d\u0435\u043c\u0435\u0446\u043a\u043e\u0433\u043e \u044f\u0437\u044b\u043a\u0430 \u043d\u0430 \u0440\u0443\u0441\u0441\u043a\u0438\u0439.\u201d \u041c\u0435\u0436\u0434\u0443\u043d\u0430\u0440\u043e\u0434\u043d\u044b\u0439 \u043d\u0430\u0443\u0447\u043d\u044b\u0439 \u0436\u0443\u0440\u043d\u0430\u043b\u00a0 \u00ab\u0421\u0438\u043c\u0432\u043e\u043b\u00a0 \u043d\u0430\u0443\u043a\u0438\u00bb, \u041c\u043e\u0441\u043a\u0432\u0430 2022<\/li><li>\u201c\u041d\u0430\u0440\u0435\u0447\u0438\u044f, \u0441\u043b\u0443\u0436\u0430\u0449\u0438\u0435 \u0434\u043b\u044f \u0432\u044b\u0440\u0430\u0436\u0435\u043d\u0438\u044f \u0438\u043d\u0432\u0430\u0440\u0438\u0430\u043d\u0442\u043d\u043e-\u0441\u043c\u044b\u0441\u043b\u043e\u0432\u043e\u0433\u043e \u0437\u043d\u0430\u0447\u0435\u043d\u0438\u044f \u0432\u0440\u0435\u043c\u0435\u043d\u0438, \u0432 \u043d\u0435\u043c\u0435\u0446\u043a\u043e\u043c \u044f\u0437\u044b\u043a\u0435.\u201d Eurasian Scientific Discussions, Barcelona, Spain, 2022<\/li><li>\u201cField structure in linguistics\u201d Eximia journal, Romania , 2023<\/li><\/ol>\n\n\n\n<p><strong>Dil bilgisi:<\/strong><\/p>\n\n\n\n<p>\u00a0 Alman dili, rus dili, t\u00fcrk dili.<\/p>\n","protected":false},"excerpt":{"rendered":"<p>Xarici dill\u0259r fak\u00fclt\u0259sinin Alman dili kafedras\u0131n\u0131n &nbsp;&nbsp;&nbsp;&nbsp;&nbsp;&nbsp;&nbsp;&nbsp;&nbsp;&nbsp;&nbsp;&nbsp;&nbsp;&nbsp;&nbsp;&nbsp;&nbsp;&nbsp;&nbsp;&nbsp;&nbsp;&nbsp;&nbsp;&nbsp;&nbsp;&nbsp;&nbsp;&nbsp;&nbsp;&nbsp;&nbsp;&nbsp;&nbsp;&nbsp;&nbsp;&nbsp;&nbsp;&nbsp;&nbsp;&nbsp; m\u00fc\u0259llimi Yusifli Arzu N\u0259sif q\u0131z\u0131 &nbsp;Telefon; 051-445-57-80 &nbsp; E-mail: aysel \u2013suss@hotmail.com &nbsp;QISA B\u0130OQRAF\u0130K M\u018fLUMAT 30 iyun 1978- ci ild\u0259 Yevlax \u015f\u0259h\u0259rind\u0259 anadan olub.Ail\u0259lidir, 2 \u00f6vlad\u0131 var. 2018- ci ild\u0259n YAP-\u0131n \u00fczv\u00fcd\u00fcr. &nbsp;T\u018fHS\u0130L\u0130, ELM\u0130 D\u018fR\u018fC\u018fS\u0130 V\u018f ELM\u0130 ADI 1995- ci ilind\u0259 Yevlax \u015f\u0259h\u0259ri Nizami ad\u0131na 7 sayl\u0131 orta m\u0259kt\u0259bi [&hellip;]<\/p>\n","protected":false},"author":4,"featured_media":0,"parent":0,"menu_order":0,"comment_status":"closed","ping_status":"closed","template":"","meta":{"footnotes":""},"categories":[],"tags":[],"class_list":["post-12299","page","type-page","status-publish","hentry"],"_links":{"self":[{"href":"http:\/\/xdf.gdu.edu.az\/index.php?rest_route=\/wp\/v2\/pages\/12299","targetHints":{"allow":["GET"]}}],"collection":[{"href":"http:\/\/xdf.gdu.edu.az\/index.php?rest_route=\/wp\/v2\/pages"}],"about":[{"href":"http:\/\/xdf.gdu.edu.az\/index.php?rest_route=\/wp\/v2\/types\/page"}],"author":[{"embeddable":true,"href":"http:\/\/xdf.gdu.edu.az\/index.php?rest_route=\/wp\/v2\/users\/4"}],"replies":[{"embeddable":true,"href":"http:\/\/xdf.gdu.edu.az\/index.php?rest_route=%2Fwp%2Fv2%2Fcomments&post=12299"}],"version-history":[{"count":2,"href":"http:\/\/xdf.gdu.edu.az\/index.php?rest_route=\/wp\/v2\/pages\/12299\/revisions"}],"predecessor-version":[{"id":12317,"href":"http:\/\/xdf.gdu.edu.az\/index.php?rest_route=\/wp\/v2\/pages\/12299\/revisions\/12317"}],"wp:attachment":[{"href":"http:\/\/xdf.gdu.edu.az\/index.php?rest_route=%2Fwp%2Fv2%2Fmedia&parent=12299"}],"wp:term":[{"taxonomy":"category","embeddable":true,"href":"http:\/\/xdf.gdu.edu.az\/index.php?rest_route=%2Fwp%2Fv2%2Fcategories&post=12299"},{"taxonomy":"post_tag","embeddable":true,"href":"http:\/\/xdf.gdu.edu.az\/index.php?rest_route=%2Fwp%2Fv2%2Ftags&post=12299"}],"curies":[{"name":"wp","href":"https:\/\/api.w.org\/{rel}","templated":true}]}}

Yusifli Arzu Nəsif qızı

<div class="wp-block-image"><figure class="aligncenter size-large is-resized"><img loading="lazy" decoding="async" src="http://xdf.gdu.edu.az/wp-content/uploads/2023/05/arzu.jpg" alt="" class="wp-image-12256" width="237" height="332" srcset="http://xdf.gdu.edu.az/wp-content/uploads/2023/05/arzu.jpg 1089w, http://xdf.gdu.edu.az/wp-content/uploads/2023/05/arzu-768x1075.jpg 768w" sizes="auto, (max-width: 237px) 100vw, 237px" /></figure></div>



<p><strong>Xarici
dillər fakültəsinin </strong><strong>Alman dili kafedrasının </strong></p>



<p><strong>&nbsp;&nbsp;&nbsp;&nbsp;&nbsp;&nbsp;&nbsp;&nbsp;&nbsp;&nbsp;&nbsp;&nbsp;&nbsp;&nbsp;&nbsp;&nbsp;&nbsp;&nbsp;&nbsp;&nbsp;&nbsp;&nbsp;&nbsp;&nbsp;&nbsp;&nbsp;&nbsp;&nbsp;&nbsp;&nbsp;&nbsp;&nbsp;&nbsp;&nbsp;&nbsp;&nbsp;&nbsp;&nbsp;&nbsp;&nbsp; müəllimi
</strong><strong>Yusifli Arzu Nəsif qızı</strong></p>



<p><strong>&nbsp;Telefon; </strong>051-445-57-80</p>



<p><strong>&nbsp; E-mail: </strong>aysel <a href="mailto:–suss@hotmail.com">–suss@hotmail.com</a><strong></strong></p>



<p><strong>&nbsp;</strong><strong>QISA
BİOQRAFİK MƏLUMAT</strong></p>



<ul class="wp-block-list"><li>30
iyun 1978- ci ildə Yevlax şəhərində anadan olub.Ailəlidir, 2 övladı var.</li><li>2018-
ci ildən YAP-ın üzvüdür.</li></ul>



<p><strong>&nbsp;TƏHSİLİ,
ELMİ DƏRƏCƏSİ VƏ ELMİ ADI</strong></p>



<ul class="wp-block-list"><li>1995-
ci ilində Yevlax şəhəri Nizami adına 7 saylı orta məktəbi bitirib.</li><li>2004-
cü ilində Azərbaycan Dillər Universitetində “Filologiya” (Alman dili) ixtisası
üzrə bakalavr pilləsini bitirib.</li><li>2006-
cı illərdə Azərbaycan Dillər Universitetinin Magistr pilləsinin Dilşünaslıq
istiqaməti üzrə &nbsp;fərqlənmə diploma ilə
bitirib. </li></ul>



<p><strong>&nbsp; ƏMƏK
FƏALİYYƏTİ</strong></p>



<ul class="wp-block-list"><li>2018-
ci ildən Gəncə Dövlət Universitetinin Alman dili kafedrasında müəllim</li></ul>



<p><strong>&nbsp;&nbsp; </strong><strong>SEÇİLMİŞ
ƏSƏRLƏRİ</strong></p>



<ol class="wp-block-list"><li>Alman dilində “x” foneminin  realizə  xüsusiyyətləri, GDU, Elmi Xəbərlər 2019, Gəncə</li><li>Funksional- semantik zaman sahəsi, GDU, Elmi Xəbərlər 2020, Gəncə</li><li>Müasir alman dilində temporallıq mənasının ifadə vasitələri sistemi, Dil və ədəbiyyat, Bakı 2021</li><li>“Влияние немецкого языка на русский.” Международный научный журнал  «Символ  науки», Москва 2022</li><li>“Наречия, служащие для выражения инвариантно-смыслового значения времени, в немецком языке.” Eurasian Scientific Discussions, Barcelona, Spain, 2022</li><li>“Field structure in linguistics” Eximia journal, Romania , 2023</li></ol>



<p><strong>Dil bilgisi:</strong></p>



<p>  Alman dili, rus dili, türk dili.</p>

<p>Xarici dillər fakültəsinin Alman dili kafedrasının &nbsp;&nbsp;&nbsp;&nbsp;&nbsp;&nbsp;&nbsp;&nbsp;&nbsp;&nbsp;&nbsp;&nbsp;&nbsp;&nbsp;&nbsp;&nbsp;&nbsp;&nbsp;&nbsp;&nbsp;&nbsp;&nbsp;&nbsp;&nbsp;&nbsp;&nbsp;&nbsp;&nbsp;&nbsp;&nbsp;&nbsp;&nbsp;&nbsp;&nbsp;&nbsp;&nbsp;&nbsp;&nbsp;&nbsp;&nbsp; müəllimi Yusifli Arzu Nəsif qızı &nbsp;Telefon; 051-445-57-80 &nbsp; E-mail: aysel –suss@hotmail.com &nbsp;QISA BİOQRAFİK MƏLUMAT 30 iyun 1978- ci ildə Yevlax şəhərində anadan olub.Ailəlidir, 2 övladı var. 2018- ci ildən YAP-ın üzvüdür. &nbsp;TƏHSİLİ, ELMİ DƏRƏCƏSİ VƏ ELMİ ADI 1995- ci ilində Yevlax şəhəri Nizami adına 7 saylı orta məktəbi [&hellip;]</p>
