{"id":12296,"date":"2023-05-25T10:31:52","date_gmt":"2023-05-25T08:31:52","guid":{"rendered":"http:\/\/xdf.gdu.edu.az\/?page_id=12296"},"modified":"2023-05-26T08:57:21","modified_gmt":"2023-05-26T06:57:21","slug":"allahverdiyeva-ays%c9%99n-b%c9%99yl%c9%99r-qizi","status":"publish","type":"page","link":"http:\/\/xdf.gdu.edu.az\/?page_id=12296","title":{"rendered":"Allahverdiyeva Ay\u015f\u0259n B\u0259yl\u0259r q\u0131z\u0131"},"content":{"rendered":"\n<div class=\"wp-block-image\"><figure class=\"aligncenter size-large is-resized\"><img loading=\"lazy\" decoding=\"async\" src=\"http:\/\/xdf.gdu.edu.az\/wp-content\/uploads\/2023\/05\/ay\u015f\u0259n.jpg\" alt=\"\" class=\"wp-image-12257\" width=\"169\" height=\"235\"\/><\/figure><\/div>\n\n\n\n<p><strong>&nbsp;&nbsp;&nbsp;&nbsp;&nbsp;&nbsp;&nbsp;&nbsp;&nbsp;&nbsp;&nbsp;&nbsp;&nbsp;&nbsp;&nbsp;&nbsp;&nbsp;&nbsp;&nbsp;&nbsp;&nbsp;&nbsp;&nbsp;&nbsp; Xarici dill\u0259r\nfak\u00fclt\u0259sinin Alman dili kafedras\u0131n\u0131n m\u00fc\u0259llimi Allahverdiyeva Ay\u015f\u0259n B\u0259yl\u0259r q\u0131z\u0131<\/strong><\/p>\n\n\n\n<p>&nbsp;&nbsp;&nbsp;&nbsp;&nbsp;&nbsp;&nbsp;&nbsp;&nbsp;&nbsp;&nbsp; <strong>Telefon; <\/strong>055-690-70-03<\/p>\n\n\n\n<p><strong>&nbsp;&nbsp;&nbsp;&nbsp;&nbsp;&nbsp;&nbsp;&nbsp;&nbsp;&nbsp;&nbsp;&nbsp; E-mail: <\/strong>islam0mammedov@gmail\/com<\/p>\n\n\n\n<p><strong>&nbsp;&nbsp;&nbsp;&nbsp;&nbsp;&nbsp;&nbsp;&nbsp;&nbsp;&nbsp;&nbsp; QISA B\u0130OQRAF\u0130K M\u018fLUMAT<\/strong><\/p>\n\n\n\n<ul class=\"wp-block-list\"><li>02.10.1990\nci ild\u0259 G\u0259nc\u0259 \u015f\u0259h\u0259rind\u0259 anadan olub. Ail\u0259dir, 1 \u00f6vlad\u0131 var. 2008 ci -ild\u0259nYAP-\u0131n\n\u00fczv\u00fcd\u00fcr.<\/li><\/ul>\n\n\n\n<p><strong>T\u018fHS\u0130L\u0130, ELM\u0130\nD\u018fR\u018fC\u018fS\u0130 V\u018f ELM\u0130 ADI<\/strong><\/p>\n\n\n\n<ul class=\"wp-block-list\"><li>2008-ci\nild\u0259 G\u0259nc\u0259 \u015f\u0259h\u0259ri 46 sayl\u0131 orta m\u0259kt\u0259bini bitirib.<\/li><li>2012-ci\nild\u0259 G\u0259nc\u0259 D\u00f6vl\u0259t Universitetinin Xarici dill\u0259r fak\u00fclt\u0259sinin \u201c Alman dili\u201d\nixtisas\u0131 \u00fczr\u0259 bakalavr pill\u0259sini f\u0259rql\u0259nm\u0259 il\u0259 bitirib.<\/li><li>2014-2016\nci ild\u0259 G\u0259nc\u0259 D\u00f6vl\u0259t Universitetinin&nbsp;\nMagistratuturas\u0131n\u0131n&nbsp;&nbsp;&nbsp;&nbsp;&nbsp;&nbsp;&nbsp;&nbsp;&nbsp;&nbsp;&nbsp;&nbsp;&nbsp; &nbsp;&nbsp;&nbsp;&nbsp;&nbsp;&nbsp;&nbsp;&nbsp;\u201c Pedaqogika&nbsp; tarixi v\u0259 n\u0259z\u0259riyy\u0259si\u201d f\u0259rql\u0259nm\u0259 il\u0259 bitirib.<\/li><\/ul>\n\n\n\n<p><strong>\u018fM\u018fK F\u018fAL\u0130YY\u018fT\u0130<\/strong><\/p>\n\n\n\n<ul class=\"wp-block-list\"><li>&nbsp;2019cu ild\u0259n G\u0259nc\u0259 D\u00f6vl\u0259t Universitetind\u0259\nAlman dili ixtisas\u0131nda m\u00fc\u0259llim&nbsp; i\u015fl\u0259yir.<\/li><\/ul>\n\n\n\n<p><strong>&nbsp;<\/strong><strong>SE\u00c7\u0130LM\u0130\u015e\n\u018fS\u018fRL\u018fR\u0130<\/strong><\/p>\n\n\n\n<p>&nbsp;1<strong>. <\/strong>Konzept\nf\u00fcr einen Integrierten Daf&nbsp; Unterricht. M\u0259qal\u0259\n. BDU. Dil v\u0259 \u0259d\u0259biyyat Beyn\u0259lxalq Elmi n\u0259z\u0259ri jurnal. Bak\u0131 2022s\u0259h.10<\/p>\n\n\n\n<p>&nbsp;2. Kultur des Lehrens und Lernens. M\u0259qal\u0259 Az\u0259rbaycan\nMilli Elml\u0259r Akademiyas\u0131, Filologiya m\u0259s\u0259l\u0259l\u0259ri. Bak\u0131 2022s\u0259h.9<\/p>\n\n\n\n<p>&nbsp;3. Die Stelle der I ntensivierun gsstunden im\nLehrplan .M\u0259qal\u0259. BDU. Dil v\u0259 \u0259d\u0259biyyat beyn\u0259lxalq jurnal\u0131.s\u0259h.8<\/p>\n\n\n\n<p>\u00a04. Grammatik und Sprachtheori e bei den Stoikern M\u0259qal\u0259.Filologiya m\u0259s\u0259l\u0259ri. Az\u0259rbaycan Milli Elml\u0259r Akademyas\u0131 , Elm v\u0259 t\u0259hsil.s\u0259h.9<\/p>\n\n\n\n<p><strong>Dil bilgisi:<\/strong><\/p>\n\n\n\n<p>&nbsp;Alman dili, t\u00fcrk dili.<\/p>\n","protected":false},"excerpt":{"rendered":"<p>&nbsp;&nbsp;&nbsp;&nbsp;&nbsp;&nbsp;&nbsp;&nbsp;&nbsp;&nbsp;&nbsp;&nbsp;&nbsp;&nbsp;&nbsp;&nbsp;&nbsp;&nbsp;&nbsp;&nbsp;&nbsp;&nbsp;&nbsp;&nbsp; Xarici dill\u0259r fak\u00fclt\u0259sinin Alman dili kafedras\u0131n\u0131n m\u00fc\u0259llimi Allahverdiyeva Ay\u015f\u0259n B\u0259yl\u0259r q\u0131z\u0131 &nbsp;&nbsp;&nbsp;&nbsp;&nbsp;&nbsp;&nbsp;&nbsp;&nbsp;&nbsp;&nbsp; Telefon; 055-690-70-03 &nbsp;&nbsp;&nbsp;&nbsp;&nbsp;&nbsp;&nbsp;&nbsp;&nbsp;&nbsp;&nbsp;&nbsp; E-mail: islam0mammedov@gmail\/com &nbsp;&nbsp;&nbsp;&nbsp;&nbsp;&nbsp;&nbsp;&nbsp;&nbsp;&nbsp;&nbsp; QISA B\u0130OQRAF\u0130K M\u018fLUMAT 02.10.1990 ci ild\u0259 G\u0259nc\u0259 \u015f\u0259h\u0259rind\u0259 anadan olub. Ail\u0259dir, 1 \u00f6vlad\u0131 var. 2008 ci -ild\u0259nYAP-\u0131n \u00fczv\u00fcd\u00fcr. T\u018fHS\u0130L\u0130, ELM\u0130 D\u018fR\u018fC\u018fS\u0130 V\u018f ELM\u0130 ADI 2008-ci ild\u0259 G\u0259nc\u0259 \u015f\u0259h\u0259ri 46 sayl\u0131 orta m\u0259kt\u0259bini bitirib. 2012-ci ild\u0259 G\u0259nc\u0259 [&hellip;]<\/p>\n","protected":false},"author":4,"featured_media":0,"parent":0,"menu_order":0,"comment_status":"closed","ping_status":"closed","template":"","meta":{"footnotes":""},"categories":[],"tags":[],"class_list":["post-12296","page","type-page","status-publish","hentry"],"_links":{"self":[{"href":"http:\/\/xdf.gdu.edu.az\/index.php?rest_route=\/wp\/v2\/pages\/12296","targetHints":{"allow":["GET"]}}],"collection":[{"href":"http:\/\/xdf.gdu.edu.az\/index.php?rest_route=\/wp\/v2\/pages"}],"about":[{"href":"http:\/\/xdf.gdu.edu.az\/index.php?rest_route=\/wp\/v2\/types\/page"}],"author":[{"embeddable":true,"href":"http:\/\/xdf.gdu.edu.az\/index.php?rest_route=\/wp\/v2\/users\/4"}],"replies":[{"embeddable":true,"href":"http:\/\/xdf.gdu.edu.az\/index.php?rest_route=%2Fwp%2Fv2%2Fcomments&post=12296"}],"version-history":[{"count":2,"href":"http:\/\/xdf.gdu.edu.az\/index.php?rest_route=\/wp\/v2\/pages\/12296\/revisions"}],"predecessor-version":[{"id":12312,"href":"http:\/\/xdf.gdu.edu.az\/index.php?rest_route=\/wp\/v2\/pages\/12296\/revisions\/12312"}],"wp:attachment":[{"href":"http:\/\/xdf.gdu.edu.az\/index.php?rest_route=%2Fwp%2Fv2%2Fmedia&parent=12296"}],"wp:term":[{"taxonomy":"category","embeddable":true,"href":"http:\/\/xdf.gdu.edu.az\/index.php?rest_route=%2Fwp%2Fv2%2Fcategories&post=12296"},{"taxonomy":"post_tag","embeddable":true,"href":"http:\/\/xdf.gdu.edu.az\/index.php?rest_route=%2Fwp%2Fv2%2Ftags&post=12296"}],"curies":[{"name":"wp","href":"https:\/\/api.w.org\/{rel}","templated":true}]}}

Allahverdiyeva Ayşən Bəylər qızı

<div class="wp-block-image"><figure class="aligncenter size-large is-resized"><img loading="lazy" decoding="async" src="http://xdf.gdu.edu.az/wp-content/uploads/2023/05/ayşən.jpg" alt="" class="wp-image-12257" width="169" height="235"/></figure></div>



<p><strong>&nbsp;&nbsp;&nbsp;&nbsp;&nbsp;&nbsp;&nbsp;&nbsp;&nbsp;&nbsp;&nbsp;&nbsp;&nbsp;&nbsp;&nbsp;&nbsp;&nbsp;&nbsp;&nbsp;&nbsp;&nbsp;&nbsp;&nbsp;&nbsp; Xarici dillər
fakültəsinin Alman dili kafedrasının müəllimi Allahverdiyeva Ayşən Bəylər qızı</strong></p>



<p>&nbsp;&nbsp;&nbsp;&nbsp;&nbsp;&nbsp;&nbsp;&nbsp;&nbsp;&nbsp;&nbsp; <strong>Telefon; </strong>055-690-70-03</p>



<p><strong>&nbsp;&nbsp;&nbsp;&nbsp;&nbsp;&nbsp;&nbsp;&nbsp;&nbsp;&nbsp;&nbsp;&nbsp; E-mail: </strong>islam0mammedov@gmail/com</p>



<p><strong>&nbsp;&nbsp;&nbsp;&nbsp;&nbsp;&nbsp;&nbsp;&nbsp;&nbsp;&nbsp;&nbsp; QISA BİOQRAFİK MƏLUMAT</strong></p>



<ul class="wp-block-list"><li>02.10.1990
ci ildə Gəncə şəhərində anadan olub. Ailədir, 1 övladı var. 2008 ci -ildənYAP-ın
üzvüdür.</li></ul>



<p><strong>TƏHSİLİ, ELMİ
DƏRƏCƏSİ VƏ ELMİ ADI</strong></p>



<ul class="wp-block-list"><li>2008-ci
ildə Gəncə şəhəri 46 saylı orta məktəbini bitirib.</li><li>2012-ci
ildə Gəncə Dövlət Universitetinin Xarici dillər fakültəsinin “ Alman dili”
ixtisası üzrə bakalavr pilləsini fərqlənmə ilə bitirib.</li><li>2014-2016
ci ildə Gəncə Dövlət Universitetinin&nbsp;
Magistratuturasının&nbsp;&nbsp;&nbsp;&nbsp;&nbsp;&nbsp;&nbsp;&nbsp;&nbsp;&nbsp;&nbsp;&nbsp;&nbsp; &nbsp;&nbsp;&nbsp;&nbsp;&nbsp;&nbsp;&nbsp;&nbsp;“ Pedaqogika&nbsp; tarixi və nəzəriyyəsi” fərqlənmə ilə bitirib.</li></ul>



<p><strong>ƏMƏK FƏALİYYƏTİ</strong></p>



<ul class="wp-block-list"><li>&nbsp;2019cu ildən Gəncə Dövlət Universitetində
Alman dili ixtisasında müəllim&nbsp; işləyir.</li></ul>



<p><strong>&nbsp;</strong><strong>SEÇİLMİŞ
ƏSƏRLƏRİ</strong></p>



<p>&nbsp;1<strong>. </strong>Konzept
für einen Integrierten Daf&nbsp; Unterricht. Məqalə
. BDU. Dil və ədəbiyyat Beynəlxalq Elmi nəzəri jurnal. Bakı 2022səh.10</p>



<p>&nbsp;2. Kultur des Lehrens und Lernens. Məqalə Azərbaycan
Milli Elmlər Akademiyası, Filologiya məsələləri. Bakı 2022səh.9</p>



<p>&nbsp;3. Die Stelle der I ntensivierun gsstunden im
Lehrplan .Məqalə. BDU. Dil və ədəbiyyat beynəlxalq jurnalı.səh.8</p>



<p> 4. Grammatik und Sprachtheori e bei den Stoikern Məqalə.Filologiya məsələri. Azərbaycan Milli Elmlər Akademyası , Elm və təhsil.səh.9</p>



<p><strong>Dil bilgisi:</strong></p>



<p>&nbsp;Alman dili, türk dili.</p>

<p>&nbsp;&nbsp;&nbsp;&nbsp;&nbsp;&nbsp;&nbsp;&nbsp;&nbsp;&nbsp;&nbsp;&nbsp;&nbsp;&nbsp;&nbsp;&nbsp;&nbsp;&nbsp;&nbsp;&nbsp;&nbsp;&nbsp;&nbsp;&nbsp; Xarici dillər fakültəsinin Alman dili kafedrasının müəllimi Allahverdiyeva Ayşən Bəylər qızı &nbsp;&nbsp;&nbsp;&nbsp;&nbsp;&nbsp;&nbsp;&nbsp;&nbsp;&nbsp;&nbsp; Telefon; 055-690-70-03 &nbsp;&nbsp;&nbsp;&nbsp;&nbsp;&nbsp;&nbsp;&nbsp;&nbsp;&nbsp;&nbsp;&nbsp; E-mail: islam0mammedov@gmail/com &nbsp;&nbsp;&nbsp;&nbsp;&nbsp;&nbsp;&nbsp;&nbsp;&nbsp;&nbsp;&nbsp; QISA BİOQRAFİK MƏLUMAT 02.10.1990 ci ildə Gəncə şəhərində anadan olub. Ailədir, 1 övladı var. 2008 ci -ildənYAP-ın üzvüdür. TƏHSİLİ, ELMİ DƏRƏCƏSİ VƏ ELMİ ADI 2008-ci ildə Gəncə şəhəri 46 saylı orta məktəbini bitirib. 2012-ci ildə Gəncə [&hellip;]</p>
