{"id":12158,"date":"2023-05-23T09:50:34","date_gmt":"2023-05-23T07:50:34","guid":{"rendered":"http:\/\/xdf.gdu.edu.az\/?page_id=12158"},"modified":"2023-05-23T09:50:34","modified_gmt":"2023-05-23T07:50:34","slug":"bagirova-arzu-nur%c9%99ddin-qizi","status":"publish","type":"page","link":"http:\/\/xdf.gdu.edu.az\/?page_id=12158","title":{"rendered":"Ba\u011f\u0131rova  Arzu Nur\u0259ddin q\u0131z\u0131"},"content":{"rendered":"\n<div class=\"wp-block-image\"><figure class=\"aligncenter size-large is-resized\"><img loading=\"lazy\" decoding=\"async\" src=\"http:\/\/xdf.gdu.edu.az\/wp-content\/uploads\/2023\/05\/IMG_1537.jpg\" alt=\"\" class=\"wp-image-12118\" width=\"236\" height=\"330\" srcset=\"http:\/\/xdf.gdu.edu.az\/wp-content\/uploads\/2023\/05\/IMG_1537.jpg 1160w, http:\/\/xdf.gdu.edu.az\/wp-content\/uploads\/2023\/05\/IMG_1537-768x1075.jpg 768w, http:\/\/xdf.gdu.edu.az\/wp-content\/uploads\/2023\/05\/IMG_1537-1097x1536.jpg 1097w\" sizes=\"auto, (max-width: 236px) 100vw, 236px\" \/><\/figure><\/div>\n\n\n\n<p><strong>Ba\u011f\u0131rova&nbsp; Arzu Nur\u0259ddin q\u0131z\u0131<\/strong><\/p>\n\n\n\n<p><strong>V\u0259zif\u0259si: <\/strong><\/p>\n\n\n\n<p>GDU-nun \u00abRus dili\u00bb kafedras\u0131n\u0131n&nbsp; ba\u015f m\u00fc\u0259llimi<\/p>\n\n\n\n<p>Telefon<strong>: +994 55&nbsp;782 08 33<\/strong><\/p>\n\n\n\n<p><strong>Email:<\/strong>arzubaqirova31@gmail.com<strong>&nbsp; &nbsp;&nbsp;&nbsp;&nbsp; <\/strong><\/p>\n\n\n\n<p><strong>&nbsp;&nbsp;&nbsp;&nbsp;&nbsp; Q\u0131sa bioqrafik m\u0259lumat<\/strong><\/p>\n\n\n\n<ul class=\"wp-block-list\"><li>1969-cu il 14 iyun G\u0259nc\u0259\n\u015f\u0259h\u0259rind anadan olmu\u015fdur.<\/li><li>1976-1986-ci ill\u0259rd\u0259\nG\u0259nc\u0259 \u015f\u0259h\u0259ri 18 sayl\u0131 D\/Y ( hal-haz\u0131rda 32 sayl\u0131) orta m\u0259kt\u0259bd\u0259 t\u0259hsil alm\u0131\u015f v\u0259\nh\u0259min m\u0259kt\u0259bi bitirmi\u015fdir.<\/li><li>Ail\u0259lidir 2 \u00f6vlad\u0131 var<\/li><\/ul>\n\n\n\n<p><strong>T\u0259hsili<\/strong><strong>:<\/strong><\/p>\n\n\n\n<ul class=\"wp-block-list\"><li><strong>1987-1992 Bak\u0131 Slavyan Universitetinin &nbsp;\u00abMilli\nm\u0259kt\u0259bl\u0259rd\u0259 rus dili v\u0259 \u0259d\u0259biyyat m\u00fc\u0259llimi\u00bb ixtisas\u0131 \u00fczr\u0259 t\u0259hsil alm\u0131\u015f v\u0259&nbsp; h\u0259min&nbsp;\nuniversiteti&nbsp; bitirmi\u015fdir.<\/strong><\/li><\/ul>\n\n\n\n<p><strong>&nbsp;&nbsp;&nbsp;&nbsp;&nbsp;&nbsp;&nbsp;&nbsp;&nbsp;&nbsp; Elmi d\u0259r\u0259c\u0259si v\u0259 adlar\u0131:<\/strong><\/p>\n\n\n\n<p><strong>&nbsp;&nbsp;&nbsp;&nbsp;&nbsp;&nbsp;&nbsp;&nbsp;&nbsp;&nbsp;&nbsp;&nbsp;&nbsp;&nbsp;&nbsp;&nbsp;&nbsp;&nbsp;&nbsp;&nbsp;&nbsp;&nbsp;&nbsp;&nbsp;&nbsp;&nbsp;&nbsp;&nbsp;&nbsp;&nbsp;&nbsp;&nbsp;&nbsp;&nbsp;&nbsp;&nbsp;&nbsp;&nbsp;&nbsp;&nbsp;&nbsp;&nbsp;&nbsp;&nbsp;&nbsp;&nbsp;&nbsp;&nbsp;&nbsp;&nbsp;&nbsp;&nbsp;&nbsp;&nbsp;&nbsp;&nbsp;&nbsp;&nbsp;\n<\/strong>Ba\u015f m\u00fc\u0259llim<\/p>\n\n\n\n<p><strong>\u018fm\u0259k f\u0259aliyy\u0259ti<\/strong><\/p>\n\n\n\n<ul class=\"wp-block-list\"><li>1999-ci ild\u0259n G\u0259nc\u0259 D\u00f6vl\u0259t Universitetind\u0259 m\u00fc\u0259llim<\/li><li>2001-ci ild\u0259&nbsp;\nG\u0259nc\u0259 D\u00f6vl\u0259t Universitetinin \u00abRus dili\u00bb kafedras\u0131n\u0131n&nbsp;\nba\u015f m\u00fc\u0259llimi.<\/li><\/ul>\n\n\n\n<p><strong>T\u0259dqiqat sah\u0259si:<\/strong><\/p>\n\n\n\n<p><strong>&nbsp;&nbsp;&nbsp;&nbsp;&nbsp;&nbsp;&nbsp;&nbsp; <\/strong>T\u0259rc\u00fcm\u0259 n\u0259z\u0259riyy\u0259si;<\/p>\n\n\n\n<p>Rus dilinin t\u0259drisi; <\/p>\n\n\n\n<p>Dil\u00e7ilik;<\/p>\n\n\n\n<p>Nitq m\u0259d\u0259niyy\u0259ti v\u0259 \u00fcslubiyyat.<\/p>\n\n\n\n<p><strong>Beyn\u0259lxalq v\u0259 respublika s\u0259viyy\u0259li seminar, simpozium v\u0259\nkonfranslarda i\u015ftirak\u0131<\/strong><\/p>\n\n\n\n<ol class=\"wp-block-list\"><li>\u041f\u0440\u044f\u043c\u0430\u044f\n\u0438 \u043a\u043e\u0441\u0432\u0435\u043d\u043d\u0430\u044f \u0440\u0435\u0447\u044c \u0433\u043b\u0430\u0437\u0430\u043c\u0438 \u0438\u043d\u043e\u0441\u0442\u0440\u0430\u043d\u043d\u044b\u0445 \u0441\u0442\u0443\u0434\u0435\u043d\u0442\u043e\u0432. Seyid \u018fzim \u015eirvaninin anadan olmas\u0131n\u0131n 185 illik yubileyin\u0259 h\u0259sr\nolumu\u015f VII Beyn\u0259lxalq elmi konfrans, 25 sentyabr 2020, Ardahan, T\u00fcrkiye<\/li><li>\u041e\n\u0440\u043e\u043b\u0438 \u0438\u043d\u0442\u0435\u0433\u0440\u0430\u0446\u0438\u043e\u043d\u043d\u044b\u0445 \u043f\u0440\u043e\u0446\u0435\u0441\u0441\u043e\u0432 \u043d\u0430 \u0443\u0440\u043e\u043a\u0430\u0445 \u043b\u0438\u0442\u0435\u0440\u0430\u0442\u0443\u0440\u044b. Az\u0259rbaycan Respublikas\u0131 Nazirl\u0259r Kabineti yan\u0131nda Terminologiya\nKomissiyas\u0131 \u201cTerminologiya M\u0259s\u0259l\u0259l\u0259ri\u201d, \u21161,Bak\u0131 2020<\/li><li>\u041f\u0440\u0438\u043c\u0435\u043d\u0435\u043d\u0438\u0435\n\u0432\u0438\u0434\u0435\u043e\u043c\u0430\u0442\u0435\u0440\u0438\u0430\u043b\u0430 \u043d\u0430 \u044d\u0442\u0430\u043f\u0430\u0445 \u0430\u043a\u0442\u0438\u0432\u043d\u043e\u0433\u043e \u0443\u0440\u043e\u043a\u0430. \u0410\u043a\u0442\u0443\u0430\u043b\u044c\u043d\u044b\u0435 \u0432\u043e\u043f\u0440\u043e\u0441\u044b \u0442\u0435\u043e\u0440\u0438\u0438 \u0438 \u043f\u0440\u0430\u043a\u0442\u0438\u043a\u0438\n\u043f\u0440\u0435\u043f\u043e\u0434\u0430\u0432\u0430\u043d\u0438\u044f \u0440\u0443\u0441\u0441\u043a\u043e\u0433\u043e \u044f\u0437\u044b\u043a\u0430 \u043a\u0430\u043a \u0438\u043d\u043e\u0441\u0442\u0440\u0430\u043d\u043d\u043e\u0433\u043e. \u041c\u0430\u0442\u0435\u0440\u0438\u0430\u043b\u044b \u041c\u0435\u0436\u0434\u0443\u043d\u0430\u0440\u043e\u0434\u043d\u043e\u0439 \u043d\u0430\u0443\u0447\u043d\u043e-\n\u043f\u0440\u0430\u043a\u0442\u0438\u0447\u0435\u0441\u043a\u043e\u0439 \u043a\u043e\u043d\u0444\u0435\u0440\u0435\u043d\u0446\u0438\u0438. \u041c\u043e\u0441\u043a\u0432\u0430-2020<\/li><li>\u018fd\u0259biyyatda\nelmi fontastika janr\u0131n\u0131n \u00f6z\u00fcn\u0259m\u0259xsuslu\u011fu. XI Beyn\u0259lxalq Elmi Simpozium \u201cM\u00fcasir\nd\u00fcnyada m\u0259d\u0259niyy\u0259tl\u0259raras\u0131 m\u00fcnasib\u0259ti\u201d Tbilisi-2021<\/li><li>\u0424\u043e\u043d\u0435\u0442\u0438\u0447\u0435\u0441\u043a\u0430\u044f\n\u0442\u0440\u0430\u043d\u0441\u043a\u0440\u0438\u043f\u0446\u0438\u044f \u0433\u043b\u0430\u0441\u043d\u044b\u0445 \u0437\u0432\u0443\u043a\u043e\u0432 \u0440\u0443\u0441\u0441\u043a\u043e\u0433\u043e \u044f\u0437\u044b\u043a\u0430\u00bb. \u041c\u0435\u0436\u0434\u0443\u043d\u0430\u0440\u043e\u0434\u043d\u0430\u044f \u043d\u0430\u0443\u0447\u043d\u043e- \u043f\u0440\u0430\u043a\u0442\u0438\u0447\u0435\u0441\u043a\u0430\u044f\n\u043a\u043e\u043d\u0444\u0435\u0440\u0435\u043d\u0446\u0438\u044f \u00ab\u0418\u043d\u0444\u043e\u0440\u043c\u0430\u0446\u0438\u043e\u043d\u043d\u044b\u0435 \u0442\u0435\u0445\u043d\u043e\u043b\u043e\u0433\u0438\u0438 \u043a\u0430\u043a \u043e\u0441\u043d\u043e\u0432\u0430 \u044d\u0444\u0444\u0435\u043a\u0442\u0438\u0432\u043d\u043e\u0433\u043e \u0438\u043d\u043d\u043e\u0432\u0430\u0446\u0438\u043e\u043d\u043d\u043e\u0433\u043e\n\u0440\u0430\u0437\u0432\u0438\u0442\u0438\u044f\u00bb, \u0421\u0430\u043c\u0430\u0440\u0430 10.01.2022<\/li><li>\u00ab\u041a\u043e\u043d\u0446\u0435\u043f\u0446\u0438\u044f\n\u043f\u0440\u043e\u0437\u0430\u0438\u0447\u0435\u0441\u043a\u043e\u0439 \u0441\u0442\u0440\u043e\u0444\u044b\u00bb \u041c\u0438\u0447\u0438\u0433\u0430\u043d, \u0421 \u0428 \u0410, 2022<\/li><li>\u041e\u0431\u043e\u0441\u043e\u0431\u043b\u0435\u043d\u0438\u0435\n\u0432 \u0441\u043e\u0432\u0440\u0435\u043c\u0435\u043d\u043d\u043e\u043c \u0440\u0443\u0441\u0441\u043a\u043e\u043c \u044f\u0437\u044b\u043a\u0435. \u041f\u0440\u0430\u0433\u0430, \u041c\u0435\u0436\u0434\u0443\u043d\u0430\u0440\u043e\u0434\u043d\u0430\u044f \u043d\u0430\u0443\u0447\u043d\u043e- \u043f\u0440\u0430\u043a\u0442\u0438\u0447\u0435\u0441\u043a\u0430\u044f\n\u043a\u043e\u043d\u0444\u0435\u0440\u0435\u043d\u0446\u0438\u044f \u0430\u043f\u0440\u0435\u043b\u044c 25-28, 2023<\/li><li>\u0424\u043e\u0440\u043c\u0438\u0440\u043e\u0432\u0430\u043d\u0438\u0435\n\u0443\u043c\u0435\u043d\u0438\u0439 \u0438 \u043d\u0430\u0432\u044b\u043a\u043e\u0432 \u0430\u0443\u0434\u0438\u0440\u043e\u0432\u0430\u043d\u0438\u044f \u043a\u0430\u043a \u043e\u0434\u043d\u0430 \u0438\u0437 \u0432\u0430\u0436\u043d\u0435\u0439\u0448\u0438\u0445 \u043d\u0430\u043f\u0440\u0430\u0432\u043b\u0435\u043d\u0438\u0439 \u0438\u0437\u0443\u0447\u0435\u043d\u0438\u044f \u043a\u0443\u0440\u0441\u0430\n\u0438\u043d\u043e\u0441\u0442\u0440\u0430\u043d\u043d\u043e\u0433\u043e \u044f\u0437\u044b\u043a\u0430. Philological sciences \u201cColloquium \u2013\nJournal\u201d 3(162)<\/li><\/ol>\n\n\n\n<p><strong>Elmi\n\u0259s\u0259rl\u0259ri.<\/strong><\/p>\n\n\n\n<p><strong>K\u0130TABLAR v\u0259 D\u018fRS\nV\u018fSA\u0130TL\u018fR\u0130<\/strong><strong><\/strong><\/p>\n\n\n\n<p><strong>Dil bilgisi: <\/strong><\/p>\n\n\n\n<p>Rus dili, T\u00fcrk dili.<\/p>\n\n\n\n<p><strong>Part\u0131yal\u0131l\u0131\u011f\u0131<\/strong><strong>: <\/strong>YAP<\/p>\n","protected":false},"excerpt":{"rendered":"<p>Ba\u011f\u0131rova&nbsp; Arzu Nur\u0259ddin q\u0131z\u0131 V\u0259zif\u0259si: GDU-nun \u00abRus dili\u00bb kafedras\u0131n\u0131n&nbsp; ba\u015f m\u00fc\u0259llimi Telefon: +994 55&nbsp;782 08 33 Email:arzubaqirova31@gmail.com&nbsp; &nbsp;&nbsp;&nbsp;&nbsp; &nbsp;&nbsp;&nbsp;&nbsp;&nbsp; Q\u0131sa bioqrafik m\u0259lumat 1969-cu il 14 iyun G\u0259nc\u0259 \u015f\u0259h\u0259rind anadan olmu\u015fdur. 1976-1986-ci ill\u0259rd\u0259 G\u0259nc\u0259 \u015f\u0259h\u0259ri 18 sayl\u0131 D\/Y ( hal-haz\u0131rda 32 sayl\u0131) orta m\u0259kt\u0259bd\u0259 t\u0259hsil alm\u0131\u015f v\u0259 h\u0259min m\u0259kt\u0259bi bitirmi\u015fdir. Ail\u0259lidir 2 \u00f6vlad\u0131 var T\u0259hsili: 1987-1992 [&hellip;]<\/p>\n","protected":false},"author":4,"featured_media":0,"parent":0,"menu_order":0,"comment_status":"closed","ping_status":"closed","template":"","meta":{"footnotes":""},"categories":[],"tags":[],"class_list":["post-12158","page","type-page","status-publish","hentry"],"_links":{"self":[{"href":"http:\/\/xdf.gdu.edu.az\/index.php?rest_route=\/wp\/v2\/pages\/12158","targetHints":{"allow":["GET"]}}],"collection":[{"href":"http:\/\/xdf.gdu.edu.az\/index.php?rest_route=\/wp\/v2\/pages"}],"about":[{"href":"http:\/\/xdf.gdu.edu.az\/index.php?rest_route=\/wp\/v2\/types\/page"}],"author":[{"embeddable":true,"href":"http:\/\/xdf.gdu.edu.az\/index.php?rest_route=\/wp\/v2\/users\/4"}],"replies":[{"embeddable":true,"href":"http:\/\/xdf.gdu.edu.az\/index.php?rest_route=%2Fwp%2Fv2%2Fcomments&post=12158"}],"version-history":[{"count":1,"href":"http:\/\/xdf.gdu.edu.az\/index.php?rest_route=\/wp\/v2\/pages\/12158\/revisions"}],"predecessor-version":[{"id":12159,"href":"http:\/\/xdf.gdu.edu.az\/index.php?rest_route=\/wp\/v2\/pages\/12158\/revisions\/12159"}],"wp:attachment":[{"href":"http:\/\/xdf.gdu.edu.az\/index.php?rest_route=%2Fwp%2Fv2%2Fmedia&parent=12158"}],"wp:term":[{"taxonomy":"category","embeddable":true,"href":"http:\/\/xdf.gdu.edu.az\/index.php?rest_route=%2Fwp%2Fv2%2Fcategories&post=12158"},{"taxonomy":"post_tag","embeddable":true,"href":"http:\/\/xdf.gdu.edu.az\/index.php?rest_route=%2Fwp%2Fv2%2Ftags&post=12158"}],"curies":[{"name":"wp","href":"https:\/\/api.w.org\/{rel}","templated":true}]}}