{"id":12089,"date":"2023-05-22T09:49:04","date_gmt":"2023-05-22T07:49:04","guid":{"rendered":"http:\/\/xdf.gdu.edu.az\/?page_id=12089"},"modified":"2023-05-22T09:49:04","modified_gmt":"2023-05-22T07:49:04","slug":"aslanova-f%c9%99rid%c9%99-razim-qizi","status":"publish","type":"page","link":"http:\/\/xdf.gdu.edu.az\/?page_id=12089","title":{"rendered":"Aslanova F\u0259rid\u0259 Razim q\u0131z\u0131"},"content":{"rendered":"\n<div class=\"wp-block-image\"><figure class=\"aligncenter size-large is-resized\"><img loading=\"lazy\" decoding=\"async\" src=\"http:\/\/xdf.gdu.edu.az\/wp-content\/uploads\/2023\/05\/farid\u0259.jpg\" alt=\"\" class=\"wp-image-12015\" width=\"217\" height=\"254\"\/><\/figure><\/div>\n\n\n\n<p><strong>Aslanova F\u0259rid\u0259 Razim q.<\/strong><\/p>\n\n\n\n<p><strong>V\u0259zif\u0259si: <\/strong>m\u00fc\u0259llim<\/p>\n\n\n\n<p><strong>Telefon:<\/strong> (051) 487 95 85 <\/p>\n\n\n\n<p><strong>E-mail: <\/strong>f.aslanova.r.90@gmail.com<\/p>\n\n\n\n<p><strong>QISA\nB\u0130OQRAF\u0130K&nbsp; M\u018fLUMAT<\/strong><\/p>\n\n\n\n<ul class=\"wp-block-list\"><li>1990-c\u0131 il aprelin 1-d\u0259 Az\u0259rbaycan Respublikas\u0131n\u0131n G\u0259nc\u0259 \u015f\u0259h\u0259rind\u0259\nanadan olmu\u015fdur.<\/li><li>1996-2007-ci ill\u0259rd\u0259 G\u0259nc\u0259 \u015f\u0259h\u0259ri Mir C\u0259lal Pa\u015fayev ad\u0131na 39\nsayl\u0131 orta m\u0259kt\u0259bind\u0259 oxumu\u015fdur.<\/li><\/ul>\n\n\n\n<p><strong>T\u018fHS\u0130L\u0130 v\u0259\nELM\u0130 D\u018fR\u018fC\u018f ADLARI<\/strong><\/p>\n\n\n\n<ul class=\"wp-block-list\"><li>2011-ci ild\u0259 Az\u0259rbaycan Dill\u0259r Universitetinin\nRegion\u015f\u00fcnasl\u0131q v\u0259 Beyn\u0259lxalq \u0259laq\u0259l\u0259r fakult\u0259sini bitirmi\u015fdir.<\/li><li>2015-ci ild\u0259 Az\u0259rbaycan Dill\u0259r Universitetinin Dil\u015f\u00fcnasl\u0131q ixtisasla\u015fmas\u0131\n\u00fczr\u0259 magistraturan\u0131 bitirmi\u015fdir.<\/li><li>2017-ci ild\u0259 G\u0259nc\u0259 D\u00f6vl\u0259t Universitetinin Az\u0259rbaycan dili\nkafedras\u0131nda dissertant olmu\u015fdur.<\/li><\/ul>\n\n\n\n<p><strong>\u018fM\u018fK\nF\u018fAL\u0130YY\u018fT\u0130<\/strong><\/p>\n\n\n\n<ul class=\"wp-block-list\"><li>2016-2019-cu ill\u0259rd\u0259 GDU-nun Praktik Xarici dill\u0259r\nkafedras\u0131nda operator<\/li><li>2020- ci ild\u0259n GDU-nun Praktik Xarici dill\u0259r kafedras\u0131nda m\u00fc\u0259llim<\/li><\/ul>\n\n\n\n<p><strong>&nbsp;<\/strong><strong>T\u018fDQ\u0130QAT SAH\u018fS\u0130<\/strong><\/p>\n\n\n\n<p><strong>&nbsp; <\/strong>Dil\u00e7ilik,\nM\u00fcqayis\u0259li-tarixi v\u0259 m\u00fcqayis\u0259li-tipoloji dil\u00e7ilik, Az\u0259rbaycan v\u0259 ingilis dill\u0259rinin\nqrammatikas\u0131.<\/p>\n\n\n\n<p><strong>ELM\u0130\n\u018fS\u018fRL\u018fR\u0130<\/strong><\/p>\n\n\n\n<p><strong>&nbsp;&nbsp;&nbsp;&nbsp;&nbsp;&nbsp;&nbsp;&nbsp;&nbsp;&nbsp;&nbsp; <\/strong>Az\u0259rbaycan v\u0259\ningilis dill\u0259rinin qrammatik qurulu\u015funa h\u0259sr olunmu\u015f 10-a yax\u0131n elmi m\u0259qal\u0259l\u0259rin\nm\u00fc\u0259llifidir. M\u0259qal\u0259l\u0259r G\u0259nc\u0259, Bak\u0131. Nax\u00e7\u0131van \u015f\u0259h\u0259rl\u0259rinin elmi publistik n\u0259\u015frl\u0259rind\u0259\n\u00e7ap olunmu\u015fdur.<\/p>\n\n\n\n<p>&nbsp;&nbsp;&nbsp;&nbsp;&nbsp;&nbsp;&nbsp;&nbsp;&nbsp; Az\u0259rbaycan\nRespublikas\u0131nda elmi konfranslarda i\u015ftirak etmi\u015fdir. <\/p>\n","protected":false},"excerpt":{"rendered":"<p>Aslanova F\u0259rid\u0259 Razim q. V\u0259zif\u0259si: m\u00fc\u0259llim Telefon: (051) 487 95 85 E-mail: f.aslanova.r.90@gmail.com QISA B\u0130OQRAF\u0130K&nbsp; M\u018fLUMAT 1990-c\u0131 il aprelin 1-d\u0259 Az\u0259rbaycan Respublikas\u0131n\u0131n G\u0259nc\u0259 \u015f\u0259h\u0259rind\u0259 anadan olmu\u015fdur. 1996-2007-ci ill\u0259rd\u0259 G\u0259nc\u0259 \u015f\u0259h\u0259ri Mir C\u0259lal Pa\u015fayev ad\u0131na 39 sayl\u0131 orta m\u0259kt\u0259bind\u0259 oxumu\u015fdur. T\u018fHS\u0130L\u0130 v\u0259 ELM\u0130 D\u018fR\u018fC\u018f ADLARI 2011-ci ild\u0259 Az\u0259rbaycan Dill\u0259r Universitetinin Region\u015f\u00fcnasl\u0131q v\u0259 Beyn\u0259lxalq \u0259laq\u0259l\u0259r fakult\u0259sini bitirmi\u015fdir. [&hellip;]<\/p>\n","protected":false},"author":4,"featured_media":0,"parent":0,"menu_order":0,"comment_status":"closed","ping_status":"closed","template":"","meta":{"footnotes":""},"categories":[],"tags":[],"class_list":["post-12089","page","type-page","status-publish","hentry"],"_links":{"self":[{"href":"http:\/\/xdf.gdu.edu.az\/index.php?rest_route=\/wp\/v2\/pages\/12089","targetHints":{"allow":["GET"]}}],"collection":[{"href":"http:\/\/xdf.gdu.edu.az\/index.php?rest_route=\/wp\/v2\/pages"}],"about":[{"href":"http:\/\/xdf.gdu.edu.az\/index.php?rest_route=\/wp\/v2\/types\/page"}],"author":[{"embeddable":true,"href":"http:\/\/xdf.gdu.edu.az\/index.php?rest_route=\/wp\/v2\/users\/4"}],"replies":[{"embeddable":true,"href":"http:\/\/xdf.gdu.edu.az\/index.php?rest_route=%2Fwp%2Fv2%2Fcomments&post=12089"}],"version-history":[{"count":1,"href":"http:\/\/xdf.gdu.edu.az\/index.php?rest_route=\/wp\/v2\/pages\/12089\/revisions"}],"predecessor-version":[{"id":12090,"href":"http:\/\/xdf.gdu.edu.az\/index.php?rest_route=\/wp\/v2\/pages\/12089\/revisions\/12090"}],"wp:attachment":[{"href":"http:\/\/xdf.gdu.edu.az\/index.php?rest_route=%2Fwp%2Fv2%2Fmedia&parent=12089"}],"wp:term":[{"taxonomy":"category","embeddable":true,"href":"http:\/\/xdf.gdu.edu.az\/index.php?rest_route=%2Fwp%2Fv2%2Fcategories&post=12089"},{"taxonomy":"post_tag","embeddable":true,"href":"http:\/\/xdf.gdu.edu.az\/index.php?rest_route=%2Fwp%2Fv2%2Ftags&post=12089"}],"curies":[{"name":"wp","href":"https:\/\/api.w.org\/{rel}","templated":true}]}}