{"id":12073,"date":"2023-05-22T08:43:38","date_gmt":"2023-05-22T06:43:38","guid":{"rendered":"http:\/\/xdf.gdu.edu.az\/?page_id=12073"},"modified":"2023-05-22T08:43:38","modified_gmt":"2023-05-22T06:43:38","slug":"musayeva-elzan%c9%99-m%c9%99mm%c9%99d-qizi","status":"publish","type":"page","link":"http:\/\/xdf.gdu.edu.az\/?page_id=12073","title":{"rendered":"Musayeva Elzan\u0259 M\u0259mm\u0259d q\u0131z\u0131"},"content":{"rendered":"\n<div class=\"wp-block-image\"><figure class=\"aligncenter size-large is-resized\"><img loading=\"lazy\" decoding=\"async\" src=\"http:\/\/xdf.gdu.edu.az\/wp-content\/uploads\/2023\/05\/elza.jpg\" alt=\"\" class=\"wp-image-12014\" width=\"252\" height=\"355\"\/><\/figure><\/div>\n\n\n\n<p><strong>. &nbsp;Musayeva\nElzan\u0259 M\u0259mm\u0259d q\u0131z\u0131<\/strong><\/p>\n\n\n\n<p><strong>V\u0259zif\u0259si: <\/strong>m\u00fc\u0259llim<\/p>\n\n\n\n<p><strong>Telefon: <\/strong>050-502-90-13<\/p>\n\n\n\n<p><strong>E-mail: <\/strong>elzane.musayeva21@gmail.com<\/p>\n\n\n\n<p><strong>Q\u0131sa bioqrafiq m\u0259lumat:<\/strong><\/p>\n\n\n\n<p>1990-c\u00fc il 30 avqustda Samux rayonu Qovlarsar\u0131 k\u0259ndind\u0259&nbsp; anadan olmu\u015fdur. 1997\u20132008- ci ill\u0259rd\u0259 Samux\nrayonu Qovlarsar\u0131 k\u0259ndt\u0259 orta m\u0259kt\u0259bind\u0259 t\u0259hsil alm\u0131\u015fd\u0131r. Ail\u0259lidir. \u00dc\u00e7 \u00f6vlad\u0131\nvar. <\/p>\n\n\n\n<p><strong>T\u0259hsili, elmi d\u0259r\u0259c\u0259si v\u0259 elmi ad\u0131:<\/strong><\/p>\n\n\n\n<p>2008-2012- ci ill\u0259rd\u0259 G\u0259nc\u0259 D\u00f6vl\u0259t Universitetinin\n\u0130ngilis dili m\u00fc\u0259llimliyi ixtisas\u0131n\u0131 q\u0131rm\u0131z\u0131 diplomla bitirmi\u015fdir.<\/p>\n\n\n\n<p>2012-2015 \u2013ci ill\u0259rd\u0259 Odlar Yurdu Universitetinin\ningilis dilinin metod v\u0259 metodologiyas\u0131 ixtisas\u0131 \u00fczr\u0259 magistr d\u0259r\u0259c\u0259sini f\u0259rql\u0259nm\u0259\ndiplomu il\u0259 bitirmi\u015fdir.<\/p>\n\n\n\n<p>2021-ci ild\u0259 G\u0259nc\u0259&nbsp;\nD\u00f6vl\u0259t Universitetinin Az\u0259rbaycan dili kafedras\u0131n\u0131n Dil n\u0259z\u0259riyy\u0259si\nixtisas\u0131 \u00fczr\u0259 dissertantura pill\u0259sin\u0259 q\u0259bul olmu\u015fdur.<\/p>\n\n\n\n<p><strong>\u018fm\u0259k f\u0259aliyy\u0259ti:<\/strong><\/p>\n\n\n\n<p>2012-ci&nbsp; ild\u0259 G\u0259nc\u0259\nD\u00f6vl\u0259t Universitetinin Qrammatika v\u0259 ingilis dilinin kafedras\u0131nda laborant v\u0259zif\u0259sind\u0259\n\u00e7al\u0131\u015fm\u0131\u015f. 2019-cu ild\u0259n is\u0259 h\u0259min universitetin&nbsp;\nPraktik Xarici Dill\u0259r kafedras\u0131nda \u0130ngilis dili m\u00fc\u0259llimi v\u0259zif\u0259sind\u0259\n\u00e7al\u0131\u015f\u0131r. <\/p>\n\n\n\n<p>&nbsp;&nbsp;&nbsp; <strong>Beyn\u0259lxalq\nSeminar, Simpoziyum v\u0259 Konfranslarda i\u015ftirak<\/strong><\/p>\n\n\n\n<p>2023-cu ild\u0259 Az\u0259rbaycan Elm M\u0259rk\u0259zinin t\u0259\u015fkil etdiyi\nBeyn\u0259lxalq konfransda i\u015ftirak etmi\u015f v\u0259 beyn\u0259lxalq sertifikat alm\u0131\u015fd\u0131r.<\/p>\n\n\n\n<p><strong>Dil bilgisi:<\/strong> T\u00fcrk, rus, ingilis<\/p>\n\n\n\n<p><strong>Partiyal\u0131l\u0131\u011f\u0131:<\/strong> Yeni Az\u0259rbaycan Partiyas\u0131<\/p>\n","protected":false},"excerpt":{"rendered":"<p>. &nbsp;Musayeva Elzan\u0259 M\u0259mm\u0259d q\u0131z\u0131 V\u0259zif\u0259si: m\u00fc\u0259llim Telefon: 050-502-90-13 E-mail: elzane.musayeva21@gmail.com Q\u0131sa bioqrafiq m\u0259lumat: 1990-c\u00fc il 30 avqustda Samux rayonu Qovlarsar\u0131 k\u0259ndind\u0259&nbsp; anadan olmu\u015fdur. 1997\u20132008- ci ill\u0259rd\u0259 Samux rayonu Qovlarsar\u0131 k\u0259ndt\u0259 orta m\u0259kt\u0259bind\u0259 t\u0259hsil alm\u0131\u015fd\u0131r. Ail\u0259lidir. \u00dc\u00e7 \u00f6vlad\u0131 var. T\u0259hsili, elmi d\u0259r\u0259c\u0259si v\u0259 elmi ad\u0131: 2008-2012- ci ill\u0259rd\u0259 G\u0259nc\u0259 D\u00f6vl\u0259t Universitetinin \u0130ngilis dili m\u00fc\u0259llimliyi ixtisas\u0131n\u0131 [&hellip;]<\/p>\n","protected":false},"author":4,"featured_media":0,"parent":0,"menu_order":0,"comment_status":"closed","ping_status":"closed","template":"","meta":{"footnotes":""},"categories":[],"tags":[],"class_list":["post-12073","page","type-page","status-publish","hentry"],"_links":{"self":[{"href":"http:\/\/xdf.gdu.edu.az\/index.php?rest_route=\/wp\/v2\/pages\/12073","targetHints":{"allow":["GET"]}}],"collection":[{"href":"http:\/\/xdf.gdu.edu.az\/index.php?rest_route=\/wp\/v2\/pages"}],"about":[{"href":"http:\/\/xdf.gdu.edu.az\/index.php?rest_route=\/wp\/v2\/types\/page"}],"author":[{"embeddable":true,"href":"http:\/\/xdf.gdu.edu.az\/index.php?rest_route=\/wp\/v2\/users\/4"}],"replies":[{"embeddable":true,"href":"http:\/\/xdf.gdu.edu.az\/index.php?rest_route=%2Fwp%2Fv2%2Fcomments&post=12073"}],"version-history":[{"count":1,"href":"http:\/\/xdf.gdu.edu.az\/index.php?rest_route=\/wp\/v2\/pages\/12073\/revisions"}],"predecessor-version":[{"id":12074,"href":"http:\/\/xdf.gdu.edu.az\/index.php?rest_route=\/wp\/v2\/pages\/12073\/revisions\/12074"}],"wp:attachment":[{"href":"http:\/\/xdf.gdu.edu.az\/index.php?rest_route=%2Fwp%2Fv2%2Fmedia&parent=12073"}],"wp:term":[{"taxonomy":"category","embeddable":true,"href":"http:\/\/xdf.gdu.edu.az\/index.php?rest_route=%2Fwp%2Fv2%2Fcategories&post=12073"},{"taxonomy":"post_tag","embeddable":true,"href":"http:\/\/xdf.gdu.edu.az\/index.php?rest_route=%2Fwp%2Fv2%2Ftags&post=12073"}],"curies":[{"name":"wp","href":"https:\/\/api.w.org\/{rel}","templated":true}]}}