{"id":10770,"date":"2023-02-23T08:35:47","date_gmt":"2023-02-23T06:35:47","guid":{"rendered":"http:\/\/xdf.gdu.edu.az\/?page_id=10770"},"modified":"2023-05-22T09:54:35","modified_gmt":"2023-05-22T07:54:35","slug":"adigoz%c9%99lova-nubub%c9%99t-nizami-qizi","status":"publish","type":"page","link":"http:\/\/xdf.gdu.edu.az\/?page_id=10770","title":{"rendered":"Ad\u0131g\u00f6z\u0259lova N\u00fcbub\u0259t Nizami q\u0131z\u0131."},"content":{"rendered":"\n<div class=\"wp-block-image\"><figure class=\"aligncenter size-large is-resized\"><img loading=\"lazy\" decoding=\"async\" src=\"http:\/\/xdf.gdu.edu.az\/wp-content\/uploads\/2023\/05\/nubu.jpg\" alt=\"\" class=\"wp-image-12024\" width=\"208\" height=\"284\"\/><\/figure><\/div>\n\n\n\n<p><strong>Ad\u0131g\u00f6z\u0259lova N\u00fcbub\u0259t\nNizami q\u0131z\u0131<\/strong><\/p>\n\n\n\n<p><strong>&nbsp;V\u0259zif\u0259si:<\/strong> G\u0259nc\u0259 D\u00f6vl\u0259t\nUniversitetinin \u201cPraktik Xarici Dill\u0259r\u201d kafedras\u0131n\u0131n m\u00fc\u0259llimi<strong><\/strong><\/p>\n\n\n\n<p><strong>Telefon:<\/strong> 0554697143<\/p>\n\n\n\n<p><strong>E-mail:<\/strong>Adigozelovanububet@gmail.com<\/p>\n\n\n\n<p><strong>Q\u0131sa bioqrafik\nm\u0259lumat.<\/strong><\/p>\n\n\n\n<p>1996-c\u0131 il\n19 dekabr G\u0259nc\u0259 \u015f\u0259h\u0259rind\u0259 anadan olmu\u015fdur.<\/p>\n\n\n\n<p>2002-2013-c\u00fc\nill\u0259rd\u0259 G\u0259nc\u0259 \u015f\u0259h\u0259ri M.Mehdizad\u0259 ad\u0131na 4 n\u00f6mr\u0259li xarici dil\nt\u0259may\u00fcll\u00fc-m\u0259kt\u0259b-lisey d\u0259 t\u0259hsil alm\u0131\u015f v\u0259 h\u0259min m\u0259kt\u0259bi q\u0131rm\u0131z\u0131 attestatla\nbitirmi\u015fdir.<\/p>\n\n\n\n<p><strong>T\u0259hsili,Elmi d\u0259r\u0259c\u0259si v\u0259 Elmi ad\u0131.<\/strong><\/p>\n\n\n\n<p>2013-2017-ciill\u0259rd\u0259 G\u0259nc\u0259 \u015f\u0259h\u0259ri G\u0259nc\u0259 D\u00f6vl\u0259t\nUniversitetinin Xarici Dill\u0259r Fak\u00fclt\u0259sinin \u201c\u0130ngilis dili m\u00fc\u0259llimliyi\u201d\nistiqam\u0259ti \u00fczr\u0259 bakalavr d\u0259r\u0259c\u0259sini f\u0259rql\u0259nm\u0259 diplomu il\u0259 bitirmi\u015fdir. T\u0259hsil\nald\u0131\u011f\u0131 m\u00fcdd\u0259td\u0259 \u201cMirz\u0259 \u015e\u0259fi Vazeh\u201d adl\u0131 t\u0259qa\u00fcd\u0259 layiq g\u00f6r\u00fcl\u00fcb.<\/p>\n\n\n\n<p>2017-2019-cu ill\u0259rd\u0259 Naxc\u0131van D\u00f6vl\u0259t\nUniversitetind\u0259 \u201c\u018fd\u0259biyyat\u015f\u00fcna\u015fl\u0131q (Xarici \u00f6lk\u0259 xalqlar\u0131n\u0131n \u0259d\u0259biyyat\u0131-Amerika\n\u0259d\u0259biyyat\u0131) ixtisas\u0131 \u00fczr\u0259 magistr d\u0259r\u0259c\u0259sini f\u0259rql\u0259nm\u0259 diplomu il\u0259 bitirmi\u015fdir.<\/p>\n\n\n\n<p><strong>\u018fm\u0259k f\u0259aliyy\u0259ti.<\/strong><\/p>\n\n\n\n<p><strong>2019-cu\nil <\/strong>G\u0259nc\u0259\nD\u00f6vl\u0259t Universitetinin \u201cPraktik Xarici Dill\u0259r\u201d kafedras\u0131nda saat hesab\u0131\nm\u00fc\u0259lllim<\/p>\n\n\n\n<p>2020-ci ild\u0259n is\u0259 G\u0259nc\u0259 D\u00f6vl\u0259t Universitetinin\n\u201cPraktik Xarici Dill\u0259r\u201d kafedras\u0131nda m\u00fc\u0259llim i\u015fl\u0259yir.<\/p>\n\n\n\n<p><strong>Beyn\u0259lxalq Seminar,Simpozium v\u0259\nKonfranslarda i\u015ftirak.<\/strong><\/p>\n\n\n\n<p>The XXXII International Scientific Symposium\n\u201cTurk\u2019s Victory: from chanakkale to Karabakh\u201d.<\/p>\n\n\n\n<p>Kars-Eskishehir (Turkey-26.11.2015)<\/p>\n\n\n\n<p><strong>Se\u00e7ilmi\u015f \u0259s\u0259rl\u0259ri.<\/strong><\/p>\n\n\n\n<p><strong>1.&nbsp;<\/strong>The literary description of hard\nlife of slaves in the work \u201cUncle&nbsp; Tom\u2019s Cabin by harriet Beecher stowe\u201d-\nMagistrantlar\u0131n Regional Elmi konfrans\u0131n\u0131n materiallar\u0131-naxc\u0131van,\nNDU,\u201dQeyr\u0259t\u201d-2019.<\/p>\n\n\n\n<p><strong>2.&nbsp;<\/strong>African-American Women and their\nRole in Harlem Renaissance SDU Magistrantlar\u0131n XIX Respublika Elmi konfrans\u0131\n\u2013III hiss\u0259-Sumqay\u0131t 2019\/15-16 may.<\/p>\n\n\n\n<p><strong>3.&nbsp;<\/strong>The Role of Poetry in Foreign\nLanguage Teaching GDU-Elmi x\u0259b\u0259rl\u0259r- Fundamental, Humanitar v\u0259 T\u0259bi\u0259t Elml\u0259ri\nseriyas\u0131 \u21162, G\u0259nc\u0259 2022<\/p>\n\n\n\n<p><strong>4.&nbsp;<\/strong>\u201cSinoniml\u0259r v\u0259 onlar\u0131n\nleksik-semantik x\u00fcsusiyy\u0259tl\u0259ri\u201d-XXXII Beyn\u0259lxalq Elmi Simpozium-T\u00fcrk\u00fcn\nq\u0259l\u0259b\u0259si-\u00c7anakkaled\u0259n Qaraba\u011fa\u201d-Qars\/Eski\u015fehir 2022<\/p>\n\n\n\n<p><strong>5.&nbsp;<\/strong>The Methodics of Teaching ESL for\nDifferent age categories\u201d- GDU-Elmi x\u0259b\u0259rl\u0259r\u21161,G\u0259nc\u0259 2023<\/p>\n\n\n\n<p><strong>6.<\/strong> <strong>&nbsp;&nbsp;<\/strong>Uilyam\n\u015eekspir V\u0259 Onun \u0130ngilis Dilind\u0259 Yaratdi\u011fi Neologizml\u0259rin Struktur-Semantik\nX\u00fcsusiyy\u0259tl\u0259ri- Az\u0259rbaycanElm\nM\u0259rk\u0259zi<strong>&nbsp;&nbsp;\n<\/strong>\u201cElmi Ara\u015fdirmalar\u201d Tezisl\u0259r Toplusu Cild: 3 Say\u0131: 2 Bak\u0131 2023<\/p>\n\n\n\n<p><strong>Dil bilgisi &nbsp;&nbsp;&nbsp;&nbsp;<\/strong>\u0130ngilis, Rus,\nT\u00fcrk, Koreya<strong><\/strong><\/p>\n\n\n\n<p><strong>&nbsp;Partiyal\u0131\u011f\u0131:&nbsp;\nYAP<\/strong><\/p>\n","protected":false},"excerpt":{"rendered":"<p>Ad\u0131g\u00f6z\u0259lova N\u00fcbub\u0259t Nizami q\u0131z\u0131 &nbsp;V\u0259zif\u0259si: G\u0259nc\u0259 D\u00f6vl\u0259t Universitetinin \u201cPraktik Xarici Dill\u0259r\u201d kafedras\u0131n\u0131n m\u00fc\u0259llimi Telefon: 0554697143 E-mail:Adigozelovanububet@gmail.com Q\u0131sa bioqrafik m\u0259lumat. 1996-c\u0131 il 19 dekabr G\u0259nc\u0259 \u015f\u0259h\u0259rind\u0259 anadan olmu\u015fdur. 2002-2013-c\u00fc ill\u0259rd\u0259 G\u0259nc\u0259 \u015f\u0259h\u0259ri M.Mehdizad\u0259 ad\u0131na 4 n\u00f6mr\u0259li xarici dil t\u0259may\u00fcll\u00fc-m\u0259kt\u0259b-lisey d\u0259 t\u0259hsil alm\u0131\u015f v\u0259 h\u0259min m\u0259kt\u0259bi q\u0131rm\u0131z\u0131 attestatla bitirmi\u015fdir. T\u0259hsili,Elmi d\u0259r\u0259c\u0259si v\u0259 Elmi ad\u0131. 2013-2017-ciill\u0259rd\u0259 G\u0259nc\u0259 \u015f\u0259h\u0259ri [&hellip;]<\/p>\n","protected":false},"author":4,"featured_media":0,"parent":0,"menu_order":0,"comment_status":"closed","ping_status":"closed","template":"","meta":{"footnotes":""},"categories":[],"tags":[],"class_list":["post-10770","page","type-page","status-publish","hentry"],"_links":{"self":[{"href":"http:\/\/xdf.gdu.edu.az\/index.php?rest_route=\/wp\/v2\/pages\/10770","targetHints":{"allow":["GET"]}}],"collection":[{"href":"http:\/\/xdf.gdu.edu.az\/index.php?rest_route=\/wp\/v2\/pages"}],"about":[{"href":"http:\/\/xdf.gdu.edu.az\/index.php?rest_route=\/wp\/v2\/types\/page"}],"author":[{"embeddable":true,"href":"http:\/\/xdf.gdu.edu.az\/index.php?rest_route=\/wp\/v2\/users\/4"}],"replies":[{"embeddable":true,"href":"http:\/\/xdf.gdu.edu.az\/index.php?rest_route=%2Fwp%2Fv2%2Fcomments&post=10770"}],"version-history":[{"count":2,"href":"http:\/\/xdf.gdu.edu.az\/index.php?rest_route=\/wp\/v2\/pages\/10770\/revisions"}],"predecessor-version":[{"id":12092,"href":"http:\/\/xdf.gdu.edu.az\/index.php?rest_route=\/wp\/v2\/pages\/10770\/revisions\/12092"}],"wp:attachment":[{"href":"http:\/\/xdf.gdu.edu.az\/index.php?rest_route=%2Fwp%2Fv2%2Fmedia&parent=10770"}],"wp:term":[{"taxonomy":"category","embeddable":true,"href":"http:\/\/xdf.gdu.edu.az\/index.php?rest_route=%2Fwp%2Fv2%2Fcategories&post=10770"},{"taxonomy":"post_tag","embeddable":true,"href":"http:\/\/xdf.gdu.edu.az\/index.php?rest_route=%2Fwp%2Fv2%2Ftags&post=10770"}],"curies":[{"name":"wp","href":"https:\/\/api.w.org\/{rel}","templated":true}]}}