{"id":1023,"date":"2016-05-02T13:08:10","date_gmt":"2016-05-02T11:08:10","guid":{"rendered":"http:\/\/xd.gdu.edu.az\/?page_id=1023"},"modified":"2023-05-15T10:23:59","modified_gmt":"2023-05-15T08:23:59","slug":"m%c9%99mm%c9%99dova-ayt%c9%99n-arif-qizi","status":"publish","type":"page","link":"http:\/\/xdf.gdu.edu.az\/?page_id=1023","title":{"rendered":"M\u0259mm\u0259dova Ayt\u0259n Arif  q\u0131z\u0131"},"content":{"rendered":"\n\n\n<div class=\"wp-block-image\"><figure class=\"aligncenter size-large is-resized\"><img loading=\"lazy\" decoding=\"async\" src=\"http:\/\/xdf.gdu.edu.az\/wp-content\/uploads\/2023\/05\/b.m.M\u0259mm\u0259dova-Ayt\u0259n-Arif-q\u0131z\u0131.jpg\" alt=\"\" class=\"wp-image-11778\" width=\"233\" height=\"326\"\/><\/figure><\/div>\n\n\n\n<p><strong>&nbsp;&nbsp;&nbsp;&nbsp;&nbsp;&nbsp;&nbsp;&nbsp;&nbsp;&nbsp;&nbsp;&nbsp;&nbsp;&nbsp;&nbsp;&nbsp;&nbsp;\n\u201cLeksika v\u0259 \u00f6lk\u0259\u015f\u00fcnasl\u0131q\u201d kafedras\u0131n\u0131n ba\u015f m\u00fc\u0259llimi <\/strong><\/p>\n\n\n\n<p><strong>&nbsp;&nbsp;&nbsp;&nbsp;&nbsp;&nbsp;&nbsp;&nbsp;&nbsp;&nbsp;&nbsp;&nbsp;&nbsp;&nbsp;&nbsp;&nbsp;&nbsp;&nbsp;&nbsp;&nbsp;&nbsp;&nbsp;&nbsp;&nbsp;&nbsp;&nbsp;&nbsp;&nbsp;&nbsp;&nbsp;&nbsp;&nbsp;&nbsp;&nbsp;&nbsp;&nbsp;&nbsp; Ayt\u0259n\nArif q\u0131z\u0131 M\u0259mm\u0259dova<\/strong><\/p>\n\n\n\n<p><strong>Telefon<\/strong>:&nbsp; 070\n-433-22-12<\/p>\n\n\n\n<p><strong>E- mail<\/strong>: aytenferecova@yahoo.com<\/p>\n\n\n\n<p><strong>QISA BIOQRAFIK M\u018fLUMAT<\/strong><\/p>\n\n\n\n<ul class=\"wp-block-list\"><li>4\nnoyabr 1985-ci ild\u0259 A\u011fstafa \u015f\u0259h\u0259rind\u0259 anadan olub.Ail\u0259lidir,2 \u00f6vlad\u0131 var.<\/li><\/ul>\n\n\n\n<p><strong>T\u018fHSILI, ELMI D\u018fR\u018fC\u018fSI V\u018f ELMI ADLARI<\/strong><\/p>\n\n\n\n<ul class=\"wp-block-list\"><li>2003-c\u00fc\nild\u0259 G\u0259nc\u0259 \u015f\u0259h\u0259ri, 17 sayl\u0131 orta m\u0259kt\u0259bi bitirib.<\/li><li>2007-ci\nild<\/li><li>Az\u0259rbaycan\nDill\u0259r Universitetinin Roman-german filologiyas\u0131 fak\u00fclt\u0259sinin \u0130ngilis dili v\u0259 \u0259d\u0259biyyat\u0131\n\u00fczr\u0259 ixtisas\u0131 \u00fczr\u0259 bakalavr pill\u0259sini bitirib<\/li><li>2010-cu\nild\u0259 Qafqaz Universitetinin \u0130ngilis dili v\u0259 \u0259d\u0259biyyat\u0131 ixtisas\u0131 \u00fczr\u0259 magistr\npill\u0259sini f\u0259rql\u0259nm\u0259 diplomu il\u0259 bitirib.<\/li><li>2019-cu\nild\u0259n G\u0259nc\u0259 D\u00f6vl\u0259t Universitetinin 5704.1 \u201cDil n\u0259z\u0259riyy\u0259si\u201dixtisas\u0131 \u00fczr\u0259\ndissertant\u0131d\u0131r<\/li><\/ul>\n\n\n\n<p><strong>\u018fM\u018fK F\u018fALIYY\u018fTI <\/strong><\/p>\n\n\n\n<ul class=\"wp-block-list\"><li>2010-2017\nci ill\u0259rd\u0259 G\u0259nc\u0259 D\u00f6vl\u0259t Universitetinin \u201cLeksika v\u0259 \u00f6lk\u0259\u015f\u00fcnasl\u0131q kafedras\u0131n\u0131n\u201d\nm\u00fc\u0259llimi<\/li><li>2017-ci\nild\u0259n G\u0259nc\u0259 D\u00f6vl\u0259t Universitetinin \u201cLeksika v\u0259 \u00f6lk\u0259\u015f\u00fcnasl\u0131q kafedras\u0131n\u0131n\u201d ba\u015f\nm\u00fc\u0259llimi<\/li><\/ul>\n\n\n\n<p><strong>BEYN\u018fLXALQ SEMINAR,SIMPOZIUM V\u018f KONFRANSLARDA\nI\u015eTIRAKI<\/strong><\/p>\n\n\n\n<ul class=\"wp-block-list\"><li>\u201cSabit\ns\u00f6z birl\u0259\u015fm\u0259l\u0259rinin linqvokulturoloji prizmadan \u00f6yr\u0259nilm\u0259si\u201d.Dil\u00e7ilik\nAra\u015fd\u0131rmalar\u0131.Beyn\u0259lxalq Elmi Jurnal. Bak\u0131,\u21162, 2021<\/li><li>\u201c\u0130\u015fg\u00fczar\ningilis dilind\u0259 sabit vahidl\u0259rin m\u0259nas\u0131n\u0131 t\u0259tbiq etm\u0259k \u00fc\u00e7\u00fcn koqnitiv mexanizml\u0259r\u201d.Konfrans\nmaterial\u0131. VI Respublika Elmi Qaynaqlar konfrans\u0131n\u0131n materiallar\u0131.Bak\u0131, fevral,\n2022<\/li><li>\u201c\u0130ngilis\nfrazeologiyas\u0131n\u0131n \u00fcslubi t\u0259b\u0259q\u0259l\u0259\u015fm\u0259si\u201d.Konfrans material\u0131.VII Beyn\u0259lxalq Elmi\nAra\u015fd\u0131rmalar konfrans\u0131n\u0131n materiallar\u0131. Bak\u0131, 11 fevral, 2022<\/li><li>\u00ab\u0422\u0435\u043e\u0440\u0435\u0442\u0438\u0447\u0438\u0441\u043a\u0438\u0435 \u043e\u0441\u043d\u043e\u0432\u044b \u0444\u0440\u0430\u0437\u0435\u043e\u043b\u043e\u0433\u0438\u0437\u043c\u043e\u0432\u00bb.\nXIX \u041c\u0435\u0436\u0434\u0443\u043d\u0430\u0440\u043e\u0434\u043d\u044b\u0439 \u043d\u0430\u0443\u0447\u043d\u043e\u0439 \u043a\u043e\u043d\u0444\u0435\u0440\u0435\u043d\u0446\u0438\u044f \u00ab\u041d\u0430\u0443\u0447\u043d\u043e-\u043e\u0431\u0440\u0430\u0437\u043e\u0432\u0430\u0442\u0435\u043b\u044c\u043d\u044b\u0439 \u043f\u043e\u0442\u0435\u043d\u0446\u0438\u0430\u043b\n\u0440\u0430\u0437\u0432\u0438\u0442\u0438\u044f\u00bb, \u0433.\u0427\u0435\u0431\u043e\u043a\u0441\u0430\u0440\u044b, 28 \u0430\u043f\u0440\u0435\u043b\u044f 2022 \u0433\u043e\u0434\u0430.<\/li><\/ul>\n\n\n\n<p><strong>SE\u00c7ILMI\u015e\n\u018fS\u018fRL\u018fRI<\/strong><\/p>\n\n\n\n<ul class=\"wp-block-list\"><li>\u201cTeaching\nWriting Skills\u201d. GDU, Elmi x\u0259b\u0259rl\u0259r,2013,say 4<\/li><li>\u201cTeaching\nPronunciation\u201d. GDU, Elmi x\u0259b\u0259rl\u0259r, 2015, say 1<\/li><li>\u201cTesting\nand Evaluation\u201d.AMEA, Dil\u00e7ilik \u0130nstitutu, Terminologiya m\u0259s\u0259l\u0259l\u0259ri,Bak\u0131 2017<\/li><li>\u201cDescribing\nLearning Context\u201d.Filologiya m\u0259s\u0259l\u0259l\u0259ri, Bak\u0131 2017<\/li><li>\u201cTeaching\nReading in the Foreign Language Class\u201d. GDU, Elmi x\u0259b\u0259rl\u0259r,2017<\/li><li>.\u201dNeologisms\nas a main part of word formation process\u201d.<em>&nbsp; <\/em>BDU, 2018<\/li><li>\u201cAz\u0259rbaycan v\u0259 ingilis dill\u0259rind\u0259 qeyri-frazeloji\nsabit birl\u0259\u015fm\u0259l\u0259r:m\u00fcr\u0259kk\u0259b adlar,t\u0259rkibi terminl\u0259r\u201d. Dil v\u0259 \u018fd\u0259biyyat \u2116105,\nBak\u0131 2021, s\u0259h.303-305<\/li><li>\u201cDild\u0259\nsabit s\u00f6z birl\u0259\u015fm\u0259l\u0259rinin koqnitiv x\u00fcsusiyy\u0259tl\u0259rin\u0259 dair\u201d.AMEA Nax\u00e7\u0131van b\u00f6lm\u0259si,\n\u0130nc\u0259s\u0259n\u0259t Dil v\u0259 \u018fd\u0259biyyat \u0130nstitutu \u21163, Nax\u00e7\u0131van 2021, s\u0259h. 52-57<\/li><li>\u201c\u015eifahi\nt\u0259rc\u00fcm\u0259\u201d.F\u0259nn proqram\u0131,GDU 2021<\/li><li>\u201cS\u0259n\u0259dl\u0259\u015fm\u0259v\u0259\nterminologiya\u201d.F\u0259nn proqram\u0131, GDU 2021<\/li><\/ul>\n\n\n\n<p><strong>PART\u0130YALILI\u011eI<\/strong><\/p>\n\n\n\n<p>2010-cu ild\u0259n YAP-\u0131n\n\u00fczv\u00fcd\u00fcr.<\/p>\n\n\n\n<p><strong>D\u0130L B\u0130LG\u0130S\u0130<\/strong><\/p>\n\n\n\n<p>\u0130ngilis, rus dill\u0259ri<\/p>\n","protected":false},"excerpt":{"rendered":"<p>&nbsp;&nbsp;&nbsp;&nbsp;&nbsp;&nbsp;&nbsp;&nbsp;&nbsp;&nbsp;&nbsp;&nbsp;&nbsp;&nbsp;&nbsp;&nbsp;&nbsp; \u201cLeksika v\u0259 \u00f6lk\u0259\u015f\u00fcnasl\u0131q\u201d kafedras\u0131n\u0131n ba\u015f m\u00fc\u0259llimi &nbsp;&nbsp;&nbsp;&nbsp;&nbsp;&nbsp;&nbsp;&nbsp;&nbsp;&nbsp;&nbsp;&nbsp;&nbsp;&nbsp;&nbsp;&nbsp;&nbsp;&nbsp;&nbsp;&nbsp;&nbsp;&nbsp;&nbsp;&nbsp;&nbsp;&nbsp;&nbsp;&nbsp;&nbsp;&nbsp;&nbsp;&nbsp;&nbsp;&nbsp;&nbsp;&nbsp;&nbsp; Ayt\u0259n Arif q\u0131z\u0131 M\u0259mm\u0259dova Telefon:&nbsp; 070 -433-22-12 E- mail: aytenferecova@yahoo.com QISA BIOQRAFIK M\u018fLUMAT 4 noyabr 1985-ci ild\u0259 A\u011fstafa \u015f\u0259h\u0259rind\u0259 anadan olub.Ail\u0259lidir,2 \u00f6vlad\u0131 var. T\u018fHSILI, ELMI D\u018fR\u018fC\u018fSI V\u018f ELMI ADLARI 2003-c\u00fc ild\u0259 G\u0259nc\u0259 \u015f\u0259h\u0259ri, 17 sayl\u0131 orta m\u0259kt\u0259bi bitirib. 2007-ci ild Az\u0259rbaycan Dill\u0259r Universitetinin Roman-german filologiyas\u0131 fak\u00fclt\u0259sinin \u0130ngilis [&hellip;]<\/p>\n","protected":false},"author":4,"featured_media":0,"parent":0,"menu_order":0,"comment_status":"closed","ping_status":"closed","template":"","meta":{"footnotes":""},"categories":[],"tags":[],"class_list":["post-1023","page","type-page","status-publish","hentry"],"_links":{"self":[{"href":"http:\/\/xdf.gdu.edu.az\/index.php?rest_route=\/wp\/v2\/pages\/1023","targetHints":{"allow":["GET"]}}],"collection":[{"href":"http:\/\/xdf.gdu.edu.az\/index.php?rest_route=\/wp\/v2\/pages"}],"about":[{"href":"http:\/\/xdf.gdu.edu.az\/index.php?rest_route=\/wp\/v2\/types\/page"}],"author":[{"embeddable":true,"href":"http:\/\/xdf.gdu.edu.az\/index.php?rest_route=\/wp\/v2\/users\/4"}],"replies":[{"embeddable":true,"href":"http:\/\/xdf.gdu.edu.az\/index.php?rest_route=%2Fwp%2Fv2%2Fcomments&post=1023"}],"version-history":[{"count":3,"href":"http:\/\/xdf.gdu.edu.az\/index.php?rest_route=\/wp\/v2\/pages\/1023\/revisions"}],"predecessor-version":[{"id":11779,"href":"http:\/\/xdf.gdu.edu.az\/index.php?rest_route=\/wp\/v2\/pages\/1023\/revisions\/11779"}],"wp:attachment":[{"href":"http:\/\/xdf.gdu.edu.az\/index.php?rest_route=%2Fwp%2Fv2%2Fmedia&parent=1023"}],"wp:term":[{"taxonomy":"category","embeddable":true,"href":"http:\/\/xdf.gdu.edu.az\/index.php?rest_route=%2Fwp%2Fv2%2Fcategories&post=1023"},{"taxonomy":"post_tag","embeddable":true,"href":"http:\/\/xdf.gdu.edu.az\/index.php?rest_route=%2Fwp%2Fv2%2Ftags&post=1023"}],"curies":[{"name":"wp","href":"https:\/\/api.w.org\/{rel}","templated":true}]}}